{"id":10560,"date":"2016-09-09T15:01:06","date_gmt":"2016-09-09T15:01:06","guid":{"rendered":"https:\/\/twsites.com.br\/novomigcenter\/?product=liquidificador-comercial-inox-copo-monobloco-inox-4l-ls-04mb-n"},"modified":"2016-09-09T15:01:06","modified_gmt":"2016-09-09T15:01:06","slug":"liquidificador-comercial-inox-copo-monobloco-inox-4l-ls-04mb-n","status":"publish","type":"product","link":"https:\/\/twsites.com.br\/novomigcenter\/?product=liquidificador-comercial-inox-copo-monobloco-inox-4l-ls-04mb-n","title":{"rendered":"Liquidificador comercial inox, copo monobloco inox 4L LS-04MB-N"},"content":{"rendered":"<p style=\"line-height: 17.1428px;\"><span style=\"color: rgb(0, 0, 0); font-family: Arial; line-height: normal;\">Produto em conformidade com a NR-12 e INMETRO.<\/span><\/p>\n<p style=\"line-height: 17.1428px;\"><span style=\"color: rgb(0, 0, 0); font-family: Arial; line-height: normal;\">Copo MONOBLOCO, sem solda, em a\u00e7o inox, com capacidade real de 4 litros.<\/span><\/p>\n<p style=\"line-height: 17.1428px;\"><span style=\"color: rgb(0, 0, 0); font-family: Arial; line-height: normal;\">O copo MONOBLOCO proporciona alto rendimento de processamento (mais r\u00e1pido).<\/span><\/p>\n<p style=\"line-height: 17.1428px;\"><span style=\"color: rgb(0, 0, 0); font-family: Arial; line-height: normal;\">A aus\u00eancia de solda e por consequ\u00eancia de frestas no interior do copo, n\u00e3o permite o ac\u00famulo de res\u00edduos de alimentos.<\/span><\/p>\n<p style=\"line-height: 17.1428px;\"><span style=\"color: rgb(0, 0, 0); font-family: Arial; line-height: normal;\">Sistema de tra\u00e7\u00e3o da h\u00e9lice em a\u00e7o inox, com encaixe sextavado do eixo, muito mais robusto e resistente.<\/span><\/p>\n<p style=\"text-align: justify; line-height: 17.1428px;\"><span style=\"color: rgb(0, 0, 0); line-height: normal; font-size: 14px;\"><font face=\"Arial\">Atendendo a NR-12 e Inmetro, principalmente no quesito Seguran\u00e7a do trabalhador.<\/font><\/span><\/p>\n<p style=\"text-align: justify; line-height: 17.1428px;\"><span style=\"color: rgb(0, 0, 0); line-height: normal; font-size: 14px;\"><font face=\"Arial\">Tampa de borracha at\u00f3xica, com encaixe justo ao copo, n\u00e3o permitindo vazamento de liquido durante o processamento.<\/font><\/span><\/p>\n<p style=\"text-align: justify; line-height: 17.1428px;\"><span style=\"color: rgb(0, 0, 0); line-height: normal; font-size: 14px;\"><font face=\"Arial\">Sobre tampa acr\u00edlica, possibilitando acompanhar visualmente o processamento e adicionar ingredientes durante a execu\u00e7\u00e3o da receita.<\/font><\/span><\/p>\n<p style=\"text-align: justify; line-height: 17.1428px;\"><span style=\"color: rgb(0, 0, 0); line-height: normal; font-size: 14px;\"><font face=\"Arial\">Motor de 1\/2 CV monof\u00e1sico.&nbsp;<\/font><\/span><\/p>\n<p style=\"text-align: justify; line-height: 17.1428px;\"><span style=\"color: rgb(0, 0, 0); line-height: normal; font-size: 14px;\"><font face=\"Arial\">Gabinete em a\u00e7o inox escovado.<\/font><\/span><\/p>\n<p style=\"text-align: justify; line-height: 17.1428px;\"><span style=\"color: rgb(0, 0, 0); line-height: normal; font-weight: bold; font-size: 14px;\"><font face=\"Arial\">Sistema de Seguran\u00e7a:<\/font><\/span><\/p>\n<p style=\"text-align: justify; line-height: 17.1428px;\"><span style=\"color: rgb(0, 0, 0); line-height: normal; font-size: 14px;\"><font face=\"Arial\">Copo com anteparo em a\u00e7o inox, n\u00e3o permitindo o contato das m\u00e3os com as l\u00e2minas.<\/font><\/span><\/p>\n<p style=\"text-align: justify; line-height: 17.1428px;\"><span style=\"color: rgb(0, 0, 0); line-height: normal; font-size: 14px;\"><font face=\"Arial\">Acoplamento com eixo sextavado, sem pino de tra\u00e7\u00e3o.&nbsp;<\/font><\/span><\/p>\n<p style=\"text-align: justify; line-height: 17.1428px;\"><span style=\"color: rgb(0, 0, 0); line-height: normal; font-size: 14px;\"><font face=\"Arial\">Anti rearme que impede o religamento autom\u00e1tico da m\u00e1quina em casos de desligamentos anormais de energia el\u00e9trica.&nbsp;<\/font><\/span><\/p>\n<p style=\"line-height: 17.1428px;\"><span style=\"color: rgb(0, 0, 0); line-height: normal; font-size: 14px;\"><font face=\"Arial\"><\/p>\n<div style=\"text-align: center;\"><span style=\"color: rgb(69, 69, 69); font-weight: 800; text-transform: uppercase;\">&nbsp; &nbsp;<\/span><span style=\"color: rgb(69, 69, 69); text-transform: uppercase;\"> &nbsp; &nbsp; &nbsp; &nbsp; &nbsp; &nbsp; &nbsp; &nbsp; &nbsp; &nbsp; &nbsp; &nbsp; &nbsp; &nbsp; &nbsp; &nbsp; &nbsp; &nbsp; &nbsp; &nbsp; &nbsp; <b>&nbsp; &nbsp; &nbsp; &nbsp;&nbsp;<\/b><\/span><font color=\"#454545\" face=\"Arial\" style=\"font-size: 13px;\"><span style=\"font-size: 14px; text-transform: uppercase;\"><b>CARACTER\u00cdSTICAS DO PRODUTO<\/b><\/span><\/font><\/div>\n<p><\/font><\/span><\/p>\n<p style=\"line-height: 17.1428px;\"><font color=\"#454545\" face=\"Arial\"><span style=\"font-size: 14px; text-transform: uppercase;\"><b><br \/><\/b><\/span><\/font><\/p>\n<p style=\"line-height: 17.1428px;\"><font color=\"#454545\" face=\"Arial\"><span style=\"font-size: 14px; text-transform: uppercase;\"><b>&nbsp; &nbsp; &nbsp; &nbsp; &nbsp; &nbsp; &nbsp; &nbsp; &nbsp; &nbsp; &nbsp; &nbsp; &nbsp; &nbsp; &nbsp; &nbsp; &nbsp; &nbsp; &nbsp; &nbsp; &nbsp; &nbsp; &nbsp; &nbsp; &nbsp; &nbsp;Modelo: <\/b>LS-04MB-N&nbsp; &nbsp; &nbsp; &nbsp; &nbsp; &nbsp; &nbsp; &nbsp; &nbsp; &nbsp; &nbsp; &nbsp; <b>&nbsp; &nbsp; &nbsp; &nbsp; &nbsp; &nbsp;<\/b><\/span><\/font><span style=\"font-size: 14px; text-transform: uppercase; color: rgb(69, 69, 69); font-family: Arial;\"><b>Pot\u00eancia do Motor: <\/b>0,5CV<\/span><\/p>\n<p style=\"line-height: 17.1428px;\"><font color=\"#454545\" face=\"Arial\"><span style=\"font-size: 14px; text-transform: uppercase;\"><b>&nbsp; &nbsp; &nbsp; &nbsp; &nbsp; &nbsp; &nbsp; &nbsp; &nbsp; &nbsp; &nbsp; &nbsp; &nbsp; &nbsp; &nbsp; &nbsp; &nbsp; &nbsp; &nbsp; &nbsp; &nbsp; &nbsp; &nbsp; &nbsp; &nbsp; &nbsp;Frequ\u00eancia<\/b>: 60Hz&nbsp; &nbsp; &nbsp; &nbsp; &nbsp; &nbsp; &nbsp; &nbsp; &nbsp; &nbsp; &nbsp; &nbsp; <b>&nbsp; &nbsp; &nbsp; &nbsp; &nbsp; &nbsp; &nbsp;<\/b><\/span><\/font><span style=\"font-size: 14px; text-transform: uppercase; color: rgb(69, 69, 69); font-family: Arial;\"><b>Tens\u00e3o:<\/b> 220V<\/span><\/p>\n<p style=\"line-height: 17.1428px;\"><font color=\"#454545\" face=\"Arial\"><span style=\"font-size: 14px; text-transform: uppercase;\"><b>&nbsp; &nbsp; &nbsp; &nbsp; &nbsp; &nbsp; &nbsp; &nbsp; &nbsp; &nbsp; &nbsp; &nbsp; &nbsp; &nbsp; &nbsp; &nbsp; &nbsp; &nbsp; &nbsp; &nbsp; &nbsp; &nbsp; &nbsp; &nbsp; &nbsp; &nbsp;Altura:<\/b> 660.00 mm&nbsp; &nbsp; &nbsp; &nbsp; &nbsp; &nbsp; &nbsp; &nbsp; &nbsp; &nbsp; &nbsp;<b> &nbsp; &nbsp; &nbsp; &nbsp; &nbsp; &nbsp; &nbsp; &nbsp; <\/b><\/span><\/font><span style=\"font-size: 14px; text-transform: uppercase; color: rgb(69, 69, 69); font-family: Arial;\"><b>Largura:<\/b> 290.00 mm<\/span><\/p>\n<p style=\"line-height: 17.1428px;\"><font color=\"#454545\" face=\"Arial\"><span style=\"font-size: 14px; text-transform: uppercase;\"><b>&nbsp; &nbsp; &nbsp; &nbsp; &nbsp; &nbsp; &nbsp; &nbsp; &nbsp; &nbsp; &nbsp; &nbsp; &nbsp; &nbsp; &nbsp; &nbsp; &nbsp; &nbsp; &nbsp; &nbsp; &nbsp; &nbsp; &nbsp; &nbsp; &nbsp; &nbsp;Profundidade:<\/b> 280.00 mm&nbsp; &nbsp; &nbsp; &nbsp; &nbsp; &nbsp; &nbsp; &nbsp; &nbsp; &nbsp; <b>&nbsp; &nbsp;<\/b><\/span><\/font><span style=\"font-size: 14px; text-transform: uppercase; color: rgb(69, 69, 69); font-family: Arial;\"><b>Peso L\u00edquido:<\/b> 9.30 kg<\/span><\/p>\n<p style=\"line-height: 17.1428px;\"><font color=\"#454545\" face=\"Arial\"><span style=\"font-size: 14px; text-transform: uppercase;\"><b>&nbsp; &nbsp; &nbsp; &nbsp; &nbsp; &nbsp; &nbsp; &nbsp; &nbsp; &nbsp; &nbsp; &nbsp; &nbsp; &nbsp; &nbsp; &nbsp; &nbsp; &nbsp; &nbsp; &nbsp; &nbsp; &nbsp; &nbsp; &nbsp; &nbsp; &nbsp;Peso Bruto: <\/b>10.30 kg&nbsp; &nbsp; &nbsp; &nbsp; &nbsp; &nbsp; &nbsp; &nbsp; &nbsp; &nbsp; &nbsp; &nbsp; &nbsp; &nbsp; &nbsp; &nbsp;<\/span><\/font><span style=\"font-size: 14px; text-transform: uppercase; color: rgb(69, 69, 69); font-family: Arial;\"><b>C. Fiscal:<\/b> 84386000<\/span><\/p>\n<p style=\"line-height: 17.1428px;\"><font color=\"#454545\" face=\"Arial\"><span style=\"font-size: 14px; text-transform: uppercase;\"><b>&nbsp; &nbsp; &nbsp; &nbsp; &nbsp; &nbsp; &nbsp; &nbsp; &nbsp; &nbsp; &nbsp; &nbsp; &nbsp; &nbsp; &nbsp; &nbsp; &nbsp; &nbsp; &nbsp; &nbsp; &nbsp; &nbsp; &nbsp; &nbsp; &nbsp; &nbsp;ROTA\u00c7\u00c3O: <\/b>3500 rpm&nbsp; &nbsp; &nbsp; &nbsp; &nbsp; &nbsp; &nbsp; &nbsp; &nbsp; &nbsp; &nbsp; &nbsp; &nbsp; &nbsp; &nbsp; &nbsp; &nbsp;<b> &nbsp;<\/b><\/span><\/font><span style=\"font-size: 14px; text-transform: uppercase; color: rgb(69, 69, 69); font-family: Arial;\"><b>Capacidade do Copo:<\/b> 4 l<\/span><\/p>\n<p style=\"line-height: 17.1428px;\"><font color=\"#454545\" face=\"Arial\"><span style=\"font-size: 14px; text-transform: uppercase;\"><br \/><\/span><\/font><\/p>\n<p style=\"text-align: center; line-height: 17.1428px;\"><font color=\"#454545\" face=\"Arial\"><span style=\"font-size: 14px; text-transform: uppercase;\">&nbsp; &nbsp; &nbsp; &nbsp; &nbsp; &nbsp; &nbsp; &nbsp; &nbsp; &nbsp; &nbsp; &nbsp; &nbsp; &nbsp; &nbsp; &nbsp; &nbsp; &nbsp; &nbsp; &nbsp; &nbsp; &nbsp; &nbsp; &nbsp; &nbsp; &nbsp; &nbsp; &nbsp; &nbsp; <b>CARACTER\u00cdSTICAS DA EMBALAGEM<\/b><\/span><\/font><\/p>\n<p style=\"line-height: 17.1428px;\"><font color=\"#454545\" face=\"Arial\"><span style=\"font-size: 14px; text-transform: uppercase;\"><b>&nbsp; &nbsp; &nbsp; &nbsp; &nbsp; &nbsp; &nbsp; &nbsp; &nbsp; &nbsp; &nbsp; &nbsp; &nbsp; &nbsp; &nbsp; &nbsp; &nbsp; &nbsp; &nbsp; &nbsp; &nbsp; &nbsp; &nbsp; &nbsp; &nbsp; &nbsp; Altura: <\/b>420.00 mm&nbsp; &nbsp; &nbsp; &nbsp; &nbsp; &nbsp; &nbsp; &nbsp; &nbsp; &nbsp; &nbsp; &nbsp; &nbsp; &nbsp; &nbsp; &nbsp; &nbsp;<b> &nbsp; &nbsp; &nbsp; <\/b><\/span><\/font><span style=\"font-size: 14px; text-transform: uppercase; color: rgb(69, 69, 69); font-family: Arial;\"><b>Largura:<\/b> 510.00 mm<\/span><\/p>\n<p style=\"line-height: 17.1428px;\"><font color=\"#454545\" face=\"Arial\"><span style=\"font-size: 14px; text-transform: uppercase;\"><b>&nbsp; &nbsp; &nbsp; &nbsp; &nbsp; &nbsp; &nbsp; &nbsp; &nbsp; &nbsp; &nbsp; &nbsp; &nbsp; &nbsp; &nbsp; &nbsp; &nbsp; &nbsp; &nbsp; &nbsp; &nbsp; &nbsp; &nbsp; &nbsp; &nbsp; &nbsp; Profundidade: <\/b>300.00 mm&nbsp; &nbsp; &nbsp; &nbsp; &nbsp; &nbsp; &nbsp; &nbsp; &nbsp; &nbsp; &nbsp; &nbsp; &nbsp;&nbsp;<\/span><\/font><span style=\"font-size: 14px; text-transform: uppercase; color: rgb(69, 69, 69); font-family: Arial;\"><b>Peso Bruto: <\/b>10.30 kg<\/span><\/p>\n<p style=\"line-height: 17.1428px;\"><font color=\"#454545\" face=\"Arial\"><span style=\"font-size: 14px; text-transform: uppercase;\"><b>&nbsp; &nbsp; &nbsp; &nbsp; &nbsp; &nbsp; &nbsp; &nbsp; &nbsp; &nbsp; &nbsp; &nbsp; &nbsp; &nbsp; &nbsp; &nbsp; &nbsp; &nbsp; &nbsp; &nbsp; &nbsp; &nbsp; &nbsp; &nbsp; &nbsp; &nbsp; C\u00f3digo EAN13:<\/b> 7895707479807<\/span><\/font><span style=\"font-family: Arial; font-size: 18px; color: rgb(69, 69, 69); text-transform: uppercase;\"><span style=\"font-size: 14px;\">&nbsp; <\/span>&nbsp; &nbsp; &nbsp; &nbsp; &nbsp; &nbsp; &nbsp; &nbsp; &nbsp; &nbsp; &nbsp;&nbsp;<\/span><\/p>\n<p style=\"line-height: 17.1428px;\"><font face=\"Arial\"><span style=\"color: rgb(0, 0, 0); line-height: normal;\"><\/span><\/font><\/p>\n<ul style=\"margin-right: -15px; margin-bottom: 0px; margin-left: -15px; border: 0px; font-size: 14px; vertical-align: baseline; padding: 0px; list-style: none; color: rgb(69, 69, 69); outline: none !important;\"><\/ul>\n","protected":false},"excerpt":{"rendered":"<p>Produto em conformidade com a NR-12 e INMETRO. Copo MONOBLOCO, sem solda, em a\u00e7o inox, com capacidade real de 4 litros. O copo MONOBLOCO proporciona alto rendimento de processamento (mais r\u00e1pido). A aus\u00eancia de solda e por consequ\u00eancia de frestas no interior do copo, n\u00e3o permite o ac\u00famulo de res\u00edduos de alimentos. Sistema de tra\u00e7\u00e3o [&hellip;]<\/p>\n","protected":false},"featured_media":10559,"comment_status":"open","ping_status":"closed","template":"","meta":[],"product_brand":[],"product_cat":[313],"product_tag":[],"class_list":{"0":"post-10560","1":"product","2":"type-product","3":"status-publish","4":"has-post-thumbnail","6":"product_cat-liquidificador","8":"first","9":"instock","10":"shipping-taxable","11":"purchasable","12":"product-type-simple"},"_links":{"self":[{"href":"https:\/\/twsites.com.br\/novomigcenter\/index.php?rest_route=\/wp\/v2\/product\/10560","targetHints":{"allow":["GET"]}}],"collection":[{"href":"https:\/\/twsites.com.br\/novomigcenter\/index.php?rest_route=\/wp\/v2\/product"}],"about":[{"href":"https:\/\/twsites.com.br\/novomigcenter\/index.php?rest_route=\/wp\/v2\/types\/product"}],"replies":[{"embeddable":true,"href":"https:\/\/twsites.com.br\/novomigcenter\/index.php?rest_route=%2Fwp%2Fv2%2Fcomments&post=10560"}],"wp:featuredmedia":[{"embeddable":true,"href":"https:\/\/twsites.com.br\/novomigcenter\/index.php?rest_route=\/wp\/v2\/media\/10559"}],"wp:attachment":[{"href":"https:\/\/twsites.com.br\/novomigcenter\/index.php?rest_route=%2Fwp%2Fv2%2Fmedia&parent=10560"}],"wp:term":[{"taxonomy":"product_brand","embeddable":true,"href":"https:\/\/twsites.com.br\/novomigcenter\/index.php?rest_route=%2Fwp%2Fv2%2Fproduct_brand&post=10560"},{"taxonomy":"product_cat","embeddable":true,"href":"https:\/\/twsites.com.br\/novomigcenter\/index.php?rest_route=%2Fwp%2Fv2%2Fproduct_cat&post=10560"},{"taxonomy":"product_tag","embeddable":true,"href":"https:\/\/twsites.com.br\/novomigcenter\/index.php?rest_route=%2Fwp%2Fv2%2Fproduct_tag&post=10560"}],"curies":[{"name":"wp","href":"https:\/\/api.w.org\/{rel}","templated":true}]}}