{"id":10564,"date":"2016-09-09T15:12:43","date_gmt":"2016-09-09T15:12:43","guid":{"rendered":"https:\/\/twsites.com.br\/novomigcenter\/?product=liquidificador-comercial-inox-copo-monobloco-inox-8l-ls-08mb-n"},"modified":"2016-09-09T15:12:43","modified_gmt":"2016-09-09T15:12:43","slug":"liquidificador-comercial-inox-copo-monobloco-inox-8l-ls-08mb-n","status":"publish","type":"product","link":"https:\/\/twsites.com.br\/novomigcenter\/?product=liquidificador-comercial-inox-copo-monobloco-inox-8l-ls-08mb-n","title":{"rendered":"Liquidificador comercial inox, copo monobloco inox 8l"},"content":{"rendered":"<p style=\"margin-top: 10px; margin-bottom: 0.0001pt; line-height: 17.1428px; list-style-type: none;\"><span style=\"color: rgb(0, 0, 0); font-family: Arial; line-height: normal;\">Produto em conformidade com a NR-12 e INMETRO.<\/span><\/p>\n<p style=\"margin-top: 10px; margin-bottom: 0.0001pt; line-height: 17.1428px; list-style-type: none;\"><span style=\"color: rgb(0, 0, 0); font-family: Arial; line-height: normal;\">Copo MONOBLOCO, sem solda, em a\u00e7o inox, com capacidade real de 8 litros.<\/span><\/p>\n<p style=\"margin-top: 10px; margin-bottom: 0.0001pt; line-height: 17.1428px; list-style-type: none;\"><span style=\"color: rgb(0, 0, 0); font-family: Arial; line-height: normal;\">O copo MONOBLOCO proporciona alto rendimento de processamento (mais r\u00e1pido).<\/span><\/p>\n<p style=\"margin-top: 10px; margin-bottom: 0.0001pt; line-height: 17.1428px; list-style-type: none;\"><span style=\"color: rgb(0, 0, 0); font-family: Arial; line-height: normal;\">A aus\u00eancia de solda e por consequ\u00eancia de frestas no interior do copo, n\u00e3o permite o ac\u00famulo de res\u00edduos de alimentos.<\/span><\/p>\n<p style=\"margin-top: 10px; margin-bottom: 0.0001pt; line-height: 17.1428px; list-style-type: none;\"><span style=\"color: rgb(0, 0, 0); font-family: Arial; line-height: normal;\">Sistema de tra\u00e7\u00e3o da h\u00e9lice em a\u00e7o inox, com encaixe sextavado do eixo, muito mais robusto e resistente.<\/span><\/p>\n<p style=\"margin-top: 10px; margin-bottom: 0.0001pt; line-height: 17.1428px; list-style-type: none;\"><span style=\"color: rgb(0, 0, 0); font-family: Arial; line-height: normal;\">Atendendo a NR-12 e Inmetro, principalmente no quesito Seguran\u00e7a do trabalhador.<\/span><\/p>\n<p style=\"margin-top: 10px; margin-bottom: 0.0001pt; line-height: 17.1428px; list-style-type: none;\"><span style=\"color: rgb(0, 0, 0); font-family: Arial; line-height: normal;\">Tampa de borracha at\u00f3xica, com encaixe justo ao copo, n\u00e3o permitindo vazamento de liquido durante o processamento.<\/span><\/p>\n<p style=\"margin-top: 10px; margin-bottom: 0.0001pt; line-height: 17.1428px; list-style-type: none;\"><span style=\"color: rgb(0, 0, 0); font-family: Arial; line-height: normal;\">Sobre tampa acr\u00edlica, possibilitando acompanhar visualmente o processamento e adicionar ingredientes durante a execu\u00e7\u00e3o da receita.<\/span><\/p>\n<p style=\"margin-top: 10px; margin-bottom: 0.0001pt; line-height: 17.1428px; list-style-type: none;\"><span style=\"color: rgb(0, 0, 0); font-family: Arial; line-height: normal;\">Motor de 1\/2 CV monof\u00e1sico.&nbsp;<\/span><\/p>\n<p style=\"margin-top: 10px; margin-bottom: 0.0001pt; line-height: 17.1428px; list-style-type: none;\"><span style=\"color: rgb(0, 0, 0); font-family: Arial; line-height: normal;\">Gabinete em a\u00e7o inox escovado.<\/span><\/p>\n<p style=\"margin-top: 10px; margin-bottom: 0.0001pt; line-height: 17.1428px; list-style-type: none;\"><span style=\"color: rgb(0, 0, 0); font-family: Arial; line-height: normal;\"><br \/><\/span><\/p>\n<p style=\"margin-top: 10px; margin-bottom: 0.0001pt; line-height: 17.1428px; list-style-type: none;\"><span style=\"color: rgb(0, 0, 0); font-family: Arial; line-height: normal; font-weight: bold;\">Sistema de Seguran\u00e7a:<\/span><\/p>\n<p style=\"margin-top: 10px; margin-bottom: 0.0001pt; line-height: 17.1428px; list-style-type: none;\"><span style=\"color: rgb(0, 0, 0); font-family: Arial; line-height: normal;\">Copo com anteparo em a\u00e7o inox, n\u00e3o permitindo o contato das m\u00e3os com as l\u00e2minas.<\/span><\/p>\n<p style=\"margin-top: 10px; margin-bottom: 0.0001pt; line-height: 17.1428px; list-style-type: none;\"><span style=\"color: rgb(0, 0, 0); font-family: Arial; line-height: normal;\">Acoplamento com eixo sextavado, sem pino de tra\u00e7\u00e3o.&nbsp;<\/span><\/p>\n<p style=\"margin-top: 10px; margin-bottom: 0.0001pt; line-height: 17.1428px; list-style-type: none;\"><span style=\"color: rgb(0, 0, 0); font-family: Arial; line-height: normal;\">Anti rearme que impede o religamento autom\u00e1tico da m\u00e1quina em casos de desligamentos anormais de energia el\u00e9trica.&nbsp;<\/span><\/p>\n<p style=\"margin-bottom: 20px; font-weight: 800; line-height: 20px; color: rgb(69, 69, 69); font-size: 20px; border: 0px; vertical-align: baseline; padding: 0px; text-transform: uppercase; outline: none !important;\"><font face=\"Arial\"><span style=\"font-size: 14px;\">CARACTER\u00cdSTICAS DO PRODUTO<\/span><\/font><\/p>\n<p style=\"line-height: 17.1428px;\"><font face=\"Arial\"><span style=\"font-size: 14px;\"><b>Pot\u00eancia do Motor:&nbsp;<\/b>0,5CV&nbsp; &nbsp; &nbsp; &nbsp; &nbsp;<b>&nbsp; &nbsp; &nbsp; &nbsp; &nbsp; &nbsp; &nbsp;<\/b><\/span><\/font><span style=\"font-family: Arial; font-size: 14px;\"><b>Frequ\u00eancia:<\/b>&nbsp;60Hz<\/span><\/p>\n<p style=\"line-height: 17.1428px;\"><font face=\"Arial\"><span style=\"font-size: 14px;\"><b>Tens\u00e3o:&nbsp;<\/b>220V&nbsp; &nbsp; &nbsp; &nbsp; &nbsp; &nbsp; &nbsp; &nbsp; &nbsp; &nbsp; &nbsp; &nbsp; &nbsp; &nbsp; &nbsp; &nbsp; &nbsp; &nbsp; &nbsp;&nbsp;<b>&nbsp;&nbsp; &nbsp;&nbsp;<\/b><\/span><\/font><span style=\"font-family: Arial; font-size: 14px;\"><b>Altura:<\/b>&nbsp;750.00 mm<\/span><\/p>\n<p style=\"line-height: 17.1428px;\"><span style=\"font-size: 14px; font-family: Arial;\"><b>Largura:<\/b>&nbsp;310.00 mm&nbsp; &nbsp; &nbsp; &nbsp; &nbsp; &nbsp; &nbsp; &nbsp; &nbsp; &nbsp; &nbsp; &nbsp; &nbsp; &nbsp; &nbsp; &nbsp;&nbsp;<b>&nbsp;<\/b><\/span><span style=\"font-family: Arial; font-size: 14px;\"><b>Profundidade:&nbsp;<\/b>300.00 mm<\/span><\/p>\n<p style=\"line-height: 17.1428px;\"><font face=\"Arial\"><span style=\"font-size: 14px;\"><b>Peso L\u00edquido:&nbsp;<\/b>9.60 kg&nbsp; &nbsp; &nbsp; &nbsp; &nbsp; &nbsp; &nbsp; &nbsp; &nbsp;<b>&nbsp;&nbsp; &nbsp; &nbsp; &nbsp; &nbsp; &nbsp;&nbsp;<\/b><\/span><\/font><span style=\"font-family: Arial; font-size: 14px;\"><b>Peso Bruto:&nbsp;<\/b>10.80 kg<\/span><\/p>\n<p style=\"line-height: 17.1428px;\"><font face=\"Arial\" style=\"\"><span style=\"font-weight: bold; font-size: 14px;\">C. Fiscal:&nbsp;<\/span><span style=\"background-color: rgb(233, 233, 233); color: rgb(69, 69, 69); font-size: 14px;\">84386000<\/span><\/font><\/p>\n<p style=\"line-height: 17.1428px;\"><font face=\"Arial\"><span style=\"font-size: 14px;\"><b>Capacidade do Copo:&nbsp;<\/b>8&nbsp;l&nbsp; &nbsp; &nbsp; &nbsp; &nbsp; &nbsp; &nbsp; &nbsp; &nbsp; &nbsp;<b>&nbsp;&nbsp; &nbsp; Rota\u00e7\u00e3o:&nbsp;<\/b>3500 rpm<\/span><\/font><\/p>\n<p style=\"line-height: 17.1428px;\"><font face=\"Arial\"><span style=\"font-size: 14px;\"><br \/><\/span><\/font><\/p>\n<p style=\"line-height: 17.1428px;\"><font face=\"Arial\"><span style=\"font-size: 14px;\"><b>CARACTER\u00cdSTICAS DA EMBALAGEM<\/b><\/span><\/font><\/p>\n<p style=\"line-height: 17.1428px;\"><font face=\"Arial\"><span style=\"font-size: 14px;\"><b>Altura:<\/b>&nbsp;520.00 mm&nbsp; &nbsp; &nbsp; &nbsp; &nbsp; &nbsp; &nbsp; &nbsp; &nbsp; &nbsp; &nbsp; &nbsp; &nbsp;&nbsp;<b>&nbsp; &nbsp; &nbsp; &nbsp;<\/b><\/span><\/font><span style=\"font-size: 14px; font-family: Arial;\"><b>Largura:&nbsp;<\/b>530.00 mm<\/span><\/p>\n<p style=\"line-height: 17.1428px;\"><font face=\"Arial\"><span style=\"font-size: 14px;\"><b>Profundidade:&nbsp;<\/b>320.00 mm&nbsp; &nbsp; &nbsp; &nbsp; &nbsp; &nbsp; &nbsp; &nbsp; &nbsp;<b>&nbsp;&nbsp; &nbsp;<\/b><\/span><\/font><span style=\"font-size: 14px; font-family: Arial;\"><b>Peso Bruto:&nbsp;<\/b>10.80 kg<\/span><\/p>\n<p style=\"line-height: 17.1428px;\"><font face=\"Arial\"><span style=\"line-height: normal; font-size: 14px;\"><\/span><\/font><\/p>\n<p style=\"margin-top: 10px; margin-bottom: 0.0001pt; line-height: 17.1428px; list-style-type: none;\"><span style=\"font-family: Arial; line-height: normal;\"><\/span><\/p>\n<p style=\"line-height: 17.1428px;\"><font face=\"Arial\"><span style=\"font-size: 14px;\"><b>C\u00f3digo EAN13:&nbsp;<\/b><\/span><\/font><span style=\"background-color: rgb(233, 233, 233); color: rgb(69, 69, 69); font-size: 14px;\"><font face=\"Arial\">84386000<\/font><\/span><\/p>\n","protected":false},"excerpt":{"rendered":"<p>Produto em conformidade com a NR-12 e INMETRO. Copo MONOBLOCO, sem solda, em a\u00e7o inox, com capacidade real de 8 litros. O copo MONOBLOCO proporciona alto rendimento de processamento (mais r\u00e1pido). A aus\u00eancia de solda e por consequ\u00eancia de frestas no interior do copo, n\u00e3o permite o ac\u00famulo de res\u00edduos de alimentos. Sistema de tra\u00e7\u00e3o [&hellip;]<\/p>\n","protected":false},"featured_media":10563,"comment_status":"open","ping_status":"closed","template":"","meta":[],"product_brand":[],"product_cat":[313],"product_tag":[],"class_list":{"0":"post-10564","1":"product","2":"type-product","3":"status-publish","4":"has-post-thumbnail","6":"product_cat-liquidificador","8":"first","9":"instock","10":"shipping-taxable","11":"purchasable","12":"product-type-simple"},"_links":{"self":[{"href":"https:\/\/twsites.com.br\/novomigcenter\/index.php?rest_route=\/wp\/v2\/product\/10564","targetHints":{"allow":["GET"]}}],"collection":[{"href":"https:\/\/twsites.com.br\/novomigcenter\/index.php?rest_route=\/wp\/v2\/product"}],"about":[{"href":"https:\/\/twsites.com.br\/novomigcenter\/index.php?rest_route=\/wp\/v2\/types\/product"}],"replies":[{"embeddable":true,"href":"https:\/\/twsites.com.br\/novomigcenter\/index.php?rest_route=%2Fwp%2Fv2%2Fcomments&post=10564"}],"wp:featuredmedia":[{"embeddable":true,"href":"https:\/\/twsites.com.br\/novomigcenter\/index.php?rest_route=\/wp\/v2\/media\/10563"}],"wp:attachment":[{"href":"https:\/\/twsites.com.br\/novomigcenter\/index.php?rest_route=%2Fwp%2Fv2%2Fmedia&parent=10564"}],"wp:term":[{"taxonomy":"product_brand","embeddable":true,"href":"https:\/\/twsites.com.br\/novomigcenter\/index.php?rest_route=%2Fwp%2Fv2%2Fproduct_brand&post=10564"},{"taxonomy":"product_cat","embeddable":true,"href":"https:\/\/twsites.com.br\/novomigcenter\/index.php?rest_route=%2Fwp%2Fv2%2Fproduct_cat&post=10564"},{"taxonomy":"product_tag","embeddable":true,"href":"https:\/\/twsites.com.br\/novomigcenter\/index.php?rest_route=%2Fwp%2Fv2%2Fproduct_tag&post=10564"}],"curies":[{"name":"wp","href":"https:\/\/api.w.org\/{rel}","templated":true}]}}