{"id":10586,"date":"2016-09-13T11:46:10","date_gmt":"2016-09-13T11:46:10","guid":{"rendered":"https:\/\/twsites.com.br\/novomigcenter\/?product=liquidificador-basculante-metvisa-lql-15-25"},"modified":"2016-09-13T11:46:10","modified_gmt":"2016-09-13T11:46:10","slug":"liquidificador-basculante-metvisa-lql-15-25","status":"publish","type":"product","link":"https:\/\/twsites.com.br\/novomigcenter\/?product=liquidificador-basculante-metvisa-lql-15-25","title":{"rendered":"Liquidificador Basculante"},"content":{"rendered":"<p><font face=\"Arial\"><span style=\"font-size: 14px;\">Utilidade:<\/span><\/font><\/p>\n<\/p>\n<ul>\n<li><font face=\"Arial\"><span style=\"font-size: 14px;\">Triturar produtos alimentares leves com adi\u00e7\u00e3o de liquido e dissolu\u00e7\u00e3o de polpas de frutas congeladas.<\/span><\/font><\/li>\n<\/ul>\n<table class=\"table table-bordered\" style=\"background-color: rgb(255, 255, 255); width: 1457px;\">\n<tbody>\n<tr>\n<td><font face=\"Arial\"><span style=\"font-size: 14px;\">Especifica\u00e7\u00f5es T\u00e9cnicas<\/span><\/font><\/td>\n<td><font face=\"Arial\"><span style=\"font-size: 14px;\">Altura (mm)<\/span><\/font><\/td>\n<td><font face=\"Arial\"><span style=\"font-size: 14px;\">Frente (mm)<\/span><\/font><\/td>\n<td><font face=\"Arial\"><span style=\"font-size: 14px;\">Profundidade (mm)<\/span><\/font><\/td>\n<td><font face=\"Arial\"><span style=\"font-size: 14px;\">Peso L\u00edquido (kg)<\/span><\/font><\/td>\n<td><font face=\"Arial\"><span style=\"font-size: 14px;\">Potencia (CV\/W)<\/span><\/font><\/td>\n<td><font face=\"Arial\"><span style=\"font-size: 14px;\">Voltagem (V)<\/span><\/font><\/td>\n<td><font face=\"Arial\"><span style=\"font-size: 14px;\">Capacidade (l)<\/span><\/font><\/td>\n<td><font face=\"Arial\"><span style=\"font-size: 14px;\">Rota\u00e7\u00e3o (RPM)<\/span><\/font><\/td>\n<\/tr>\n<tr>\n<td><font face=\"Arial\"><span style=\"font-size: 14px;\">LQL. 15<\/span><\/font><\/td>\n<td><font face=\"Arial\"><span style=\"font-size: 14px;\">1060<\/span><\/font><\/td>\n<td><font face=\"Arial\"><span style=\"font-size: 14px;\">395<\/span><\/font><\/td>\n<td><font face=\"Arial\"><span style=\"font-size: 14px;\">780<\/span><\/font><\/td>\n<td><font face=\"Arial\"><span style=\"font-size: 14px;\">19,800<\/span><\/font><\/td>\n<td><font face=\"Arial\"><span style=\"font-size: 14px;\">1 \/ 735<\/span><\/font><\/td>\n<td><font face=\"Arial\"><span style=\"font-size: 14px;\">127 \/ 220<\/span><\/font><\/td>\n<td><font face=\"Arial\"><span style=\"font-size: 14px;\">25<\/span><\/font><\/td>\n<td><font face=\"Arial\"><span style=\"font-size: 14px;\">3480<\/span><\/font><\/td>\n<\/tr>\n<tr>\n<td><font face=\"Arial\"><span style=\"font-size: 14px;\">LQL. 25<\/span><\/font><\/td>\n<td><font face=\"Arial\"><span style=\"font-size: 14px;\">1230<\/span><\/font><\/td>\n<td><font face=\"Arial\"><span style=\"font-size: 14px;\">395<\/span><\/font><\/td>\n<td><font face=\"Arial\"><span style=\"font-size: 14px;\">980<\/span><\/font><\/td>\n<td><font face=\"Arial\"><span style=\"font-size: 14px;\">22,800<\/span><\/font><\/td>\n<td><font face=\"Arial\"><span style=\"font-size: 14px;\">1,5 \/1103<\/span><\/font><\/td>\n<td><font face=\"Arial\"><span style=\"font-size: 14px;\">127 \/ 220<\/span><\/font><\/td>\n<td><font face=\"Arial\"><span style=\"font-size: 14px;\">15<\/span><\/font><\/td>\n<td><font face=\"Arial\"><span style=\"font-size: 14px;\">3400<\/span><\/font><\/td>\n<\/tr>\n<\/tbody>\n<\/table>\n","protected":false},"excerpt":{"rendered":"<p>Utilidade: Triturar produtos alimentares leves com adi\u00e7\u00e3o de liquido e dissolu\u00e7\u00e3o de polpas de frutas congeladas. Especifica\u00e7\u00f5es T\u00e9cnicas Altura (mm) Frente (mm) Profundidade (mm) Peso L\u00edquido (kg) Potencia (CV\/W) Voltagem (V) Capacidade (l) Rota\u00e7\u00e3o (RPM) LQL. 15 1060 395 780 19,800 1 \/ 735 127 \/ 220 25 3480 LQL. 25 1230 395 980 22,800 [&hellip;]<\/p>\n","protected":false},"featured_media":10585,"comment_status":"open","ping_status":"closed","template":"","meta":[],"product_brand":[],"product_cat":[313],"product_tag":[],"class_list":{"0":"post-10586","1":"product","2":"type-product","3":"status-publish","4":"has-post-thumbnail","6":"product_cat-liquidificador","8":"first","9":"instock","10":"shipping-taxable","11":"purchasable","12":"product-type-simple"},"_links":{"self":[{"href":"https:\/\/twsites.com.br\/novomigcenter\/index.php?rest_route=\/wp\/v2\/product\/10586","targetHints":{"allow":["GET"]}}],"collection":[{"href":"https:\/\/twsites.com.br\/novomigcenter\/index.php?rest_route=\/wp\/v2\/product"}],"about":[{"href":"https:\/\/twsites.com.br\/novomigcenter\/index.php?rest_route=\/wp\/v2\/types\/product"}],"replies":[{"embeddable":true,"href":"https:\/\/twsites.com.br\/novomigcenter\/index.php?rest_route=%2Fwp%2Fv2%2Fcomments&post=10586"}],"wp:featuredmedia":[{"embeddable":true,"href":"https:\/\/twsites.com.br\/novomigcenter\/index.php?rest_route=\/wp\/v2\/media\/10585"}],"wp:attachment":[{"href":"https:\/\/twsites.com.br\/novomigcenter\/index.php?rest_route=%2Fwp%2Fv2%2Fmedia&parent=10586"}],"wp:term":[{"taxonomy":"product_brand","embeddable":true,"href":"https:\/\/twsites.com.br\/novomigcenter\/index.php?rest_route=%2Fwp%2Fv2%2Fproduct_brand&post=10586"},{"taxonomy":"product_cat","embeddable":true,"href":"https:\/\/twsites.com.br\/novomigcenter\/index.php?rest_route=%2Fwp%2Fv2%2Fproduct_cat&post=10586"},{"taxonomy":"product_tag","embeddable":true,"href":"https:\/\/twsites.com.br\/novomigcenter\/index.php?rest_route=%2Fwp%2Fv2%2Fproduct_tag&post=10586"}],"curies":[{"name":"wp","href":"https:\/\/api.w.org\/{rel}","templated":true}]}}