{"id":10610,"date":"2016-11-30T17:03:18","date_gmt":"2016-11-30T17:03:18","guid":{"rendered":"https:\/\/twsites.com.br\/novomigcenter\/?product=misturadeira-de-carne-m-120"},"modified":"2016-11-30T17:03:18","modified_gmt":"2016-11-30T17:03:18","slug":"misturadeira-de-carne-m-120","status":"publish","type":"product","link":"https:\/\/twsites.com.br\/novomigcenter\/?product=misturadeira-de-carne-m-120","title":{"rendered":"Misturadeira de Carne M-120"},"content":{"rendered":"<p style=\"margin-bottom: 10px; padding: 0px;\"><span style=\"color: rgb(136, 136, 136); font-family: &quot;Open Sans&quot;, Helvetica, Arial, Verdana, sans-serif; font-size: 16.8px;\">A misturadeira de carne M-120 \u00e9 um equipamento indicado para uso em pequenas e m\u00e9dias ind\u00fastrias de embutidos. Estrutura constru\u00edda em a\u00e7o inox, ca\u00e7amba, eixos, p\u00e1s, tampa e protetores constru\u00eddos em a\u00e7o inox. Trabalha com dois eixos, conectados a seis p\u00e1s, cujo movimento composto proporciona uma mesclagem perfeita. A Misturadeira de carne M-120 \u00e9 dotada de sistema basculante que permite esvaziar a ca\u00e7amba de forma simples e pr\u00e1tica. Equipada com tampa protetora na ca\u00e7amba.<\/span><\/p>\n<p style=\"margin-bottom: 10px; padding: 0px;\"><span style=\"color: rgb(136, 136, 136); font-family: &quot;Open Sans&quot;, Helvetica, Arial, Verdana, sans-serif; font-size: 16.8px;\">Objetivo:<\/span><\/p>\n<p style=\"margin-bottom: 10px; padding: 0px;\"><span style=\"color: rgb(136, 136, 136); font-family: &quot;Open Sans&quot;, Helvetica, Arial, Verdana, sans-serif; font-size: 16.8px;\">Misturar de maneira homog\u00eanea as carnes com temperos e condimentos, proporcionando sabor e aromatiza\u00e7\u00e3o uniforme.<\/span><\/p>\n<h3 class=\"ult-responsive\" data-ultimate-target=\"#Info-list-wrap-2640 h3\" data-responsive-json-new=\"{&quot;font-size&quot;:&quot;desktop:16px;&quot;,&quot;line-height&quot;:&quot;desktop:34px;&quot;}\" style=\"font-family: Ubuntu; line-height: 34px; color: rgb(58, 58, 58); margin-right: 0px; margin-bottom: 0px; margin-left: 0px; font-size: 16px; padding: 0px; font-stretch: normal; clear: none !important;\">Detalhes construtivos<\/h3>\n<div class=\"icon_description_text ult-responsive\" data-ultimate-target=\"#Info-list-wrap-2640 .icon_description_text\" data-responsive-json-new=\"{&quot;font-size&quot;:&quot;desktop:13px;&quot;,&quot;line-height&quot;:&quot;desktop:18px;&quot;}\" style=\"padding: 0px; margin: 0px; line-height: 18px;\">\n<ol style=\"margin-right: 0px; margin-bottom: 10px; margin-left: 20px; color: rgb(136, 136, 136); font-family: Ubuntu; font-size: 13px; padding: 0px; list-style-position: initial; list-style-image: none;\">\n<li style=\"padding: 0px; margin: 0px;\">Estrutura constru\u00edda em a\u00e7o inox<\/li>\n<li style=\"padding: 0px; margin: 0px;\">Ca\u00e7amba, eixos, p\u00e1s, tampa e protetores constru\u00eddos em a\u00e7o inox<\/li>\n<li style=\"padding: 0px; margin: 0px;\">Polias, mancais e engrenagens em ferro fundido estanhado ou pintado<\/li>\n<\/ol>\n<h3 class=\"ult-responsive\" data-ultimate-target=\"#Info-list-wrap-5212 h3\" data-responsive-json-new=\"{&quot;font-size&quot;:&quot;desktop:16px;&quot;,&quot;line-height&quot;:&quot;desktop:34px;&quot;}\" style=\"font-family: Ubuntu; line-height: 34px; color: rgb(58, 58, 58); margin-right: 0px; margin-bottom: 0px; margin-left: 0px; font-size: 16px; padding: 0px; font-stretch: normal; clear: none !important;\">Ca\u00e7amba<\/h3>\n<div class=\"icon_description_text ult-responsive\" data-ultimate-target=\"#Info-list-wrap-5212 .icon_description_text\" data-responsive-json-new=\"{&quot;font-size&quot;:&quot;desktop:13px;&quot;,&quot;line-height&quot;:&quot;desktop:18px;&quot;}\" style=\"padding: 0px; margin: 0px; font-family: Ubuntu; color: rgb(136, 136, 136); font-size: 13px; line-height: 18px;\">\n<ol style=\"margin-right: 0px; margin-bottom: 10px; margin-left: 20px; padding: 0px; list-style-position: initial; list-style-image: none;\">\n<li style=\"padding: 0px; margin: 0px;\">Fabricada inteiramente em a\u00e7o inox de formato especial que evita o ac\u00famulo de massas.<\/li>\n<li style=\"padding: 0px; margin: 0px;\">Trabalha com dois eixos, conectados a seis p\u00e1s cujo movimento composto proporciona uma mesclagem perfeita.<\/li>\n<li style=\"padding: 0px; margin: 0px;\">Dotada de sistema basculante que permite esvaziar a ca\u00e7amba de forma simples e pr\u00e1tica.<\/li>\n<li style=\"padding: 0px; margin: 0px;\">Equipada com tampa protetora na ca\u00e7amba<\/li>\n<li><\/li>\n<\/ol>\n<\/div>\n<\/div>\n","protected":false},"excerpt":{"rendered":"<p>A misturadeira de carne M-120 \u00e9 um equipamento indicado para uso em pequenas e m\u00e9dias ind\u00fastrias de embutidos. Estrutura constru\u00edda em a\u00e7o inox, ca\u00e7amba, eixos, p\u00e1s, tampa e protetores constru\u00eddos em a\u00e7o inox. Trabalha com dois eixos, conectados a seis p\u00e1s, cujo movimento composto proporciona uma mesclagem perfeita. A Misturadeira de carne M-120 \u00e9 dotada [&hellip;]<\/p>\n","protected":false},"featured_media":10609,"comment_status":"open","ping_status":"closed","template":"","meta":[],"product_brand":[],"product_cat":[361],"product_tag":[],"class_list":{"0":"post-10610","1":"product","2":"type-product","3":"status-publish","4":"has-post-thumbnail","6":"product_cat-misturador-de-carne","8":"first","9":"instock","10":"shipping-taxable","11":"purchasable","12":"product-type-simple"},"_links":{"self":[{"href":"https:\/\/twsites.com.br\/novomigcenter\/index.php?rest_route=\/wp\/v2\/product\/10610","targetHints":{"allow":["GET"]}}],"collection":[{"href":"https:\/\/twsites.com.br\/novomigcenter\/index.php?rest_route=\/wp\/v2\/product"}],"about":[{"href":"https:\/\/twsites.com.br\/novomigcenter\/index.php?rest_route=\/wp\/v2\/types\/product"}],"replies":[{"embeddable":true,"href":"https:\/\/twsites.com.br\/novomigcenter\/index.php?rest_route=%2Fwp%2Fv2%2Fcomments&post=10610"}],"wp:featuredmedia":[{"embeddable":true,"href":"https:\/\/twsites.com.br\/novomigcenter\/index.php?rest_route=\/wp\/v2\/media\/10609"}],"wp:attachment":[{"href":"https:\/\/twsites.com.br\/novomigcenter\/index.php?rest_route=%2Fwp%2Fv2%2Fmedia&parent=10610"}],"wp:term":[{"taxonomy":"product_brand","embeddable":true,"href":"https:\/\/twsites.com.br\/novomigcenter\/index.php?rest_route=%2Fwp%2Fv2%2Fproduct_brand&post=10610"},{"taxonomy":"product_cat","embeddable":true,"href":"https:\/\/twsites.com.br\/novomigcenter\/index.php?rest_route=%2Fwp%2Fv2%2Fproduct_cat&post=10610"},{"taxonomy":"product_tag","embeddable":true,"href":"https:\/\/twsites.com.br\/novomigcenter\/index.php?rest_route=%2Fwp%2Fv2%2Fproduct_tag&post=10610"}],"curies":[{"name":"wp","href":"https:\/\/api.w.org\/{rel}","templated":true}]}}