{"id":10662,"date":"2016-12-02T16:52:41","date_gmt":"2016-12-02T16:52:41","guid":{"rendered":"https:\/\/twsites.com.br\/novomigcenter\/?product=refrigerador-de-carnes-gmcr2100"},"modified":"2016-12-02T16:52:41","modified_gmt":"2016-12-02T16:52:41","slug":"refrigerador-de-carnes-gmcr2100","status":"publish","type":"product","link":"https:\/\/twsites.com.br\/novomigcenter\/?product=refrigerador-de-carnes-gmcr2100","title":{"rendered":"Refrigerada para Carnes GMCR-2100"},"content":{"rendered":"<p><strong class=\"tit-bloco-desc\" style=\"outline: transparent none medium; -webkit-font-smoothing: antialiased; text-rendering: optimizeLegibility; color: rgb(76, 76, 76); font-family: alegreya_sansregular; font-size: 15px;\">Descri\u00e7\u00e3o do Produto<\/strong><span style=\"color: rgb(76, 76, 76); font-family: alegreya_sansregular; font-size: 15px;\"><\/span><\/p>\n<p style=\"outline: 0px; -webkit-font-smoothing: antialiased; text-rendering: optimizeLegibility; border: 0px; font-size: 15px; font-family: alegreya_sansregular; margin-bottom: 0px; padding: 0px; vertical-align: baseline; color: rgb(76, 76, 76);\">Refrigera\u00e7\u00e3o de carnes (n\u00e3o congeladas)<br style=\"outline: transparent none medium; -webkit-font-smoothing: antialiased; text-rendering: optimizeLegibility;\">Temperatura: +1\u00b0 a +7\u00b0C<br style=\"outline: transparent none medium; -webkit-font-smoothing: antialiased; text-rendering: optimizeLegibility;\">Refrigera\u00e7\u00e3o: Ar for\u00e7ado com serpentina aletada<br style=\"outline: transparent none medium; -webkit-font-smoothing: antialiased; text-rendering: optimizeLegibility;\">Controlador Eletr\u00f4nico Digital: Com indicador digital de temperatura e degelo autom\u00e1tico natural<br style=\"outline: transparent none medium; -webkit-font-smoothing: antialiased; text-rendering: optimizeLegibility;\">P\u00e9s regul\u00e1veis<br style=\"outline: transparent none medium; -webkit-font-smoothing: antialiased; text-rendering: optimizeLegibility;\">Revestimento externo em a\u00e7o inox 430 e interno em a\u00e7o galvanizado<br style=\"outline: transparent none medium; -webkit-font-smoothing: antialiased; text-rendering: optimizeLegibility;\">Estrado em PVC<br style=\"outline: transparent none medium; -webkit-font-smoothing: antialiased; text-rendering: optimizeLegibility;\">Ganchos para tendal<br style=\"outline: transparent none medium; -webkit-font-smoothing: antialiased; text-rendering: optimizeLegibility;\">Opcional: Prateleiras aramadas regul\u00e1veis<\/p>\n","protected":false},"excerpt":{"rendered":"<p>Descri\u00e7\u00e3o do Produto Refrigera\u00e7\u00e3o de carnes (n\u00e3o congeladas)Temperatura: +1\u00b0 a +7\u00b0CRefrigera\u00e7\u00e3o: Ar for\u00e7ado com serpentina aletadaControlador Eletr\u00f4nico Digital: Com indicador digital de temperatura e degelo autom\u00e1tico naturalP\u00e9s regul\u00e1veisRevestimento externo em a\u00e7o inox 430 e interno em a\u00e7o galvanizadoEstrado em PVCGanchos para tendalOpcional: Prateleiras aramadas regul\u00e1veis<\/p>\n","protected":false},"featured_media":10659,"comment_status":"open","ping_status":"closed","template":"","meta":[],"product_brand":[],"product_cat":[330,435],"product_tag":[],"class_list":{"0":"post-10662","1":"product","2":"type-product","3":"status-publish","4":"has-post-thumbnail","6":"product_cat-mini-camara","7":"product_cat-acougue","9":"first","10":"instock","11":"shipping-taxable","12":"purchasable","13":"product-type-simple"},"_links":{"self":[{"href":"https:\/\/twsites.com.br\/novomigcenter\/index.php?rest_route=\/wp\/v2\/product\/10662","targetHints":{"allow":["GET"]}}],"collection":[{"href":"https:\/\/twsites.com.br\/novomigcenter\/index.php?rest_route=\/wp\/v2\/product"}],"about":[{"href":"https:\/\/twsites.com.br\/novomigcenter\/index.php?rest_route=\/wp\/v2\/types\/product"}],"replies":[{"embeddable":true,"href":"https:\/\/twsites.com.br\/novomigcenter\/index.php?rest_route=%2Fwp%2Fv2%2Fcomments&post=10662"}],"wp:featuredmedia":[{"embeddable":true,"href":"https:\/\/twsites.com.br\/novomigcenter\/index.php?rest_route=\/wp\/v2\/media\/10659"}],"wp:attachment":[{"href":"https:\/\/twsites.com.br\/novomigcenter\/index.php?rest_route=%2Fwp%2Fv2%2Fmedia&parent=10662"}],"wp:term":[{"taxonomy":"product_brand","embeddable":true,"href":"https:\/\/twsites.com.br\/novomigcenter\/index.php?rest_route=%2Fwp%2Fv2%2Fproduct_brand&post=10662"},{"taxonomy":"product_cat","embeddable":true,"href":"https:\/\/twsites.com.br\/novomigcenter\/index.php?rest_route=%2Fwp%2Fv2%2Fproduct_cat&post=10662"},{"taxonomy":"product_tag","embeddable":true,"href":"https:\/\/twsites.com.br\/novomigcenter\/index.php?rest_route=%2Fwp%2Fv2%2Fproduct_tag&post=10662"}],"curies":[{"name":"wp","href":"https:\/\/api.w.org\/{rel}","templated":true}]}}