{"id":10714,"date":"2017-01-30T10:15:56","date_gmt":"2017-01-30T10:15:56","guid":{"rendered":"https:\/\/twsites.com.br\/novomigcenter\/?product=self-service-cheff-duplo-ibet"},"modified":"2017-01-30T10:15:56","modified_gmt":"2017-01-30T10:15:56","slug":"self-service-cheff-duplo-ibet","status":"publish","type":"product","link":"https:\/\/twsites.com.br\/novomigcenter\/?product=self-service-cheff-duplo-ibet","title":{"rendered":"Self Service Cheff Duplo &#8211; IBET"},"content":{"rendered":"<p style=\"margin-bottom: 10px;\"><span style=\"color: rgb(81, 80, 80); font-family: myriad-regular, arial, sans-serif; font-size: 16px;\">Constru\u00eddo em a\u00e7o inox escovado AISI430, cubas gastron\u00f4micas (GNs) em a\u00e7o inox AISI304, estrutura em chapa de a\u00e7o carbono com pintura eletrost\u00e1tica, rod\u00edzios com travas, protetor salivar em a\u00e7o inox escovado AISI430 e ilumina\u00e7\u00e3o fluorescente.&nbsp;<\/span><\/p>\n<p style=\"margin-bottom: 10px;\"><span style=\"color: rgb(81, 80, 80); font-family: myriad-regular, arial, sans-serif; font-size: 16px;\">Voltagem 110V ou 220V.<\/span><\/p>\n<p style=\"margin-bottom: 10px;\"><span style=\"color: rgb(81, 80, 80); font-family: myriad-regular, arial, sans-serif; font-size: 16px; font-weight: bold;\">Modelo T\u00e9rmico\/Salada<\/span><\/p>\n<p style=\"margin-bottom: 10px;\"><span style=\"color: rgb(81, 80, 80); font-family: myriad-regular, arial, sans-serif; font-size: 16px;\">Resist\u00eancia 2.000W a 2.500W<\/span><\/p>\n<p style=\"margin-bottom: 10px;\"><span style=\"color: rgb(81, 80, 80); font-family: myriad-regular, arial, sans-serif; font-size: 16px;\">Termostato do tipo capilar de bulbo (20\u00b0C a 120\u00b0C)<\/span><\/p>\n<p style=\"margin-bottom: 10px;\"><span style=\"color: rgb(81, 80, 80); font-family: myriad-regular, arial, sans-serif; font-size: 16px;\">L\u00e2mpada piloto<\/span><\/p>\n<p style=\"margin-bottom: 10px;\"><span style=\"color: rgb(81, 80, 80); font-family: myriad-regular, arial, sans-serif; font-size: 16px;\">Gelo-x<\/span><\/p>\n<p style=\"margin-bottom: 10px;\"><span style=\"color: rgb(81, 80, 80); font-family: myriad-regular, arial, sans-serif; font-size: 16px;\"><br \/><\/span><\/p>\n<p style=\"margin-bottom: 10px;\"><span style=\"color: rgb(81, 80, 80); font-family: myriad-regular, arial, sans-serif; font-size: 16px; font-weight: bold;\">Modelo Salada\/Salada<\/span><\/p>\n<p style=\"margin-bottom: 10px;\"><span style=\"color: rgb(81, 80, 80); font-family: myriad-regular, arial, sans-serif; font-size: 16px;\">Gelo-x<\/span><\/p>\n<p style=\"margin-bottom: 10px;\"><span style=\"color: rgb(81, 80, 80); font-family: myriad-regular, arial, sans-serif; font-size: 16px;\"><br \/><\/span><\/p>\n<p style=\"margin-bottom: 10px;\"><span style=\"color: rgb(81, 80, 80); font-family: myriad-regular, arial, sans-serif; font-size: 16px; font-weight: bold;\">Opcionais<\/span><\/p>\n<p style=\"margin-bottom: 10px;\"><span style=\"color: rgb(81, 80, 80); font-family: myriad-regular, arial, sans-serif; font-size: 16px;\">Corre prato em a\u00e7o inox escovado AISI430.<\/span><\/p>\n","protected":false},"excerpt":{"rendered":"<p>Constru\u00eddo em a\u00e7o inox escovado AISI430, cubas gastron\u00f4micas (GNs) em a\u00e7o inox AISI304, estrutura em chapa de a\u00e7o carbono com pintura eletrost\u00e1tica, rod\u00edzios com travas, protetor salivar em a\u00e7o inox escovado AISI430 e ilumina\u00e7\u00e3o fluorescente.&nbsp; Voltagem 110V ou 220V. Modelo T\u00e9rmico\/Salada Resist\u00eancia 2.000W a 2.500W Termostato do tipo capilar de bulbo (20\u00b0C a 120\u00b0C) L\u00e2mpada [&hellip;]<\/p>\n","protected":false},"featured_media":10713,"comment_status":"open","ping_status":"closed","template":"","meta":[],"product_brand":[],"product_cat":[350],"product_tag":[],"class_list":{"0":"post-10714","1":"product","2":"type-product","3":"status-publish","4":"has-post-thumbnail","6":"product_cat-buffet-termico","8":"first","9":"instock","10":"shipping-taxable","11":"purchasable","12":"product-type-simple"},"_links":{"self":[{"href":"https:\/\/twsites.com.br\/novomigcenter\/index.php?rest_route=\/wp\/v2\/product\/10714","targetHints":{"allow":["GET"]}}],"collection":[{"href":"https:\/\/twsites.com.br\/novomigcenter\/index.php?rest_route=\/wp\/v2\/product"}],"about":[{"href":"https:\/\/twsites.com.br\/novomigcenter\/index.php?rest_route=\/wp\/v2\/types\/product"}],"replies":[{"embeddable":true,"href":"https:\/\/twsites.com.br\/novomigcenter\/index.php?rest_route=%2Fwp%2Fv2%2Fcomments&post=10714"}],"wp:featuredmedia":[{"embeddable":true,"href":"https:\/\/twsites.com.br\/novomigcenter\/index.php?rest_route=\/wp\/v2\/media\/10713"}],"wp:attachment":[{"href":"https:\/\/twsites.com.br\/novomigcenter\/index.php?rest_route=%2Fwp%2Fv2%2Fmedia&parent=10714"}],"wp:term":[{"taxonomy":"product_brand","embeddable":true,"href":"https:\/\/twsites.com.br\/novomigcenter\/index.php?rest_route=%2Fwp%2Fv2%2Fproduct_brand&post=10714"},{"taxonomy":"product_cat","embeddable":true,"href":"https:\/\/twsites.com.br\/novomigcenter\/index.php?rest_route=%2Fwp%2Fv2%2Fproduct_cat&post=10714"},{"taxonomy":"product_tag","embeddable":true,"href":"https:\/\/twsites.com.br\/novomigcenter\/index.php?rest_route=%2Fwp%2Fv2%2Fproduct_tag&post=10714"}],"curies":[{"name":"wp","href":"https:\/\/api.w.org\/{rel}","templated":true}]}}