{"id":10730,"date":"2017-01-30T14:36:32","date_gmt":"2017-01-30T14:36:32","guid":{"rendered":"https:\/\/twsites.com.br\/novomigcenter\/?product=estante-gradeada-promaq"},"modified":"2017-01-30T14:36:32","modified_gmt":"2017-01-30T14:36:32","slug":"estante-gradeada-promaq","status":"publish","type":"product","link":"https:\/\/twsites.com.br\/novomigcenter\/?product=estante-gradeada-promaq","title":{"rendered":"Estante Gradeada PROMAQ"},"content":{"rendered":"<p><span style=\"font-weight: bold;\"><font face=\"Arial\">Descri\u00e7\u00e3o do Produto<\/font><\/span><\/p>\n<table class=\"table table-bordered\">\n<tbody>\n<tr>\n<td><font face=\"Arial\">Modelos<\/font><\/td>\n<td><font face=\"Arial\">Dimens\u00e3o em mm<\/font><\/td>\n<td><font face=\"Arial\"><br \/><\/font><\/td>\n<td><font face=\"Arial\"><br \/><\/font><\/td>\n<\/tr>\n<tr>\n<td><font face=\"Arial\"><br \/><\/font><\/td>\n<td><font face=\"Arial\">Largura<\/font><\/td>\n<td><font face=\"Arial\">Profundidade<\/font><\/td>\n<td><font face=\"Arial\">Altura<\/font><\/td>\n<\/tr>\n<tr>\n<td><font face=\"Arial\">PROESTIP-1<\/font><\/td>\n<td><font face=\"Arial\">1000<\/font><\/td>\n<td><font face=\"Arial\">400<\/font><\/td>\n<td><font face=\"Arial\">1650<\/font><\/td>\n<\/tr>\n<tr>\n<td><font face=\"Arial\">PROESTIP-2<br \/><\/font><\/td>\n<td><font face=\"Arial\">1200<\/font><\/td>\n<td><font face=\"Arial\">400<\/font><\/td>\n<td><font face=\"Arial\">1650<\/font><\/td>\n<\/tr>\n<tr>\n<td><font face=\"Arial\">PROESTIP-3<br \/><\/font><\/td>\n<td><font face=\"Arial\">1500<\/font><\/td>\n<td><font face=\"Arial\">400<\/font><\/td>\n<td><font face=\"Arial\">1650<\/font><\/td>\n<\/tr>\n<tr>\n<td><font face=\"Arial\">PROESTIP-4<br \/><\/font><\/td>\n<td><font face=\"Arial\">2000<\/font><\/td>\n<td><font face=\"Arial\">400<\/font><\/td>\n<td><font face=\"Arial\">1650<\/font><\/td>\n<\/tr>\n<\/tbody>\n<\/table>\n<p><\/p>\n","protected":false},"excerpt":{"rendered":"<p>Descri\u00e7\u00e3o do Produto Modelos Dimens\u00e3o em mm Largura Profundidade Altura PROESTIP-1 1000 400 1650 PROESTIP-2 1200 400 1650 PROESTIP-3 1500 400 1650 PROESTIP-4 2000 400 1650<\/p>\n","protected":false},"featured_media":10729,"comment_status":"open","ping_status":"closed","template":"","meta":[],"product_brand":[],"product_cat":[352],"product_tag":[],"class_list":{"0":"post-10730","1":"product","2":"type-product","3":"status-publish","4":"has-post-thumbnail","6":"product_cat-estante","8":"first","9":"instock","10":"shipping-taxable","11":"purchasable","12":"product-type-simple"},"_links":{"self":[{"href":"https:\/\/twsites.com.br\/novomigcenter\/index.php?rest_route=\/wp\/v2\/product\/10730","targetHints":{"allow":["GET"]}}],"collection":[{"href":"https:\/\/twsites.com.br\/novomigcenter\/index.php?rest_route=\/wp\/v2\/product"}],"about":[{"href":"https:\/\/twsites.com.br\/novomigcenter\/index.php?rest_route=\/wp\/v2\/types\/product"}],"replies":[{"embeddable":true,"href":"https:\/\/twsites.com.br\/novomigcenter\/index.php?rest_route=%2Fwp%2Fv2%2Fcomments&post=10730"}],"wp:featuredmedia":[{"embeddable":true,"href":"https:\/\/twsites.com.br\/novomigcenter\/index.php?rest_route=\/wp\/v2\/media\/10729"}],"wp:attachment":[{"href":"https:\/\/twsites.com.br\/novomigcenter\/index.php?rest_route=%2Fwp%2Fv2%2Fmedia&parent=10730"}],"wp:term":[{"taxonomy":"product_brand","embeddable":true,"href":"https:\/\/twsites.com.br\/novomigcenter\/index.php?rest_route=%2Fwp%2Fv2%2Fproduct_brand&post=10730"},{"taxonomy":"product_cat","embeddable":true,"href":"https:\/\/twsites.com.br\/novomigcenter\/index.php?rest_route=%2Fwp%2Fv2%2Fproduct_cat&post=10730"},{"taxonomy":"product_tag","embeddable":true,"href":"https:\/\/twsites.com.br\/novomigcenter\/index.php?rest_route=%2Fwp%2Fv2%2Fproduct_tag&post=10730"}],"curies":[{"name":"wp","href":"https:\/\/api.w.org\/{rel}","templated":true}]}}