{"id":10843,"date":"2017-02-02T11:05:46","date_gmt":"2017-02-02T11:05:46","guid":{"rendered":"https:\/\/twsites.com.br\/novomigcenter\/?product=aquecedor-banho-maria-fritomaq"},"modified":"2017-02-02T11:05:46","modified_gmt":"2017-02-02T11:05:46","slug":"aquecedor-banho-maria-fritomaq","status":"publish","type":"product","link":"https:\/\/twsites.com.br\/novomigcenter\/?product=aquecedor-banho-maria-fritomaq","title":{"rendered":"Aquecedor Banho Maria &#8211; Fritomaq"},"content":{"rendered":"<p><span style=\"font-weight: bold; text-decoration: underline;\"><font face=\"Arial\">Descri\u00e7\u00e3o do Produto<\/font><\/span><\/p>\n<p><font face=\"Arial\">Aquecedor el\u00e9trico tipo banho maria<\/font><\/p>\n<p><span style=\"font-weight: bold;\"><font face=\"Arial\">Medida<\/font><\/span><\/p>\n<p><font face=\"Arial\">&#8211; 36 x 40 x 10 cm \u2022 6 marmitas<\/font><\/p>\n<p><font face=\"Arial\">&#8211; 60 x 50 x 10 cm \u2022 12 marmitas<\/font><\/p>\n<p><font face=\"Arial\">&#8211; 60 x 72 x 10 cm \u2022 18 marmitas<\/font><\/p>\n<p><font face=\"Arial\">&#8211; 60 x 96 x 10 cm \u2022 25 marmitas<\/font><\/p>\n","protected":false},"excerpt":{"rendered":"<p>Descri\u00e7\u00e3o do Produto Aquecedor el\u00e9trico tipo banho maria Medida &#8211; 36 x 40 x 10 cm \u2022 6 marmitas &#8211; 60 x 50 x 10 cm \u2022 12 marmitas &#8211; 60 x 72 x 10 cm \u2022 18 marmitas &#8211; 60 x 96 x 10 cm \u2022 25 marmitas<\/p>\n","protected":false},"featured_media":10842,"comment_status":"open","ping_status":"closed","template":"","meta":[],"product_brand":[],"product_cat":[348],"product_tag":[],"class_list":{"0":"post-10843","1":"product","2":"type-product","3":"status-publish","4":"has-post-thumbnail","6":"product_cat-banho-maria","8":"first","9":"instock","10":"shipping-taxable","11":"purchasable","12":"product-type-simple"},"_links":{"self":[{"href":"https:\/\/twsites.com.br\/novomigcenter\/index.php?rest_route=\/wp\/v2\/product\/10843","targetHints":{"allow":["GET"]}}],"collection":[{"href":"https:\/\/twsites.com.br\/novomigcenter\/index.php?rest_route=\/wp\/v2\/product"}],"about":[{"href":"https:\/\/twsites.com.br\/novomigcenter\/index.php?rest_route=\/wp\/v2\/types\/product"}],"replies":[{"embeddable":true,"href":"https:\/\/twsites.com.br\/novomigcenter\/index.php?rest_route=%2Fwp%2Fv2%2Fcomments&post=10843"}],"wp:featuredmedia":[{"embeddable":true,"href":"https:\/\/twsites.com.br\/novomigcenter\/index.php?rest_route=\/wp\/v2\/media\/10842"}],"wp:attachment":[{"href":"https:\/\/twsites.com.br\/novomigcenter\/index.php?rest_route=%2Fwp%2Fv2%2Fmedia&parent=10843"}],"wp:term":[{"taxonomy":"product_brand","embeddable":true,"href":"https:\/\/twsites.com.br\/novomigcenter\/index.php?rest_route=%2Fwp%2Fv2%2Fproduct_brand&post=10843"},{"taxonomy":"product_cat","embeddable":true,"href":"https:\/\/twsites.com.br\/novomigcenter\/index.php?rest_route=%2Fwp%2Fv2%2Fproduct_cat&post=10843"},{"taxonomy":"product_tag","embeddable":true,"href":"https:\/\/twsites.com.br\/novomigcenter\/index.php?rest_route=%2Fwp%2Fv2%2Fproduct_tag&post=10843"}],"curies":[{"name":"wp","href":"https:\/\/api.w.org\/{rel}","templated":true}]}}