{"id":10902,"date":"2017-02-07T14:56:49","date_gmt":"2017-02-07T14:56:49","guid":{"rendered":"https:\/\/twsites.com.br\/novomigcenter\/?product=carrinho-de-sorvete-t500-volume-130-litros-thermototal"},"modified":"2017-02-07T14:56:49","modified_gmt":"2017-02-07T14:56:49","slug":"carrinho-de-sorvete-t500-volume-130-litros-thermototal","status":"publish","type":"product","link":"https:\/\/twsites.com.br\/novomigcenter\/?product=carrinho-de-sorvete-t500-volume-130-litros-thermototal","title":{"rendered":"Carrinho de Sorvete &#8211; T500 &#8211; Volume: 130 litros &#8211; Thermototal"},"content":{"rendered":"<p><span style=\"font-weight: bold;\">CAPACIDADE DA CAIXA<\/span><\/p>\n<p>De 450 a 500 picol\u00e9s<\/p>\n<p><\/p>\n<p><span style=\"font-weight: bold;\">DIMENS\u00d5ES INTERNAS<\/span><\/p>\n<p>Parte Superior: 755 x 485mm<\/p>\n<p>Parte Inferior: 690 x 400mm<\/p>\n<p>Altura: 440mm<\/p>\n<p>Peso: 43kg<\/p>\n<p><\/p>\n<p><span style=\"font-weight: bold;\">CARACTER\u00cdSTICAS<\/span><\/p>\n<p>\u2022 Caixas (internas e externas) em poliestireno, com isolamento entre as caixas em poliuretano;<\/p>\n<p>\u2022 Rodas de nylon 8 polegadas e pneus com c\u00e2maras de ar;<\/p>\n<p>\u2022 Arma\u00e7\u00e3o de ferro com suporte para guarda-sol;<\/p>\n<p>\u2022 Tampa grande de poliestireno, com borracha de veda\u00e7\u00e3o;<\/p>\n<p>\u2022 13 placas Eut\u00e9ticas para congelamento;<\/p>\n<p>\u2022 Tratamento antiferrugem;<\/p>\n<p>\u2022 TAMPA PEQUENA: Amarelo, Azul, Branco, Laranja, Verde e Vermelho;<\/p>\n<p>\u2022 TAMPA GRANDE: Amarelo, Azul, Branco, Verde e Vermelho;<\/p>\n<p>\u2022 CAIXA: Amarelo e Branco (outras cores somente sob consulta);<\/p>\n<p>\u2022 LISTRAS\/FAIXAS: Amarelo, Azul, Branco, Preto, Verde e Vermelho<\/p>\n","protected":false},"excerpt":{"rendered":"<p>CAPACIDADE DA CAIXA De 450 a 500 picol\u00e9s DIMENS\u00d5ES INTERNAS Parte Superior: 755 x 485mm Parte Inferior: 690 x 400mm Altura: 440mm Peso: 43kg CARACTER\u00cdSTICAS \u2022 Caixas (internas e externas) em poliestireno, com isolamento entre as caixas em poliuretano; \u2022 Rodas de nylon 8 polegadas e pneus com c\u00e2maras de ar; \u2022 Arma\u00e7\u00e3o de ferro [&hellip;]<\/p>\n","protected":false},"featured_media":10901,"comment_status":"open","ping_status":"closed","template":"","meta":[],"product_brand":[],"product_cat":[382],"product_tag":[],"class_list":{"0":"post-10902","1":"product","2":"type-product","3":"status-publish","4":"has-post-thumbnail","6":"product_cat-carro-de-sorvetes","8":"first","9":"instock","10":"shipping-taxable","11":"purchasable","12":"product-type-simple"},"_links":{"self":[{"href":"https:\/\/twsites.com.br\/novomigcenter\/index.php?rest_route=\/wp\/v2\/product\/10902","targetHints":{"allow":["GET"]}}],"collection":[{"href":"https:\/\/twsites.com.br\/novomigcenter\/index.php?rest_route=\/wp\/v2\/product"}],"about":[{"href":"https:\/\/twsites.com.br\/novomigcenter\/index.php?rest_route=\/wp\/v2\/types\/product"}],"replies":[{"embeddable":true,"href":"https:\/\/twsites.com.br\/novomigcenter\/index.php?rest_route=%2Fwp%2Fv2%2Fcomments&post=10902"}],"wp:featuredmedia":[{"embeddable":true,"href":"https:\/\/twsites.com.br\/novomigcenter\/index.php?rest_route=\/wp\/v2\/media\/10901"}],"wp:attachment":[{"href":"https:\/\/twsites.com.br\/novomigcenter\/index.php?rest_route=%2Fwp%2Fv2%2Fmedia&parent=10902"}],"wp:term":[{"taxonomy":"product_brand","embeddable":true,"href":"https:\/\/twsites.com.br\/novomigcenter\/index.php?rest_route=%2Fwp%2Fv2%2Fproduct_brand&post=10902"},{"taxonomy":"product_cat","embeddable":true,"href":"https:\/\/twsites.com.br\/novomigcenter\/index.php?rest_route=%2Fwp%2Fv2%2Fproduct_cat&post=10902"},{"taxonomy":"product_tag","embeddable":true,"href":"https:\/\/twsites.com.br\/novomigcenter\/index.php?rest_route=%2Fwp%2Fv2%2Fproduct_tag&post=10902"}],"curies":[{"name":"wp","href":"https:\/\/api.w.org\/{rel}","templated":true}]}}