{"id":10910,"date":"2017-02-07T16:31:59","date_gmt":"2017-02-07T16:31:59","guid":{"rendered":"https:\/\/twsites.com.br\/novomigcenter\/?product=maquina-de-crepe-no-palito-big-crepe-ademaq"},"modified":"2017-02-07T16:31:59","modified_gmt":"2017-02-07T16:31:59","slug":"maquina-de-crepe-no-palito-big-crepe-ademaq","status":"publish","type":"product","link":"https:\/\/twsites.com.br\/novomigcenter\/?product=maquina-de-crepe-no-palito-big-crepe-ademaq","title":{"rendered":"M\u00e1quina de Crepe no Palito &#8211; Big Crepe &#8211; Ademaq"},"content":{"rendered":"<p><span style=\"font-weight: bold; font-size: 14px;\"><font face=\"Arial\">Descri\u00e7\u00e3o do Produto<\/font><\/span><\/p>\n<p><b><font face=\"Arial\"><span style=\"font-size: 14px;\">Estrutura:<\/span><\/font><\/b><\/p>\n<p><font face=\"Arial\"><span style=\"font-size: 14px;\">A\u00e7o inox escovado &#8211; Chapas de alum\u00ednio especial com 6 cavidades.<\/span><\/font><\/p>\n<p><b><font face=\"Arial\"><span style=\"font-size: 14px;\">Bordas de Escoamento de Massa:<\/span><\/font><\/b><\/p>\n<p><font face=\"Arial\"><span style=\"font-size: 14px;\">O excesso de massa eventualmente aplicado, escoa para a borda exclusivamente desenvolvida para este objetivo, evitando que se depositem na mesa ou balc\u00e3o utilizados.<\/span><\/font><\/p>\n<p><b><font face=\"Arial\"><span style=\"font-size: 14px;\">Tamanho do BIG CREPE:<\/span><\/font><\/b><\/p>\n<p><font face=\"Arial\"><span style=\"font-size: 14px;\">Cavidades medindo 21,0 x 5,5 cm.<\/span><\/font><\/p>\n<p><b><font face=\"Arial\"><span style=\"font-size: 14px;\">Apoio da Base:<\/span><\/font><\/b><\/p>\n<p><font face=\"Arial\"><span style=\"font-size: 14px;\">A M\u00e1quina de Crepe BIG CREPE \u00e9 apoiada em 5 pontos, proporcionando maior estabilidade e evitando que a tampa superior, quando aberta, levante a parte inferior.<\/span><\/font><\/p>\n<p><b><font face=\"Arial\"><span style=\"font-size: 14px;\">Ergonomia:<\/span><\/font><\/b><\/p>\n<p><font face=\"Arial\"><span style=\"font-size: 14px;\">Provida de puxador antit\u00e9rmico com maior \u00e1rea de apoio \u00e0 m\u00e3o do operador, eliminando poss\u00edveis contatos com a \u00e1rea aquecida da m\u00e1quina.<\/span><\/font><\/p>\n<p><b><font face=\"Arial\"><span style=\"font-size: 14px;\">Voltagem:<\/span><\/font><\/b><\/p>\n<p><font face=\"Arial\"><span style=\"font-size: 14px;\">Provida de duas resist\u00eancias tubulares em a\u00e7o inoxid\u00e1vel de alta durabilidade, fabricada nas voltagens 110V e 220V.<\/span><\/font><\/p>\n<p><b><font face=\"Arial\"><span style=\"font-size: 14px;\">Tamanho:<\/span><\/font><\/b><\/p>\n<p><font face=\"Arial\"><span style=\"font-size: 14px;\">&#8211; 38 cm de largura<\/span><\/font><\/p>\n<p><font face=\"Arial\"><span style=\"font-size: 14px;\">&#8211; 39 cm de comprimento<\/span><\/font><\/p>\n<p><font face=\"Arial\"><span style=\"font-size: 14px;\">&#8211; 20 cm de altura (fechada)<\/span><\/font><\/p>\n<p><font face=\"Arial\"><span style=\"font-size: 14px;\">&#8211; 44 cm de altura (aberta)<\/span><\/font><\/p>\n<p><span style=\"font-weight: bold; font-size: 14px;\"><font face=\"Arial\">Caracter\u00edsticas T\u00e9cnicas:<\/font><\/span><\/p>\n<p><font face=\"Arial\"><span style=\"font-size: 14px;\">&#8211; Na voltagem em 127V = Pot\u00eancia de 1943 Watts &#8211; Frequ\u00eancia de 60Hz &#8211; Grau de Prote\u00e7\u00e3o: IPX3<\/span><\/font><\/p>\n<p><font face=\"Arial\"><span style=\"font-size: 14px;\">&#8211; Na voltagem em 220V = Pot\u00eancia de 1966 Watts &#8211; Frequ\u00eancia de 60Hz &#8211; Grau de Prote\u00e7\u00e3o: IPX3&nbsp;<\/span><\/font><\/p>\n<p><font face=\"Arial\"><span style=\"font-size: 14px;\">&#8211; Peso l\u00edquido 9,5 kg.<\/span><\/font><\/p>\n","protected":false},"excerpt":{"rendered":"<p>Descri\u00e7\u00e3o do Produto Estrutura: A\u00e7o inox escovado &#8211; Chapas de alum\u00ednio especial com 6 cavidades. Bordas de Escoamento de Massa: O excesso de massa eventualmente aplicado, escoa para a borda exclusivamente desenvolvida para este objetivo, evitando que se depositem na mesa ou balc\u00e3o utilizados. Tamanho do BIG CREPE: Cavidades medindo 21,0 x 5,5 cm. Apoio [&hellip;]<\/p>\n","protected":false},"featured_media":10909,"comment_status":"open","ping_status":"closed","template":"","meta":[],"product_brand":[],"product_cat":[394],"product_tag":[],"class_list":{"0":"post-10910","1":"product","2":"type-product","3":"status-publish","4":"has-post-thumbnail","6":"product_cat-maquina-de-crepe-palito","8":"first","9":"instock","10":"shipping-taxable","11":"purchasable","12":"product-type-simple"},"_links":{"self":[{"href":"https:\/\/twsites.com.br\/novomigcenter\/index.php?rest_route=\/wp\/v2\/product\/10910","targetHints":{"allow":["GET"]}}],"collection":[{"href":"https:\/\/twsites.com.br\/novomigcenter\/index.php?rest_route=\/wp\/v2\/product"}],"about":[{"href":"https:\/\/twsites.com.br\/novomigcenter\/index.php?rest_route=\/wp\/v2\/types\/product"}],"replies":[{"embeddable":true,"href":"https:\/\/twsites.com.br\/novomigcenter\/index.php?rest_route=%2Fwp%2Fv2%2Fcomments&post=10910"}],"wp:featuredmedia":[{"embeddable":true,"href":"https:\/\/twsites.com.br\/novomigcenter\/index.php?rest_route=\/wp\/v2\/media\/10909"}],"wp:attachment":[{"href":"https:\/\/twsites.com.br\/novomigcenter\/index.php?rest_route=%2Fwp%2Fv2%2Fmedia&parent=10910"}],"wp:term":[{"taxonomy":"product_brand","embeddable":true,"href":"https:\/\/twsites.com.br\/novomigcenter\/index.php?rest_route=%2Fwp%2Fv2%2Fproduct_brand&post=10910"},{"taxonomy":"product_cat","embeddable":true,"href":"https:\/\/twsites.com.br\/novomigcenter\/index.php?rest_route=%2Fwp%2Fv2%2Fproduct_cat&post=10910"},{"taxonomy":"product_tag","embeddable":true,"href":"https:\/\/twsites.com.br\/novomigcenter\/index.php?rest_route=%2Fwp%2Fv2%2Fproduct_tag&post=10910"}],"curies":[{"name":"wp","href":"https:\/\/api.w.org\/{rel}","templated":true}]}}