{"id":10944,"date":"2017-02-09T09:21:57","date_gmt":"2017-02-09T09:21:57","guid":{"rendered":"https:\/\/twsites.com.br\/novomigcenter\/?product=gira-choco-profissional-marchesoni"},"modified":"2017-02-09T09:21:57","modified_gmt":"2017-02-09T09:21:57","slug":"gira-choco-profissional-marchesoni","status":"publish","type":"product","link":"https:\/\/twsites.com.br\/novomigcenter\/?product=gira-choco-profissional-marchesoni","title":{"rendered":"Gira Choco &#8211; Profissional &#8211; Marchesoni"},"content":{"rendered":"<p><span style=\"font-weight: bold; font-size: 14px;\"><font face=\"Arial\">Descri\u00e7\u00e3o do Produto<\/font><\/span><\/p>\n<p><font face=\"Arial\"><span style=\"font-size: 14px;\">&#8211; Modelo profissional, robusto e confi\u00e1vel;<\/span><\/font><\/p>\n<p><font face=\"Arial\"><span style=\"font-size: 14px;\">&#8211; Disco em polietileno, garantia de ader\u00eancia do chocolate ao disco, aprovado pela vigil\u00e2ncia sanit\u00e1ria;<\/span><\/font><\/p>\n<p><font face=\"Arial\"><span style=\"font-size: 14px;\">&#8211; Cuba com capacidade de 5kg;<\/span><\/font><\/p>\n<p><font face=\"Arial\"><span style=\"font-size: 14px;\">&#8211; 100% em a\u00e7o inox \u2013 maior durabilidade;<\/span><\/font><\/p>\n<p><font face=\"Arial\"><span style=\"font-size: 14px;\">&#8211; Tempo m\u00e9dio para derretimento de 45 min;<\/span><\/font><\/p>\n<p><font face=\"Arial\"><span style=\"font-size: 14px;\">&#8211; Dupla fun\u00e7\u00e3o: derrete e fornece uma queda de chocolate para coberturas;<\/span><\/font><\/p>\n<p><font face=\"Arial\"><span style=\"font-size: 14px;\">&#8211; Funcionamento por banho-maria: mant\u00e9m a consist\u00eancia e sabor;<\/span><\/font><\/p>\n<p><font face=\"Arial\"><span style=\"font-size: 14px;\">&#8211; Disco, cuba e bica remov\u00edveis que facilitam a limpeza;<\/span><\/font><\/p>\n<p><font face=\"Arial\"><span style=\"font-size: 14px;\">&#8211; Ideal para uso comercial e em festas e eventos.<\/span><\/font><\/p>\n<p><font face=\"Arial\"><br \/><\/font><\/p>\n<table class=\"table table-bordered\" style=\"background-color: rgb(255, 255, 255); width: 1440px;\">\n<tbody>\n<tr>\n<td><font face=\"Arial\"><span style=\"font-size: 12px;\">Capacidade<\/span><br \/><\/font><\/td>\n<td><font face=\"Arial\"><span style=\"font-size: 12px;\">5 kg<\/span><br \/><\/font><\/td>\n<\/tr>\n<tr>\n<td><font face=\"Arial\"><span style=\"font-size: 12px;\">Consumo<\/span><br \/><\/font><\/td>\n<td><font face=\"Arial\"><span style=\"font-size: 12px;\">750W \/ 0,75kw\/h<\/span><br \/><\/font><\/td>\n<\/tr>\n<tr>\n<td><font face=\"Arial\"><span style=\"font-size: 12px;\">Alimenta\u00e7\u00e3o<\/span><br \/><\/font><\/td>\n<td><font face=\"Arial\"><span style=\"font-size: 12px;\">127V \/ 220V<\/span><br \/><\/font><\/td>\n<\/tr>\n<tr>\n<td><font face=\"Arial\"><span style=\"font-size: 12px;\">Medidas<\/span><br \/><\/font><\/td>\n<td><font face=\"Arial\"><span style=\"font-size: 12px;\">&nbsp;(c x l x a)<\/span><br \/><\/font><\/td>\n<\/tr>\n<tr>\n<td><font face=\"Arial\"><span style=\"font-size: 12px;\">Produto (cm):<\/span><br \/><\/font><\/td>\n<td><font face=\"Arial\"><span style=\"font-size: 12px;\">34 x 45 x 32<\/span><br \/><\/font><\/td>\n<\/tr>\n<tr>\n<td><font face=\"Arial\"><span style=\"font-size: 12px;\">Embalagem<\/span><br \/><\/font><\/td>\n<td><font face=\"Arial\"><span style=\"font-size: 12px;\">&nbsp;(cm): 36 x 46 x 40<\/span><br \/><\/font><\/td>\n<\/tr>\n<tr>\n<td><font face=\"Arial\"><span style=\"font-size: 12px;\">Peso l\u00edquido \/ bruto<\/span><br \/><\/font><\/td>\n<td>\n<p><font face=\"Arial\"><span style=\"font-size: 12px;\">7,6 kg \/ 7,8 kg<\/span><\/font><\/p>\n<\/td>\n<\/tr>\n<\/tbody>\n<\/table>\n","protected":false},"excerpt":{"rendered":"<p>Descri\u00e7\u00e3o do Produto &#8211; Modelo profissional, robusto e confi\u00e1vel; &#8211; Disco em polietileno, garantia de ader\u00eancia do chocolate ao disco, aprovado pela vigil\u00e2ncia sanit\u00e1ria; &#8211; Cuba com capacidade de 5kg; &#8211; 100% em a\u00e7o inox \u2013 maior durabilidade; &#8211; Tempo m\u00e9dio para derretimento de 45 min; &#8211; Dupla fun\u00e7\u00e3o: derrete e fornece uma queda de [&hellip;]<\/p>\n","protected":false},"featured_media":10942,"comment_status":"open","ping_status":"closed","template":"","meta":[],"product_brand":[],"product_cat":[385],"product_tag":[],"class_list":{"0":"post-10944","1":"product","2":"type-product","3":"status-publish","4":"has-post-thumbnail","6":"product_cat-gira-choco","8":"first","9":"instock","10":"shipping-taxable","11":"purchasable","12":"product-type-simple"},"_links":{"self":[{"href":"https:\/\/twsites.com.br\/novomigcenter\/index.php?rest_route=\/wp\/v2\/product\/10944","targetHints":{"allow":["GET"]}}],"collection":[{"href":"https:\/\/twsites.com.br\/novomigcenter\/index.php?rest_route=\/wp\/v2\/product"}],"about":[{"href":"https:\/\/twsites.com.br\/novomigcenter\/index.php?rest_route=\/wp\/v2\/types\/product"}],"replies":[{"embeddable":true,"href":"https:\/\/twsites.com.br\/novomigcenter\/index.php?rest_route=%2Fwp%2Fv2%2Fcomments&post=10944"}],"wp:featuredmedia":[{"embeddable":true,"href":"https:\/\/twsites.com.br\/novomigcenter\/index.php?rest_route=\/wp\/v2\/media\/10942"}],"wp:attachment":[{"href":"https:\/\/twsites.com.br\/novomigcenter\/index.php?rest_route=%2Fwp%2Fv2%2Fmedia&parent=10944"}],"wp:term":[{"taxonomy":"product_brand","embeddable":true,"href":"https:\/\/twsites.com.br\/novomigcenter\/index.php?rest_route=%2Fwp%2Fv2%2Fproduct_brand&post=10944"},{"taxonomy":"product_cat","embeddable":true,"href":"https:\/\/twsites.com.br\/novomigcenter\/index.php?rest_route=%2Fwp%2Fv2%2Fproduct_cat&post=10944"},{"taxonomy":"product_tag","embeddable":true,"href":"https:\/\/twsites.com.br\/novomigcenter\/index.php?rest_route=%2Fwp%2Fv2%2Fproduct_tag&post=10944"}],"curies":[{"name":"wp","href":"https:\/\/api.w.org\/{rel}","templated":true}]}}