{"id":10974,"date":"2017-02-10T10:22:55","date_gmt":"2017-02-10T10:22:55","guid":{"rendered":"https:\/\/twsites.com.br\/novomigcenter\/?product=cafeteira-linha-coroa-monarcha"},"modified":"2017-02-10T10:22:55","modified_gmt":"2017-02-10T10:22:55","slug":"cafeteira-linha-coroa-monarcha","status":"publish","type":"product","link":"https:\/\/twsites.com.br\/novomigcenter\/?product=cafeteira-linha-coroa-monarcha","title":{"rendered":"Cafeteira LINHA COROA &#8211; Monarcha"},"content":{"rendered":"<p><span style=\"font-weight: bold; font-size: 14px;\"><font face=\"Arial\">Descri\u00e7\u00e3o do Produto<\/font><\/span><\/p>\n<p><font face=\"Arial\"><span style=\"font-size: 14px;\">Tradicional M\u00e1quina Coroa ficou conhecida pela qualidade e durabilidade. Fabricada em lat\u00e3o cromado e tubula\u00e7\u00f5es internas em lat\u00e3o laminado e cobre. Recipiente do caf\u00e9 esmaltado, para melhor conserva\u00e7\u00e3o do sabor do caf\u00e9.<\/span><\/font><\/p>\n<table class=\"table table-bordered\" style=\"background-color: rgb(255, 255, 255); width: 1440px;\">\n<tbody>\n<tr>\n<td><span style=\"font-weight: bold; font-size: 14px;\"><font face=\"Arial\">Modelo<\/font><\/span><\/td>\n<td><span style=\"font-weight: bold; font-size: 14px;\"><font face=\"Arial\">MC1<\/font><\/span><\/td>\n<td><span style=\"font-weight: bold; font-size: 14px;\"><font face=\"Arial\">MC2<\/font><\/span><\/td>\n<td><span style=\"font-weight: bold; font-size: 14px;\"><font face=\"Arial\">MC3<\/font><\/span><\/td>\n<td><span style=\"font-weight: bold; font-size: 14px;\"><font face=\"Arial\">MC4<\/font><\/span><\/td>\n<\/tr>\n<tr>\n<td><font face=\"Arial\"><span style=\"font-size: 14px;\">Capacidade<\/span><\/font><\/td>\n<td><font face=\"Arial\"><span style=\"font-size: 14px;\">2,5L<\/span><\/font><\/td>\n<td><font face=\"Arial\"><span style=\"font-size: 14px;\">4,0L<\/span><\/font><\/td>\n<td><font face=\"Arial\"><span style=\"font-size: 14px;\">7,0L<\/span><\/font><\/td>\n<td><font face=\"Arial\"><span style=\"font-size: 14px;\">10,0L<\/span><\/font><\/td>\n<\/tr>\n<tr>\n<td><font face=\"Arial\"><span style=\"font-size: 14px;\">Pot\u00eancia<\/span><\/font><\/td>\n<td><font face=\"Arial\"><span style=\"font-size: 14px;\">900W<\/span><\/font><\/td>\n<td><font face=\"Arial\"><span style=\"font-size: 14px;\">1300W<\/span><\/font><\/td>\n<td><font face=\"Arial\"><span style=\"font-size: 14px;\">1800W<\/span><\/font><\/td>\n<td><font face=\"Arial\"><span style=\"font-size: 14px;\">3000W<\/span><\/font><\/td>\n<\/tr>\n<tr>\n<td><font face=\"Arial\"><span style=\"font-size: 14px;\">Tens\u00e3o El\u00e9trica<\/span><\/font><\/td>\n<td><font face=\"Arial\"><span style=\"font-size: 14px;\">110V \/ 220V<\/span><\/font><\/td>\n<td><font face=\"Arial\"><span style=\"font-size: 14px;\">110V \/ 220V<\/span><br \/><\/font><\/td>\n<td><font face=\"Arial\"><span style=\"font-size: 14px;\">110V \/ 220V<\/span><br \/><\/font><\/td>\n<td><font face=\"Arial\"><span style=\"font-size: 14px;\">220V<\/span><\/font><\/td>\n<\/tr>\n<tr>\n<td><font face=\"Arial\"><span style=\"font-size: 14px;\">Di\u00e2metro<\/span><\/font><\/td>\n<td><font face=\"Arial\"><span style=\"font-size: 14px;\">390mm<\/span><\/font><\/td>\n<td><font face=\"Arial\"><span style=\"font-size: 14px;\">395mm<\/span><\/font><\/td>\n<td><font face=\"Arial\"><span style=\"font-size: 14px;\">445mm<\/span><\/font><\/td>\n<td><font face=\"Arial\"><span style=\"font-size: 14px;\">475mm<\/span><\/font><\/td>\n<\/tr>\n<tr>\n<td><font face=\"Arial\"><span style=\"font-size: 14px;\">Altura<\/span><\/font><\/td>\n<td><font face=\"Arial\"><span style=\"font-size: 14px;\">700mm<\/span><\/font><\/td>\n<td><font face=\"Arial\"><span style=\"font-size: 14px;\">770mm<\/span><\/font><\/td>\n<td><font face=\"Arial\"><span style=\"font-size: 14px;\">810mm<\/span><\/font><\/td>\n<td><font face=\"Arial\"><span style=\"font-size: 14px;\">840mm<\/span><\/font><\/td>\n<\/tr>\n<tr>\n<td><font face=\"Arial\"><span style=\"font-size: 14px;\">Peso<\/span><\/font><\/td>\n<td><font face=\"Arial\"><span style=\"font-size: 14px;\">10,5kg<\/span><\/font><\/td>\n<td><font face=\"Arial\"><span style=\"font-size: 14px;\">12,5kg<\/span><\/font><\/td>\n<td>14,5kg<\/td>\n<td>17,9kg<\/p>\n<\/td>\n<\/tr>\n<\/tbody>\n<\/table>\n","protected":false},"excerpt":{"rendered":"<p>Descri\u00e7\u00e3o do Produto Tradicional M\u00e1quina Coroa ficou conhecida pela qualidade e durabilidade. Fabricada em lat\u00e3o cromado e tubula\u00e7\u00f5es internas em lat\u00e3o laminado e cobre. Recipiente do caf\u00e9 esmaltado, para melhor conserva\u00e7\u00e3o do sabor do caf\u00e9. Modelo MC1 MC2 MC3 MC4 Capacidade 2,5L 4,0L 7,0L 10,0L Pot\u00eancia 900W 1300W 1800W 3000W Tens\u00e3o El\u00e9trica 110V \/ 220V [&hellip;]<\/p>\n","protected":false},"featured_media":10973,"comment_status":"open","ping_status":"closed","template":"","meta":[],"product_brand":[],"product_cat":[299],"product_tag":[],"class_list":{"0":"post-10974","1":"product","2":"type-product","3":"status-publish","4":"has-post-thumbnail","6":"product_cat-cafeteira","8":"first","9":"instock","10":"shipping-taxable","11":"purchasable","12":"product-type-simple"},"_links":{"self":[{"href":"https:\/\/twsites.com.br\/novomigcenter\/index.php?rest_route=\/wp\/v2\/product\/10974","targetHints":{"allow":["GET"]}}],"collection":[{"href":"https:\/\/twsites.com.br\/novomigcenter\/index.php?rest_route=\/wp\/v2\/product"}],"about":[{"href":"https:\/\/twsites.com.br\/novomigcenter\/index.php?rest_route=\/wp\/v2\/types\/product"}],"replies":[{"embeddable":true,"href":"https:\/\/twsites.com.br\/novomigcenter\/index.php?rest_route=%2Fwp%2Fv2%2Fcomments&post=10974"}],"wp:featuredmedia":[{"embeddable":true,"href":"https:\/\/twsites.com.br\/novomigcenter\/index.php?rest_route=\/wp\/v2\/media\/10973"}],"wp:attachment":[{"href":"https:\/\/twsites.com.br\/novomigcenter\/index.php?rest_route=%2Fwp%2Fv2%2Fmedia&parent=10974"}],"wp:term":[{"taxonomy":"product_brand","embeddable":true,"href":"https:\/\/twsites.com.br\/novomigcenter\/index.php?rest_route=%2Fwp%2Fv2%2Fproduct_brand&post=10974"},{"taxonomy":"product_cat","embeddable":true,"href":"https:\/\/twsites.com.br\/novomigcenter\/index.php?rest_route=%2Fwp%2Fv2%2Fproduct_cat&post=10974"},{"taxonomy":"product_tag","embeddable":true,"href":"https:\/\/twsites.com.br\/novomigcenter\/index.php?rest_route=%2Fwp%2Fv2%2Fproduct_tag&post=10974"}],"curies":[{"name":"wp","href":"https:\/\/api.w.org\/{rel}","templated":true}]}}