{"id":10978,"date":"2017-02-10T13:55:51","date_gmt":"2017-02-10T13:55:51","guid":{"rendered":"https:\/\/twsites.com.br\/novomigcenter\/?product=cafeteira-linha-popular-monarcha"},"modified":"2017-02-10T13:55:51","modified_gmt":"2017-02-10T13:55:51","slug":"cafeteira-linha-popular-monarcha","status":"publish","type":"product","link":"https:\/\/twsites.com.br\/novomigcenter\/?product=cafeteira-linha-popular-monarcha","title":{"rendered":"Cafeteira LINHA POPULAR &#8211; Monarcha"},"content":{"rendered":"<p><span style=\"font-weight: bold; font-size: 14px;\"><font face=\"Arial\">Descri\u00e7\u00e3o do Produto<\/font><\/span><\/p>\n<p><font face=\"Arial\"><span style=\"color: rgb(124, 104, 83); font-size: 14px;\">Fabricada em A\u00c7O INOX 430<\/span><br \/><\/font><\/p>\n<p><font face=\"Arial\"><br \/><\/font><\/p>\n<table class=\"table table-bordered\" style=\"background-color: rgb(255, 255, 255); width: 1440px;\">\n<tbody>\n<tr>\n<td><span style=\"font-size: 14px;\"><font face=\"Arial\">Modelo<\/font><\/span><\/td>\n<td><font face=\"Arial\"><span style=\"font-size: 14px;\">MSTPjr<\/span><br \/><\/font><\/td>\n<td><span style=\"font-size: 14px;\"><font face=\"Arial\">MSTO1<\/font><\/span><\/td>\n<td><span style=\"font-size: 14px;\"><font face=\"Arial\">MSTP2<\/font><\/span><\/td>\n<td><font face=\"Arial\"><span style=\"font-size: 14px;\">MSTP3<\/span><br \/><\/font><\/td>\n<td><font face=\"Arial\"><span style=\"font-size: 14px;\">MSTP4<\/span><br \/><\/font><\/td>\n<\/tr>\n<tr>\n<td><span style=\"font-size: 14px;\"><font face=\"Arial\">Capacidade<\/font><\/span><\/td>\n<td><span style=\"font-size: 14px;\"><font face=\"Arial\">2,0L<\/font><\/span><\/td>\n<td><span style=\"font-size: 14px;\"><font face=\"Arial\">3,0L<\/font><\/span><\/td>\n<td><span style=\"font-size: 14px;\"><font face=\"Arial\">5,0L<\/font><\/span><\/td>\n<td><span style=\"font-size: 14px;\"><font face=\"Arial\">7,0L<\/font><\/span><\/td>\n<td><span style=\"font-size: 14px;\"><font face=\"Arial\">10,0L<\/font><\/span><\/td>\n<\/tr>\n<tr>\n<td><span style=\"font-size: 14px;\"><font face=\"Arial\">Pot\u00eancia<\/font><\/span><\/td>\n<td><span style=\"font-size: 14px;\"><font face=\"Arial\">900W<\/font><\/span><\/td>\n<td><span style=\"font-size: 14px;\"><font face=\"Arial\">900W<\/font><\/span><\/td>\n<td><span style=\"font-size: 14px;\"><font face=\"Arial\">1300W<\/font><\/span><\/td>\n<td><span style=\"font-size: 14px;\"><font face=\"Arial\">1500W<\/font><\/span><\/td>\n<td><span style=\"font-size: 14px;\"><font face=\"Arial\">1500W<\/font><\/span><\/td>\n<\/tr>\n<tr>\n<td><span style=\"font-size: 14px;\"><font face=\"Arial\">Tens\u00e3o El\u00e9trica<\/font><\/span><\/td>\n<td><span style=\"font-size: 14px;\"><font face=\"Arial\">110V \/ 220V<\/font><\/span><\/td>\n<td><font face=\"Arial\"><span style=\"font-size: 14px;\">110V \/ 220V<\/span><br \/><\/font><\/td>\n<td><font face=\"Arial\"><span style=\"font-size: 14px;\">110V \/ 220V<\/span><br \/><\/font><\/td>\n<td><font face=\"Arial\"><span style=\"font-size: 14px;\">110V \/ 220V<\/span><br \/><\/font><\/td>\n<td><font face=\"Arial\"><span style=\"font-size: 14px;\">110V \/ 220V<\/span><br \/><\/font><\/td>\n<\/tr>\n<tr>\n<td><span style=\"font-size: 14px;\"><font face=\"Arial\">Di\u00e2metro<\/font><\/span><\/td>\n<td><span style=\"font-size: 14px;\"><font face=\"Arial\">270mm<\/font><\/span><\/td>\n<td><span style=\"font-size: 14px;\"><font face=\"Arial\">340mm<\/font><\/span><\/td>\n<td><span style=\"font-size: 14px;\"><font face=\"Arial\">340mm<\/font><\/span><\/td>\n<td><span style=\"font-size: 14px;\"><font face=\"Arial\">340mm<\/font><\/span><\/td>\n<td><span style=\"font-size: 14px;\"><font face=\"Arial\">340mm<\/font><\/span><\/td>\n<\/tr>\n<tr>\n<td><span style=\"font-size: 14px;\"><font face=\"Arial\">Altura<\/font><\/span><\/td>\n<td><span style=\"font-size: 14px;\"><font face=\"Arial\">500mm<\/font><\/span><\/td>\n<td><span style=\"font-size: 14px;\"><font face=\"Arial\">490mm<\/font><\/span><\/td>\n<td><span style=\"font-size: 14px;\"><font face=\"Arial\">560mm<\/font><\/span><\/td>\n<td><span style=\"font-size: 14px;\"><font face=\"Arial\">650mm<\/font><\/span><\/td>\n<td><span style=\"font-size: 14px;\"><font face=\"Arial\">680mm<\/font><\/span><\/td>\n<\/tr>\n<tr>\n<td><span style=\"font-size: 14px;\"><font face=\"Arial\">Peso<\/font><\/span><\/td>\n<td><span style=\"font-size: 14px;\"><font face=\"Arial\">2,5kg<\/font><\/span><\/td>\n<td><span style=\"font-size: 14px;\"><font face=\"Arial\">3,8kg<\/font><\/span><\/td>\n<td><span style=\"font-size: 14px;\"><font face=\"Arial\">4,3kg<\/font><\/span><\/td>\n<td><span style=\"font-size: 14px;\"><font face=\"Arial\">5,2kg<\/font><\/span><\/td>\n<td><span style=\"font-size: 14px;\"><font face=\"Arial\">5,7kg<\/font><\/span><\/td>\n<\/tr>\n<\/tbody>\n<\/table>\n<p><\/p>\n","protected":false},"excerpt":{"rendered":"<p>Descri\u00e7\u00e3o do Produto Fabricada em A\u00c7O INOX 430 Modelo MSTPjr MSTO1 MSTP2 MSTP3 MSTP4 Capacidade 2,0L 3,0L 5,0L 7,0L 10,0L Pot\u00eancia 900W 900W 1300W 1500W 1500W Tens\u00e3o El\u00e9trica 110V \/ 220V 110V \/ 220V 110V \/ 220V 110V \/ 220V 110V \/ 220V Di\u00e2metro 270mm 340mm 340mm 340mm 340mm Altura 500mm 490mm 560mm 650mm 680mm [&hellip;]<\/p>\n","protected":false},"featured_media":10977,"comment_status":"open","ping_status":"closed","template":"","meta":[],"product_brand":[],"product_cat":[299],"product_tag":[],"class_list":{"0":"post-10978","1":"product","2":"type-product","3":"status-publish","4":"has-post-thumbnail","6":"product_cat-cafeteira","8":"first","9":"instock","10":"shipping-taxable","11":"purchasable","12":"product-type-simple"},"_links":{"self":[{"href":"https:\/\/twsites.com.br\/novomigcenter\/index.php?rest_route=\/wp\/v2\/product\/10978","targetHints":{"allow":["GET"]}}],"collection":[{"href":"https:\/\/twsites.com.br\/novomigcenter\/index.php?rest_route=\/wp\/v2\/product"}],"about":[{"href":"https:\/\/twsites.com.br\/novomigcenter\/index.php?rest_route=\/wp\/v2\/types\/product"}],"replies":[{"embeddable":true,"href":"https:\/\/twsites.com.br\/novomigcenter\/index.php?rest_route=%2Fwp%2Fv2%2Fcomments&post=10978"}],"wp:featuredmedia":[{"embeddable":true,"href":"https:\/\/twsites.com.br\/novomigcenter\/index.php?rest_route=\/wp\/v2\/media\/10977"}],"wp:attachment":[{"href":"https:\/\/twsites.com.br\/novomigcenter\/index.php?rest_route=%2Fwp%2Fv2%2Fmedia&parent=10978"}],"wp:term":[{"taxonomy":"product_brand","embeddable":true,"href":"https:\/\/twsites.com.br\/novomigcenter\/index.php?rest_route=%2Fwp%2Fv2%2Fproduct_brand&post=10978"},{"taxonomy":"product_cat","embeddable":true,"href":"https:\/\/twsites.com.br\/novomigcenter\/index.php?rest_route=%2Fwp%2Fv2%2Fproduct_cat&post=10978"},{"taxonomy":"product_tag","embeddable":true,"href":"https:\/\/twsites.com.br\/novomigcenter\/index.php?rest_route=%2Fwp%2Fv2%2Fproduct_tag&post=10978"}],"curies":[{"name":"wp","href":"https:\/\/api.w.org\/{rel}","templated":true}]}}