{"id":10980,"date":"2017-02-10T14:23:37","date_gmt":"2017-02-10T14:23:37","guid":{"rendered":"https:\/\/twsites.com.br\/novomigcenter\/?product=cafeteira-linha-industrial-cilindrica-monarcha"},"modified":"2017-02-10T14:23:37","modified_gmt":"2017-02-10T14:23:37","slug":"cafeteira-linha-industrial-cilindrica-monarcha","status":"publish","type":"product","link":"https:\/\/twsites.com.br\/novomigcenter\/?product=cafeteira-linha-industrial-cilindrica-monarcha","title":{"rendered":"Cafeteira LINHA INDUSTRIAL CIL\u00cdNDRICA &#8211; Monarcha"},"content":{"rendered":"<p style=\"margin-bottom: 10px;\"><span style=\"font-weight: bold; font-size: 14px;\"><font face=\"Arial\">Descri\u00e7\u00e3o do Produto<\/font><\/span><\/p>\n<p style=\"margin-bottom: 10px;\"><font face=\"Arial\"><span style=\"font-weight: bold;\"><br \/><\/span><span style=\"color: rgb(124, 104, 83); font-size: 14px;\">Fabricada em A\u00c7O INOX AISI 304.&nbsp;Controle termost\u00e1tico de temperatura (20\u00ba \u00e0 120\u00ba). Resist\u00eancias de imers\u00e3o em a\u00e7o inox blindada.<\/span><\/font><\/p>\n<p style=\"margin-bottom: 10px;\"><font face=\"Arial\"><span style=\"font-size: 14px;\">&nbsp; &nbsp;<\/span><br \/><\/font><\/p>\n<table class=\"table table-bordered\" style=\"background-color: rgb(255, 255, 255); width: 1440px; margin-bottom: 20px;\">\n<tbody>\n<tr>\n<td style=\"vertical-align: top;\"><span style=\"font-weight: bold; font-size: 14px;\"><font face=\"Arial\">Modelo<\/font><\/span><\/td>\n<td style=\"vertical-align: top;\"><span style=\"font-weight: bold; font-size: 14px;\"><font face=\"Arial\">MI1<\/font><\/span><\/td>\n<td style=\"vertical-align: top;\"><font face=\"Arial\"><span style=\"font-weight: bold; font-size: 14px;\">MI1C<\/span><br \/><\/font><\/td>\n<\/tr>\n<tr>\n<td style=\"vertical-align: top;\"><font face=\"Arial\"><span style=\"font-size: 14px;\">Capacidade<\/span><\/font><\/td>\n<td style=\"vertical-align: top;\"><font face=\"Arial\"><span style=\"font-size: 14px;\">15,0L<\/span><\/font><\/td>\n<td style=\"vertical-align: top;\"><font face=\"Arial\"><span style=\"font-size: 14px;\">20,0L<\/span><\/font><\/td>\n<\/tr>\n<tr>\n<td style=\"vertical-align: top;\"><font face=\"Arial\"><span style=\"font-size: 14px;\">Pot\u00eancia<\/span><\/font><\/td>\n<td style=\"vertical-align: top;\"><font face=\"Arial\"><span style=\"font-size: 14px;\">3000W<\/span><\/font><\/td>\n<td style=\"vertical-align: top;\"><font face=\"Arial\"><span style=\"font-size: 14px;\">3000W<\/span><\/font><\/td>\n<\/tr>\n<tr>\n<td style=\"vertical-align: top;\"><font face=\"Arial\"><span style=\"font-size: 14px;\">Tens\u00e3o El\u00e9trica<\/span><\/font><\/td>\n<td style=\"vertical-align: top;\"><font face=\"Arial\"><span style=\"font-size: 14px;\">220V<\/span><\/font><\/td>\n<td style=\"vertical-align: top;\"><font face=\"Arial\"><span style=\"font-size: 14px;\">220V<\/span><br \/><\/font><\/td>\n<\/tr>\n<tr>\n<td style=\"vertical-align: top;\"><font face=\"Arial\"><span style=\"font-size: 14px;\">Di\u00e2metro<\/span><\/font><\/td>\n<td style=\"vertical-align: top;\"><font face=\"Arial\"><span style=\"font-size: 14px;\">435mm<\/span><\/font><\/td>\n<td style=\"vertical-align: top;\"><font face=\"Arial\"><span style=\"font-size: 14px;\">435mm<\/span><\/font><\/td>\n<\/tr>\n<tr>\n<td style=\"vertical-align: top;\"><font face=\"Arial\"><span style=\"font-size: 14px;\">Altura<\/span><\/font><\/td>\n<td style=\"vertical-align: top;\"><font face=\"Arial\"><span style=\"font-size: 14px;\">780mm<\/span><\/font><\/td>\n<td style=\"vertical-align: top;\"><font face=\"Arial\"><span style=\"font-size: 14px;\">810mm<\/span><\/font><\/td>\n<\/tr>\n<tr>\n<td style=\"vertical-align: top;\"><font face=\"Arial\"><span style=\"font-size: 14px;\">Peso<\/span><\/font><\/td>\n<td style=\"vertical-align: top;\"><font face=\"Arial\"><span style=\"font-size: 14px;\">10,6kg<\/span><\/font><\/td>\n<td style=\"vertical-align: top;\"><font face=\"Arial\"><span style=\"font-size: 14px;\">12,1kg<\/span><\/font><\/td>\n<\/tr>\n<\/tbody>\n<\/table>\n","protected":false},"excerpt":{"rendered":"<p>Descri\u00e7\u00e3o do Produto Fabricada em A\u00c7O INOX AISI 304.&nbsp;Controle termost\u00e1tico de temperatura (20\u00ba \u00e0 120\u00ba). Resist\u00eancias de imers\u00e3o em a\u00e7o inox blindada. &nbsp; &nbsp; Modelo MI1 MI1C Capacidade 15,0L 20,0L Pot\u00eancia 3000W 3000W Tens\u00e3o El\u00e9trica 220V 220V Di\u00e2metro 435mm 435mm Altura 780mm 810mm Peso 10,6kg 12,1kg<\/p>\n","protected":false},"featured_media":10979,"comment_status":"open","ping_status":"closed","template":"","meta":[],"product_brand":[],"product_cat":[299],"product_tag":[],"class_list":{"0":"post-10980","1":"product","2":"type-product","3":"status-publish","4":"has-post-thumbnail","6":"product_cat-cafeteira","8":"first","9":"instock","10":"shipping-taxable","11":"purchasable","12":"product-type-simple"},"_links":{"self":[{"href":"https:\/\/twsites.com.br\/novomigcenter\/index.php?rest_route=\/wp\/v2\/product\/10980","targetHints":{"allow":["GET"]}}],"collection":[{"href":"https:\/\/twsites.com.br\/novomigcenter\/index.php?rest_route=\/wp\/v2\/product"}],"about":[{"href":"https:\/\/twsites.com.br\/novomigcenter\/index.php?rest_route=\/wp\/v2\/types\/product"}],"replies":[{"embeddable":true,"href":"https:\/\/twsites.com.br\/novomigcenter\/index.php?rest_route=%2Fwp%2Fv2%2Fcomments&post=10980"}],"wp:featuredmedia":[{"embeddable":true,"href":"https:\/\/twsites.com.br\/novomigcenter\/index.php?rest_route=\/wp\/v2\/media\/10979"}],"wp:attachment":[{"href":"https:\/\/twsites.com.br\/novomigcenter\/index.php?rest_route=%2Fwp%2Fv2%2Fmedia&parent=10980"}],"wp:term":[{"taxonomy":"product_brand","embeddable":true,"href":"https:\/\/twsites.com.br\/novomigcenter\/index.php?rest_route=%2Fwp%2Fv2%2Fproduct_brand&post=10980"},{"taxonomy":"product_cat","embeddable":true,"href":"https:\/\/twsites.com.br\/novomigcenter\/index.php?rest_route=%2Fwp%2Fv2%2Fproduct_cat&post=10980"},{"taxonomy":"product_tag","embeddable":true,"href":"https:\/\/twsites.com.br\/novomigcenter\/index.php?rest_route=%2Fwp%2Fv2%2Fproduct_tag&post=10980"}],"curies":[{"name":"wp","href":"https:\/\/api.w.org\/{rel}","templated":true}]}}