{"id":11008,"date":"2017-02-13T16:03:06","date_gmt":"2017-02-13T16:03:06","guid":{"rendered":"https:\/\/twsites.com.br\/novomigcenter\/?product=cafeteira-tradicional-c1-c1-consercaf"},"modified":"2017-02-13T16:03:06","modified_gmt":"2017-02-13T16:03:06","slug":"cafeteira-tradicional-c1-c1-consercaf","status":"publish","type":"product","link":"https:\/\/twsites.com.br\/novomigcenter\/?product=cafeteira-tradicional-c1-c1-consercaf","title":{"rendered":"Cafeteira Tradicional C11 \/ C12 &#8211; ConserCaf"},"content":{"rendered":"<p><span style=\"font-weight: bold;\">Descri\u00e7\u00e3o do Produto<\/span><\/p>\n<p>Fabricada em a\u00e7o inox 430 e com reservat\u00f3rio em a\u00e7o inox 304, a linha Tradicional Consercaf vem sendo sin\u00f4nimo de excelente custo-benef\u00edcio, com sua qualidade e acabamento superior, tornando-se a principal escolha entre bares e restaurantes de todo o Brasil.<\/p>\n<p>A linha Tradicional Consecaf passa por exclusivo processo de polimento, fazendo da cafeteira um verdadeiro espelho!<\/p>\n<p>Conta com v\u00e1rios modelos de capacidades diferentes para suprir todo tipo de necessidade.<\/p>\n<p><span style=\"font-weight: bold;\">Toda linha Tradicional \u00e9 certificada pelo INMETRO.<\/span><\/p>\n<table class=\"table table-bordered\" style=\"background-color: rgb(255, 255, 255); width: 1440px;\">\n<tbody>\n<tr>\n<td>Constru\u00e7\u00e3o<\/td>\n<td>A\u00e7o Inox 430 com reservat\u00f3rios em a\u00e7o inox 304<\/td>\n<\/tr>\n<tr>\n<td>Acabamento<\/td>\n<td>Alto Brilho<\/td>\n<\/tr>\n<tr>\n<td>Indica\u00e7\u00e3o<\/td>\n<td>Bares, restaurantes, hot\u00e9is, pequenos com\u00e9rcios<\/td>\n<\/tr>\n<tr>\n<td>Reservat\u00f3rios<\/td>\n<td>01 &#8211; um<\/td>\n<\/tr>\n<tr>\n<td>Itens Inclusos<\/td>\n<td>Cafeteira, aro, 2 coadores, certificado de garantia, manual<\/td>\n<\/tr>\n<tr>\n<td>Observa\u00e7\u00f5es<\/td>\n<td>Este produto n\u00e3o \u00e9 destinado paras uso com leite.<\/td>\n<\/tr>\n<tr>\n<td>Di\u00e2metro (mm)<\/td>\n<td>240<\/td>\n<\/tr>\n<tr>\n<td>Altura (mm)<\/td>\n<td>410<\/td>\n<\/tr>\n<tr>\n<td>\u00c1gua (L)<\/td>\n<td>3<\/td>\n<\/tr>\n<tr>\n<td>Caf\u00e9 (L)<\/td>\n<td>\n<p>1<\/p>\n<\/td>\n<\/tr>\n<tr>\n<td>Pot\u00eancia (W)<\/td>\n<td>\n<p>900<\/p>\n<\/td>\n<\/tr>\n<tr>\n<td>Consumo (kW\/h)<\/td>\n<td>\n<p>0,9<\/p>\n<\/td>\n<\/tr>\n<\/tbody>\n<\/table>\n","protected":false},"excerpt":{"rendered":"<p>Descri\u00e7\u00e3o do Produto Fabricada em a\u00e7o inox 430 e com reservat\u00f3rio em a\u00e7o inox 304, a linha Tradicional Consercaf vem sendo sin\u00f4nimo de excelente custo-benef\u00edcio, com sua qualidade e acabamento superior, tornando-se a principal escolha entre bares e restaurantes de todo o Brasil. A linha Tradicional Consecaf passa por exclusivo processo de polimento, fazendo da [&hellip;]<\/p>\n","protected":false},"featured_media":11007,"comment_status":"open","ping_status":"closed","template":"","meta":[],"product_brand":[],"product_cat":[299],"product_tag":[],"class_list":{"0":"post-11008","1":"product","2":"type-product","3":"status-publish","4":"has-post-thumbnail","6":"product_cat-cafeteira","8":"first","9":"instock","10":"shipping-taxable","11":"purchasable","12":"product-type-simple"},"_links":{"self":[{"href":"https:\/\/twsites.com.br\/novomigcenter\/index.php?rest_route=\/wp\/v2\/product\/11008","targetHints":{"allow":["GET"]}}],"collection":[{"href":"https:\/\/twsites.com.br\/novomigcenter\/index.php?rest_route=\/wp\/v2\/product"}],"about":[{"href":"https:\/\/twsites.com.br\/novomigcenter\/index.php?rest_route=\/wp\/v2\/types\/product"}],"replies":[{"embeddable":true,"href":"https:\/\/twsites.com.br\/novomigcenter\/index.php?rest_route=%2Fwp%2Fv2%2Fcomments&post=11008"}],"wp:featuredmedia":[{"embeddable":true,"href":"https:\/\/twsites.com.br\/novomigcenter\/index.php?rest_route=\/wp\/v2\/media\/11007"}],"wp:attachment":[{"href":"https:\/\/twsites.com.br\/novomigcenter\/index.php?rest_route=%2Fwp%2Fv2%2Fmedia&parent=11008"}],"wp:term":[{"taxonomy":"product_brand","embeddable":true,"href":"https:\/\/twsites.com.br\/novomigcenter\/index.php?rest_route=%2Fwp%2Fv2%2Fproduct_brand&post=11008"},{"taxonomy":"product_cat","embeddable":true,"href":"https:\/\/twsites.com.br\/novomigcenter\/index.php?rest_route=%2Fwp%2Fv2%2Fproduct_cat&post=11008"},{"taxonomy":"product_tag","embeddable":true,"href":"https:\/\/twsites.com.br\/novomigcenter\/index.php?rest_route=%2Fwp%2Fv2%2Fproduct_tag&post=11008"}],"curies":[{"name":"wp","href":"https:\/\/api.w.org\/{rel}","templated":true}]}}