{"id":11108,"date":"2017-02-16T15:49:59","date_gmt":"2017-02-16T15:49:59","guid":{"rendered":"https:\/\/twsites.com.br\/novomigcenter\/?product=amassadeira-semi-rapida-am-25-g-paniz"},"modified":"2017-02-16T15:49:59","modified_gmt":"2017-02-16T15:49:59","slug":"amassadeira-semi-rapida-am-25-g-paniz","status":"publish","type":"product","link":"https:\/\/twsites.com.br\/novomigcenter\/?product=amassadeira-semi-rapida-am-25-g-paniz","title":{"rendered":"Amassadeira Semi-R\u00e1pida AM 25 &#8211; G.Paniz"},"content":{"rendered":"<p><span style=\"font-weight: bold; font-size: 14px;\"><font face=\"Arial\">Descri\u00e7\u00e3o do Produto&nbsp;<\/font><\/span><\/p>\n<p><font face=\"Arial\"><span style=\"font-size: 14px;\">Para preparar massas de pizza, p\u00e3o, cuca, biscoito, macarr\u00e3o, panqueca e similares.&nbsp;<\/span><\/font><\/p>\n<p><font face=\"Arial\"><span style=\"font-size: 14px;\">&#8211; Corpo basculante em a\u00e7o inox&nbsp;<\/span><br \/><\/font><\/p>\n<p><font face=\"Arial\"><span style=\"font-size: 14px;\">&#8211; P\u00e1s fixas amassadoras em ferro fundido nodular, com acabamento em estanho, montadas em mancais rolamentados.<\/span><\/font><\/p>\n<p><font face=\"Arial\"><br \/><\/font><\/p>\n<table class=\"table table-bordered\" style=\"background-color: rgb(255, 255, 255); width: 1440px;\">\n<tbody>\n<tr>\n<td><font face=\"Arial\">CAPACIDADE<br \/><\/font><\/td>\n<td><font face=\"Arial\">25 Kg&nbsp;<br \/><\/font><\/td>\n<\/tr>\n<tr>\n<td><font face=\"Arial\">PRODU\u00c7\u00c3O<br \/><\/font><\/td>\n<td><font face=\"Arial\">65 Kg\/h<br \/><\/font><\/td>\n<\/tr>\n<tr>\n<td><font face=\"Arial\">POT\u00caNCIA<br \/><\/font><\/td>\n<td><font face=\"Arial\">motor de 1CV&nbsp;<br \/><\/font><\/td>\n<\/tr>\n<tr>\n<td><font face=\"Arial\">VELOCIDADE<br \/><\/font><\/td>\n<td><font face=\"Arial\">50 RPM&nbsp;<br \/><\/font><\/td>\n<\/tr>\n<tr>\n<td><font face=\"Arial\">PESO LIQUIDO<br \/><\/font><\/td>\n<td><font face=\"Arial\">45kg<br \/><\/font><\/td>\n<\/tr>\n<tr>\n<td><font face=\"Arial\">PESO BRUTO<br \/><\/font><\/td>\n<td><font face=\"Arial\">55kg<br \/><\/font><\/td>\n<\/tr>\n<tr>\n<td><font face=\"Arial\">DIMENS\u00d5ES<br \/><\/font><\/td>\n<td><font face=\"Arial\">840 x 580 x 460mm<\/font><\/p>\n<\/td>\n<\/tr>\n<\/tbody>\n<\/table>\n","protected":false},"excerpt":{"rendered":"<p>Descri\u00e7\u00e3o do Produto&nbsp; Para preparar massas de pizza, p\u00e3o, cuca, biscoito, macarr\u00e3o, panqueca e similares.&nbsp; &#8211; Corpo basculante em a\u00e7o inox&nbsp; &#8211; P\u00e1s fixas amassadoras em ferro fundido nodular, com acabamento em estanho, montadas em mancais rolamentados. CAPACIDADE 25 Kg&nbsp; PRODU\u00c7\u00c3O 65 Kg\/h POT\u00caNCIA motor de 1CV&nbsp; VELOCIDADE 50 RPM&nbsp; PESO LIQUIDO 45kg PESO BRUTO [&hellip;]<\/p>\n","protected":false},"featured_media":11107,"comment_status":"open","ping_status":"closed","template":"","meta":[],"product_brand":[],"product_cat":[336],"product_tag":[],"class_list":{"0":"post-11108","1":"product","2":"type-product","3":"status-publish","4":"has-post-thumbnail","6":"product_cat-amassadeira-semi-rapida","8":"first","9":"instock","10":"shipping-taxable","11":"purchasable","12":"product-type-simple"},"_links":{"self":[{"href":"https:\/\/twsites.com.br\/novomigcenter\/index.php?rest_route=\/wp\/v2\/product\/11108","targetHints":{"allow":["GET"]}}],"collection":[{"href":"https:\/\/twsites.com.br\/novomigcenter\/index.php?rest_route=\/wp\/v2\/product"}],"about":[{"href":"https:\/\/twsites.com.br\/novomigcenter\/index.php?rest_route=\/wp\/v2\/types\/product"}],"replies":[{"embeddable":true,"href":"https:\/\/twsites.com.br\/novomigcenter\/index.php?rest_route=%2Fwp%2Fv2%2Fcomments&post=11108"}],"wp:featuredmedia":[{"embeddable":true,"href":"https:\/\/twsites.com.br\/novomigcenter\/index.php?rest_route=\/wp\/v2\/media\/11107"}],"wp:attachment":[{"href":"https:\/\/twsites.com.br\/novomigcenter\/index.php?rest_route=%2Fwp%2Fv2%2Fmedia&parent=11108"}],"wp:term":[{"taxonomy":"product_brand","embeddable":true,"href":"https:\/\/twsites.com.br\/novomigcenter\/index.php?rest_route=%2Fwp%2Fv2%2Fproduct_brand&post=11108"},{"taxonomy":"product_cat","embeddable":true,"href":"https:\/\/twsites.com.br\/novomigcenter\/index.php?rest_route=%2Fwp%2Fv2%2Fproduct_cat&post=11108"},{"taxonomy":"product_tag","embeddable":true,"href":"https:\/\/twsites.com.br\/novomigcenter\/index.php?rest_route=%2Fwp%2Fv2%2Fproduct_tag&post=11108"}],"curies":[{"name":"wp","href":"https:\/\/api.w.org\/{rel}","templated":true}]}}