{"id":11130,"date":"2017-02-17T16:24:56","date_gmt":"2017-02-17T16:24:56","guid":{"rendered":"https:\/\/twsites.com.br\/novomigcenter\/?product=bp-12-gpaniz"},"modified":"2017-02-17T16:24:56","modified_gmt":"2017-02-17T16:24:56","slug":"bp-12-gpaniz","status":"publish","type":"product","link":"https:\/\/twsites.com.br\/novomigcenter\/?product=bp-12-gpaniz","title":{"rendered":"BATEDEIRA PLANETARIA BP 12 RP &#8211; G.Paniz"},"content":{"rendered":"<p><span style=\"font-weight: bold;\">Descri\u00e7\u00e3o do Produto<\/span><\/p>\n<p>Ideal para panquecas, bolos, claras em neve, glac\u00eas, marshmallow, cremes, etc. Estrutura em a\u00e7o carbono com pintura ep\u00f3xi ou em a\u00e7o inox escovado 430. Sistema de redu\u00e7\u00e3o de velocidade atrav\u00e9s de caixa redutora que dispensa lubrifi ca\u00e7\u00e3o. Protetor da cuba em policarbonato transparente. Fechamento superior em polipropileno. Troca de velocidade realizada por inversor der frequ\u00eancia.<\/p>\n<p><\/p>\n<table class=\"table table-bordered\" style=\"background-color: rgb(255, 255, 255); width: 1440px;\">\n<tbody>\n<tr>\n<td>MODELO<\/td>\n<td>BP 12 RP<\/td>\n<\/tr>\n<tr>\n<td>CAPACIDADE<\/td>\n<td>12 Litros<\/td>\n<\/tr>\n<tr>\n<td>POTENCIA<\/td>\n<td>1\/2 Cv<\/td>\n<\/tr>\n<tr>\n<td>CONSUMO<\/td>\n<td>0,38 Kw\/h&nbsp;<\/td>\n<\/tr>\n<tr>\n<td>DIMENS\u00d5ES (mm)<\/td>\n<td>725x335x555<\/td>\n<\/tr>\n<tr>\n<td>PESO LIQUIDO<\/td>\n<td>32 Kg<\/td>\n<\/tr>\n<\/tbody>\n<\/table>\n","protected":false},"excerpt":{"rendered":"<p>Descri\u00e7\u00e3o do Produto Ideal para panquecas, bolos, claras em neve, glac\u00eas, marshmallow, cremes, etc. Estrutura em a\u00e7o carbono com pintura ep\u00f3xi ou em a\u00e7o inox escovado 430. Sistema de redu\u00e7\u00e3o de velocidade atrav\u00e9s de caixa redutora que dispensa lubrifi ca\u00e7\u00e3o. Protetor da cuba em policarbonato transparente. Fechamento superior em polipropileno. Troca de velocidade realizada por [&hellip;]<\/p>\n","protected":false},"featured_media":11129,"comment_status":"open","ping_status":"closed","template":"","meta":[],"product_brand":[],"product_cat":[338],"product_tag":[],"class_list":{"0":"post-11130","1":"product","2":"type-product","3":"status-publish","4":"has-post-thumbnail","6":"product_cat-batedeira-planetaria","8":"first","9":"instock","10":"shipping-taxable","11":"purchasable","12":"product-type-simple"},"_links":{"self":[{"href":"https:\/\/twsites.com.br\/novomigcenter\/index.php?rest_route=\/wp\/v2\/product\/11130","targetHints":{"allow":["GET"]}}],"collection":[{"href":"https:\/\/twsites.com.br\/novomigcenter\/index.php?rest_route=\/wp\/v2\/product"}],"about":[{"href":"https:\/\/twsites.com.br\/novomigcenter\/index.php?rest_route=\/wp\/v2\/types\/product"}],"replies":[{"embeddable":true,"href":"https:\/\/twsites.com.br\/novomigcenter\/index.php?rest_route=%2Fwp%2Fv2%2Fcomments&post=11130"}],"wp:featuredmedia":[{"embeddable":true,"href":"https:\/\/twsites.com.br\/novomigcenter\/index.php?rest_route=\/wp\/v2\/media\/11129"}],"wp:attachment":[{"href":"https:\/\/twsites.com.br\/novomigcenter\/index.php?rest_route=%2Fwp%2Fv2%2Fmedia&parent=11130"}],"wp:term":[{"taxonomy":"product_brand","embeddable":true,"href":"https:\/\/twsites.com.br\/novomigcenter\/index.php?rest_route=%2Fwp%2Fv2%2Fproduct_brand&post=11130"},{"taxonomy":"product_cat","embeddable":true,"href":"https:\/\/twsites.com.br\/novomigcenter\/index.php?rest_route=%2Fwp%2Fv2%2Fproduct_cat&post=11130"},{"taxonomy":"product_tag","embeddable":true,"href":"https:\/\/twsites.com.br\/novomigcenter\/index.php?rest_route=%2Fwp%2Fv2%2Fproduct_tag&post=11130"}],"curies":[{"name":"wp","href":"https:\/\/api.w.org\/{rel}","templated":true}]}}