{"id":11138,"date":"2017-02-20T08:52:46","date_gmt":"2017-02-20T08:52:46","guid":{"rendered":"https:\/\/twsites.com.br\/novomigcenter\/?product=bpel-05-premium"},"modified":"2017-02-20T08:52:46","modified_gmt":"2017-02-20T08:52:46","slug":"bpel-05-premium","status":"publish","type":"product","link":"https:\/\/twsites.com.br\/novomigcenter\/?product=bpel-05-premium","title":{"rendered":"Batedeira Planet\u00e1ria Eletr\u00f4nica 5L BPEL-05 Premium"},"content":{"rendered":"<ul style=\"margin-right: 0px; margin-bottom: 0px; margin-left: 0px; padding: 0px; background-position: 0px 0px; color: rgb(102, 102, 102); font-family: montserratlight; font-size: 14px; line-height: 27px; text-align: center;\">\n<li style=\"text-align: left; margin: 0px; padding: 0px; background-position: 0px 0px; font-size: 1.4rem; line-height: 27px; list-style: none !important;\">Estrutura em a\u00e7o com acabamento em pintura ep\u00f3xi;<\/li>\n<li style=\"text-align: left; margin: 0px; padding: 0px; background-position: 0px 0px; font-size: 1.4rem; line-height: 27px; list-style: none !important;\">Gabinete em pol\u00edmero termoformado de alta resist\u00eancia;<\/li>\n<li style=\"text-align: left; margin: 0px; padding: 0px; background-position: 0px 0px; font-size: 1.4rem; line-height: 27px; list-style: none !important;\">Cuba em a\u00e7o inox;<\/li>\n<li style=\"text-align: left; margin: 0px; padding: 0px; background-position: 0px 0px; font-size: 1.4rem; line-height: 27px; list-style: none !important;\">Grade de prote\u00e7\u00e3o cromada;<\/li>\n<li style=\"text-align: left; margin: 0px; padding: 0px; background-position: 0px 0px; font-size: 1.4rem; line-height: 27px; list-style: none !important;\">Sistema planet\u00e1rio de engrenagens com helicoidais de a\u00e7o;<\/li>\n<li style=\"text-align: left; margin: 0px; padding: 0px; background-position: 0px 0px; font-size: 1.4rem; line-height: 27px; list-style: none !important;\">Sistema &nbsp;eletr\u00f4nico de &nbsp;varia\u00e7\u00e3o de velocidade;<\/li>\n<li style=\"text-align: left; margin: 0px; padding: 0px; background-position: 0px 0px; font-size: 1.4rem; line-height: 27px; list-style: none !important;\">Acompanha batedor espiral, batedor raquete e batedor globo.<\/li>\n<li style=\"text-align: left; margin: 0px; padding: 0px; background-position: 0px 0px; font-size: 1.4rem; line-height: 27px; list-style: none !important;\">Parte superior basculante &nbsp;que desliga o equipamento ao ser levantada.\n<p><img decoding=\"async\" src=\"http:\/\/www.progas.com.br\/userfiles\/produtos\/e0db0da74a1de9421cd13c2db767ce38.jpg\" style=\"width: 679.531px; height: 81.6px;\"><\/li>\n<\/ul>\n","protected":false},"excerpt":{"rendered":"<p>Estrutura em a\u00e7o com acabamento em pintura ep\u00f3xi; Gabinete em pol\u00edmero termoformado de alta resist\u00eancia; Cuba em a\u00e7o inox; Grade de prote\u00e7\u00e3o cromada; Sistema planet\u00e1rio de engrenagens com helicoidais de a\u00e7o; Sistema &nbsp;eletr\u00f4nico de &nbsp;varia\u00e7\u00e3o de velocidade; Acompanha batedor espiral, batedor raquete e batedor globo. Parte superior basculante &nbsp;que desliga o equipamento ao ser levantada.<\/p>\n","protected":false},"featured_media":11137,"comment_status":"open","ping_status":"closed","template":"","meta":[],"product_brand":[],"product_cat":[338],"product_tag":[449],"class_list":{"0":"post-11138","1":"product","2":"type-product","3":"status-publish","4":"has-post-thumbnail","6":"product_cat-batedeira-planetaria","7":"product_tag-batedeira-planetaria-bp-05-n-style-mb-braesi","9":"first","10":"instock","11":"shipping-taxable","12":"purchasable","13":"product-type-simple"},"_links":{"self":[{"href":"https:\/\/twsites.com.br\/novomigcenter\/index.php?rest_route=\/wp\/v2\/product\/11138","targetHints":{"allow":["GET"]}}],"collection":[{"href":"https:\/\/twsites.com.br\/novomigcenter\/index.php?rest_route=\/wp\/v2\/product"}],"about":[{"href":"https:\/\/twsites.com.br\/novomigcenter\/index.php?rest_route=\/wp\/v2\/types\/product"}],"replies":[{"embeddable":true,"href":"https:\/\/twsites.com.br\/novomigcenter\/index.php?rest_route=%2Fwp%2Fv2%2Fcomments&post=11138"}],"wp:featuredmedia":[{"embeddable":true,"href":"https:\/\/twsites.com.br\/novomigcenter\/index.php?rest_route=\/wp\/v2\/media\/11137"}],"wp:attachment":[{"href":"https:\/\/twsites.com.br\/novomigcenter\/index.php?rest_route=%2Fwp%2Fv2%2Fmedia&parent=11138"}],"wp:term":[{"taxonomy":"product_brand","embeddable":true,"href":"https:\/\/twsites.com.br\/novomigcenter\/index.php?rest_route=%2Fwp%2Fv2%2Fproduct_brand&post=11138"},{"taxonomy":"product_cat","embeddable":true,"href":"https:\/\/twsites.com.br\/novomigcenter\/index.php?rest_route=%2Fwp%2Fv2%2Fproduct_cat&post=11138"},{"taxonomy":"product_tag","embeddable":true,"href":"https:\/\/twsites.com.br\/novomigcenter\/index.php?rest_route=%2Fwp%2Fv2%2Fproduct_tag&post=11138"}],"curies":[{"name":"wp","href":"https:\/\/api.w.org\/{rel}","templated":true}]}}