{"id":11146,"date":"2017-02-20T10:00:12","date_gmt":"2017-02-20T10:00:12","guid":{"rendered":"https:\/\/twsites.com.br\/novomigcenter\/?product=bp-18-sl"},"modified":"2017-02-20T10:00:12","modified_gmt":"2017-02-20T10:00:12","slug":"bp-18-sl","status":"publish","type":"product","link":"https:\/\/twsites.com.br\/novomigcenter\/?product=bp-18-sl","title":{"rendered":"Batedeira Planet\u00e1ria &#8211; BP 18 SL &#8211; Gastromaq"},"content":{"rendered":"<p><span style=\"font-weight: bold;\">Caracter\u00edsticas<\/span><\/p>\n<p>Batedeiras planet\u00e1rias destinadas a misturar e bater massas m\u00e9dias para, biscoitos, e batidos leves como p\u00e3o de Io, merengues, cremes, glac\u00eas, e outros preparos especiais. Este equipamento destina-se a confeitarias,e cozinhas industriais, al\u00e9m do mercado informal e donas de casa que trabalham na venda de doces e salgados caseiros. Possui 6 varia\u00e7\u00f5es de velocidades projetadas de forma a atender a produ\u00e7\u00e3o de uma gama ampla de diferentes tipos de massas e batidos; al\u00e9m de funcional o sistema \u00e9 pr\u00e1tico e de baixa manuten\u00e7\u00e3o. A troca dos acess\u00f3rios \u00e9 feita de forma r\u00e1pida e segura, sistema \u00edmpar no mercado. Possuem grade de seguran\u00e7a que impede o acesso das m\u00e3os do usu\u00e1rio nas partes m\u00f3veis do equipamento enquadrando-se com as normas do Minist\u00e9rio do Trabalho. A fixa\u00e7\u00e3o da tampa \u00e9 feita atrav\u00e9s de um sistema isento de interfer\u00eancias de vibra\u00e7\u00f5es oriundas do motor e do ambiente externo aumentando sua seguran\u00e7a e sua higiene.<\/p>\n<p><span style=\"font-weight: bold;\">Especifica\u00e7\u00f5es T\u00e9cnicas<\/span><\/p>\n<p><\/p>\n<table class=\"table table-bordered\" style=\"background-color: rgb(255, 255, 255); width: 1440px;\">\n<tbody>\n<tr>\n<td>CAPACIDADE<\/td>\n<td>18 litros de mistura<\/td>\n<\/tr>\n<tr>\n<td>POT\u00caNCIA<\/td>\n<td>1,0 Cv mono<\/td>\n<\/tr>\n<tr>\n<td>CONSUMO<\/td>\n<td>0,75 Kw\/h<\/td>\n<\/tr>\n<tr>\n<td>PESO<\/td>\n<td>103 Kg<\/td>\n<\/tr>\n<tr>\n<td>DIMENS\u00d5ES (alt. x larg. x comp.)<\/td>\n<td>1120x565x929mm<\/td>\n<\/tr>\n<\/tbody>\n<\/table>\n","protected":false},"excerpt":{"rendered":"<p>Caracter\u00edsticas Batedeiras planet\u00e1rias destinadas a misturar e bater massas m\u00e9dias para, biscoitos, e batidos leves como p\u00e3o de Io, merengues, cremes, glac\u00eas, e outros preparos especiais. Este equipamento destina-se a confeitarias,e cozinhas industriais, al\u00e9m do mercado informal e donas de casa que trabalham na venda de doces e salgados caseiros. Possui 6 varia\u00e7\u00f5es de velocidades [&hellip;]<\/p>\n","protected":false},"featured_media":11145,"comment_status":"open","ping_status":"closed","template":"","meta":[],"product_brand":[],"product_cat":[338],"product_tag":[],"class_list":{"0":"post-11146","1":"product","2":"type-product","3":"status-publish","4":"has-post-thumbnail","6":"product_cat-batedeira-planetaria","8":"first","9":"instock","10":"shipping-taxable","11":"purchasable","12":"product-type-simple"},"_links":{"self":[{"href":"https:\/\/twsites.com.br\/novomigcenter\/index.php?rest_route=\/wp\/v2\/product\/11146","targetHints":{"allow":["GET"]}}],"collection":[{"href":"https:\/\/twsites.com.br\/novomigcenter\/index.php?rest_route=\/wp\/v2\/product"}],"about":[{"href":"https:\/\/twsites.com.br\/novomigcenter\/index.php?rest_route=\/wp\/v2\/types\/product"}],"replies":[{"embeddable":true,"href":"https:\/\/twsites.com.br\/novomigcenter\/index.php?rest_route=%2Fwp%2Fv2%2Fcomments&post=11146"}],"wp:featuredmedia":[{"embeddable":true,"href":"https:\/\/twsites.com.br\/novomigcenter\/index.php?rest_route=\/wp\/v2\/media\/11145"}],"wp:attachment":[{"href":"https:\/\/twsites.com.br\/novomigcenter\/index.php?rest_route=%2Fwp%2Fv2%2Fmedia&parent=11146"}],"wp:term":[{"taxonomy":"product_brand","embeddable":true,"href":"https:\/\/twsites.com.br\/novomigcenter\/index.php?rest_route=%2Fwp%2Fv2%2Fproduct_brand&post=11146"},{"taxonomy":"product_cat","embeddable":true,"href":"https:\/\/twsites.com.br\/novomigcenter\/index.php?rest_route=%2Fwp%2Fv2%2Fproduct_cat&post=11146"},{"taxonomy":"product_tag","embeddable":true,"href":"https:\/\/twsites.com.br\/novomigcenter\/index.php?rest_route=%2Fwp%2Fv2%2Fproduct_tag&post=11146"}],"curies":[{"name":"wp","href":"https:\/\/api.w.org\/{rel}","templated":true}]}}