{"id":11155,"date":"2017-02-20T11:00:06","date_gmt":"2017-02-20T11:00:06","guid":{"rendered":"https:\/\/twsites.com.br\/novomigcenter\/?product=cb-30-1-style"},"modified":"2017-02-20T11:00:06","modified_gmt":"2017-02-20T11:00:06","slug":"cb-30-1-style","status":"publish","type":"product","link":"https:\/\/twsites.com.br\/novomigcenter\/?product=cb-30-1-style","title":{"rendered":"Cilindro Laminador CB-30\/1 Style &#8211; MB Braesi"},"content":{"rendered":"<p><span style=\"font-weight: bold;\">Descri\u00e7\u00e3o do Produto<\/span><\/p>\n<p>&#8211; Estrutura em a\u00e7o inox e chapa com pintura ep\u00f3xi;<\/p>\n<p>&#8211; Eixos apoiados em rolamentos;<\/p>\n<p>&#8211; Rolo superior;<\/p>\n<p>&#8211; Cilindros laminadores revestidos em cromo duro, com raspadores pl\u00e1sticos;<\/p>\n<p>&#8211; Capacidade para 2kg de massa;<\/p>\n<p>&#8211; Equipamento bivolt tens\u00e3o 127\/220v.<\/p>\n<p><\/p>\n<table class=\"table table-bordered\" style=\"background-color: rgb(255, 255, 255); width: 1440px;\">\n<tbody>\n<tr>\n<td><span style=\"font-weight: bold;\">Modelo<\/span><\/td>\n<td><span style=\"font-weight: bold;\">Cilindro (mm)<\/span><\/td>\n<td><span style=\"font-weight: bold;\">Altura (mm)<\/span><\/td>\n<td><span style=\"font-weight: bold;\">Profundidade (mm)<\/span><\/td>\n<td><span style=\"font-weight: bold;\">Largura (mm)<\/span><\/td>\n<td><span style=\"font-weight: bold;\">Peso L\u00edquido (kg)<\/span><\/td>\n<td><span style=\"font-weight: bold;\">Motor<\/span><\/td>\n<td><span style=\"font-weight: bold;\">Consumo M\u00e9dio (kw\/h)<\/span><\/td>\n<\/tr>\n<tr>\n<td>CB-30\/1 Style<\/td>\n<td>300 x 50<\/td>\n<td>550<\/td>\n<td>550<\/td>\n<td>500<\/td>\n<td>32,5<\/td>\n<td>Bivolt 1\/3 cv<\/td>\n<td>0,37<\/td>\n<\/tr>\n<tr>\n<td>CB-30\/1 Style<\/td>\n<td>300 x 50<\/td>\n<td>550<\/td>\n<td>550<\/td>\n<td>500<\/td>\n<td>37<\/td>\n<td>Bivolt 1\/2 cv<\/td>\n<td>0,55<\/td>\n<\/tr>\n<\/tbody>\n<\/table>\n","protected":false},"excerpt":{"rendered":"<p>Descri\u00e7\u00e3o do Produto &#8211; Estrutura em a\u00e7o inox e chapa com pintura ep\u00f3xi; &#8211; Eixos apoiados em rolamentos; &#8211; Rolo superior; &#8211; Cilindros laminadores revestidos em cromo duro, com raspadores pl\u00e1sticos; &#8211; Capacidade para 2kg de massa; &#8211; Equipamento bivolt tens\u00e3o 127\/220v. Modelo Cilindro (mm) Altura (mm) Profundidade (mm) Largura (mm) Peso L\u00edquido (kg) Motor [&hellip;]<\/p>\n","protected":false},"featured_media":11154,"comment_status":"open","ping_status":"closed","template":"","meta":[],"product_brand":[],"product_cat":[340],"product_tag":[],"class_list":{"0":"post-11155","1":"product","2":"type-product","3":"status-publish","4":"has-post-thumbnail","6":"product_cat-cilindro","8":"first","9":"instock","10":"shipping-taxable","11":"purchasable","12":"product-type-simple"},"_links":{"self":[{"href":"https:\/\/twsites.com.br\/novomigcenter\/index.php?rest_route=\/wp\/v2\/product\/11155","targetHints":{"allow":["GET"]}}],"collection":[{"href":"https:\/\/twsites.com.br\/novomigcenter\/index.php?rest_route=\/wp\/v2\/product"}],"about":[{"href":"https:\/\/twsites.com.br\/novomigcenter\/index.php?rest_route=\/wp\/v2\/types\/product"}],"replies":[{"embeddable":true,"href":"https:\/\/twsites.com.br\/novomigcenter\/index.php?rest_route=%2Fwp%2Fv2%2Fcomments&post=11155"}],"wp:featuredmedia":[{"embeddable":true,"href":"https:\/\/twsites.com.br\/novomigcenter\/index.php?rest_route=\/wp\/v2\/media\/11154"}],"wp:attachment":[{"href":"https:\/\/twsites.com.br\/novomigcenter\/index.php?rest_route=%2Fwp%2Fv2%2Fmedia&parent=11155"}],"wp:term":[{"taxonomy":"product_brand","embeddable":true,"href":"https:\/\/twsites.com.br\/novomigcenter\/index.php?rest_route=%2Fwp%2Fv2%2Fproduct_brand&post=11155"},{"taxonomy":"product_cat","embeddable":true,"href":"https:\/\/twsites.com.br\/novomigcenter\/index.php?rest_route=%2Fwp%2Fv2%2Fproduct_cat&post=11155"},{"taxonomy":"product_tag","embeddable":true,"href":"https:\/\/twsites.com.br\/novomigcenter\/index.php?rest_route=%2Fwp%2Fv2%2Fproduct_tag&post=11155"}],"curies":[{"name":"wp","href":"https:\/\/api.w.org\/{rel}","templated":true}]}}