{"id":11243,"date":"2017-03-07T15:39:46","date_gmt":"2017-03-07T15:39:46","guid":{"rendered":"https:\/\/twsites.com.br\/novomigcenter\/?product=cesta-s900-supercron"},"modified":"2017-03-07T15:39:46","modified_gmt":"2017-03-07T15:39:46","slug":"cesta-s900-supercron","status":"publish","type":"product","link":"https:\/\/twsites.com.br\/novomigcenter\/?product=cesta-s900-supercron","title":{"rendered":"Cesta grande S-900"},"content":{"rendered":"<p><span style=\"color: rgb(0, 0, 0); font-family: Verdana, Geneva, sans-serif; text-align: justify;\">A cesta S-900 possui grande capacidade de carga e tamanho reduzido. \u00c9ideal para quem quer fazer uma &#8220;comprinha&#8221; e sempre acaba levando algo a mais.<\/span><br style=\"margin: 0px; padding: 0px; font-family: Verdana, Geneva, sans-serif; color: rgb(0, 0, 0); text-align: justify;\"><span style=\"color: rgb(0, 0, 0); font-family: Verdana, Geneva, sans-serif; text-align: justify;\">Fora isso \u00e9 ecologicamente correta, pois dispensa o uso de sacolas pl\u00e1sticas.<\/span><br style=\"margin: 0px; padding: 0px; font-family: Verdana, Geneva, sans-serif; color: rgb(0, 0, 0); text-align: justify;\"><span style=\"color: rgb(0, 0, 0); font-family: Verdana, Geneva, sans-serif; text-align: justify;\">Pode ser utilizada para atividades dom\u00e9sticas e tamb\u00e9m como produto promocional.<\/span><\/p>\n<p><b style=\"margin: 0px; padding: 0px; font-family: Verdana, Geneva, sans-serif; color: rgb(0, 0, 0); text-align: justify;\">Medidas:&nbsp;<\/b><br style=\"margin: 0px; padding: 0px; font-family: Verdana, Geneva, sans-serif; color: rgb(0, 0, 0); text-align: justify;\"><span style=\"color: rgb(0, 0, 0); font-family: Verdana, Geneva, sans-serif; text-align: justify;\">Comprimento 51cm&nbsp;<\/span><br style=\"margin: 0px; padding: 0px; font-family: Verdana, Geneva, sans-serif; color: rgb(0, 0, 0); text-align: justify;\"><span style=\"color: rgb(0, 0, 0); font-family: Verdana, Geneva, sans-serif; text-align: justify;\">Largura 32cm&nbsp;<\/span><br style=\"margin: 0px; padding: 0px; font-family: Verdana, Geneva, sans-serif; color: rgb(0, 0, 0); text-align: justify;\"><span style=\"color: rgb(0, 0, 0); font-family: Verdana, Geneva, sans-serif; text-align: justify;\">Altura 34cm<\/span><br style=\"margin: 0px; padding: 0px; font-family: Verdana, Geneva, sans-serif; color: rgb(0, 0, 0); text-align: justify;\"><br style=\"margin: 0px; padding: 0px; font-family: Verdana, Geneva, sans-serif; color: rgb(0, 0, 0); text-align: justify;\"><b style=\"margin: 0px; padding: 0px; font-family: Verdana, Geneva, sans-serif; color: rgb(0, 0, 0); text-align: justify;\">Caracter\u00edsticas:<\/b><br style=\"margin: 0px; padding: 0px; font-family: Verdana, Geneva, sans-serif; color: rgb(0, 0, 0); text-align: justify;\"><span style=\"color: rgb(0, 0, 0); font-family: Verdana, Geneva, sans-serif; text-align: justify;\">\u2022 Capacidade de 30 litros<\/span><br style=\"margin: 0px; padding: 0px; font-family: Verdana, Geneva, sans-serif; color: rgb(0, 0, 0); text-align: justify;\"><span style=\"color: rgb(0, 0, 0); font-family: Verdana, Geneva, sans-serif; text-align: justify;\">\u2022 Muito mais praticidade para seus clientes.<\/span><br style=\"margin: 0px; padding: 0px; font-family: Verdana, Geneva, sans-serif; color: rgb(0, 0, 0); text-align: justify;\"><span style=\"color: rgb(0, 0, 0); font-family: Verdana, Geneva, sans-serif; text-align: justify;\">\u2022 Personalize sua cesta com sua logomarca.<\/span><br style=\"margin: 0px; padding: 0px; font-family: Verdana, Geneva, sans-serif; color: rgb(0, 0, 0); text-align: justify;\"><span style=\"color: rgb(0, 0, 0); font-family: Verdana, Geneva, sans-serif; text-align: justify;\">\u2022 Al\u00e7a super resistentes&nbsp;<\/span><br style=\"margin: 0px; padding: 0px; font-family: Verdana, Geneva, sans-serif; color: rgb(0, 0, 0); text-align: justify;\"><br style=\"margin: 0px; padding: 0px; font-family: Verdana, Geneva, sans-serif; color: rgb(0, 0, 0); text-align: justify;\"><b style=\"margin: 0px; padding: 0px; font-family: Verdana, Geneva, sans-serif; color: rgb(0, 0, 0); text-align: justify;\">Dispon\u00edveis nas cores:<\/b><br style=\"margin: 0px; padding: 0px; font-family: Verdana, Geneva, sans-serif; color: rgb(0, 0, 0); text-align: justify;\"><span style=\"color: rgb(0, 0, 0); font-family: Verdana, Geneva, sans-serif; text-align: justify;\">\u2022 Azul<\/span><br style=\"margin: 0px; padding: 0px; font-family: Verdana, Geneva, sans-serif; color: rgb(0, 0, 0); text-align: justify;\"><span style=\"color: rgb(0, 0, 0); font-family: Verdana, Geneva, sans-serif; text-align: justify;\">\u2022 Vermelho<\/span><br style=\"margin: 0px; padding: 0px; font-family: Verdana, Geneva, sans-serif; color: rgb(0, 0, 0); text-align: justify;\"><span style=\"color: rgb(0, 0, 0); font-family: Verdana, Geneva, sans-serif; text-align: justify;\">\u2022 Amarelo<\/span><br style=\"margin: 0px; padding: 0px; font-family: Verdana, Geneva, sans-serif; color: rgb(0, 0, 0); text-align: justify;\"><span style=\"color: rgb(0, 0, 0); font-family: Verdana, Geneva, sans-serif; text-align: justify;\">\u2022 Verde<\/span><br style=\"margin: 0px; padding: 0px; font-family: Verdana, Geneva, sans-serif; color: rgb(0, 0, 0); text-align: justify;\"><br style=\"margin: 0px; padding: 0px; font-family: Verdana, Geneva, sans-serif; color: rgb(0, 0, 0); text-align: justify;\"><span style=\"color: rgb(0, 0, 0); font-family: Verdana, Geneva, sans-serif; text-align: justify;\">\u2022&nbsp;<\/span><b style=\"margin: 0px; padding: 0px; font-family: Verdana, Geneva, sans-serif; color: rgb(0, 0, 0); text-align: justify;\">Nossas cestas podem ser personalizadas com o logotipo em silk-screen.<\/b><span style=\"color: rgb(0, 0, 0); font-family: Verdana, Geneva, sans-serif; text-align: justify;\"><br \/><\/span><\/p>\n","protected":false},"excerpt":{"rendered":"<p>A cesta S-900 possui grande capacidade de carga e tamanho reduzido. \u00c9ideal para quem quer fazer uma &#8220;comprinha&#8221; e sempre acaba levando algo a mais.Fora isso \u00e9 ecologicamente correta, pois dispensa o uso de sacolas pl\u00e1sticas.Pode ser utilizada para atividades dom\u00e9sticas e tamb\u00e9m como produto promocional. Medidas:&nbsp;Comprimento 51cm&nbsp;Largura 32cm&nbsp;Altura 34cmCaracter\u00edsticas:\u2022 Capacidade de 30 litros\u2022 Muito [&hellip;]<\/p>\n","protected":false},"featured_media":11242,"comment_status":"open","ping_status":"closed","template":"","meta":[],"product_brand":[],"product_cat":[365,418,417,443],"product_tag":[],"class_list":{"0":"post-11243","1":"product","2":"type-product","3":"status-publish","4":"has-post-thumbnail","6":"product_cat-cesta","7":"product_cat-produtos-entrega-mig-express-hoje","8":"product_cat-novidades","9":"product_cat-supermercado","11":"first","12":"instock","13":"shipping-taxable","14":"purchasable","15":"product-type-simple"},"_links":{"self":[{"href":"https:\/\/twsites.com.br\/novomigcenter\/index.php?rest_route=\/wp\/v2\/product\/11243","targetHints":{"allow":["GET"]}}],"collection":[{"href":"https:\/\/twsites.com.br\/novomigcenter\/index.php?rest_route=\/wp\/v2\/product"}],"about":[{"href":"https:\/\/twsites.com.br\/novomigcenter\/index.php?rest_route=\/wp\/v2\/types\/product"}],"replies":[{"embeddable":true,"href":"https:\/\/twsites.com.br\/novomigcenter\/index.php?rest_route=%2Fwp%2Fv2%2Fcomments&post=11243"}],"wp:featuredmedia":[{"embeddable":true,"href":"https:\/\/twsites.com.br\/novomigcenter\/index.php?rest_route=\/wp\/v2\/media\/11242"}],"wp:attachment":[{"href":"https:\/\/twsites.com.br\/novomigcenter\/index.php?rest_route=%2Fwp%2Fv2%2Fmedia&parent=11243"}],"wp:term":[{"taxonomy":"product_brand","embeddable":true,"href":"https:\/\/twsites.com.br\/novomigcenter\/index.php?rest_route=%2Fwp%2Fv2%2Fproduct_brand&post=11243"},{"taxonomy":"product_cat","embeddable":true,"href":"https:\/\/twsites.com.br\/novomigcenter\/index.php?rest_route=%2Fwp%2Fv2%2Fproduct_cat&post=11243"},{"taxonomy":"product_tag","embeddable":true,"href":"https:\/\/twsites.com.br\/novomigcenter\/index.php?rest_route=%2Fwp%2Fv2%2Fproduct_tag&post=11243"}],"curies":[{"name":"wp","href":"https:\/\/api.w.org\/{rel}","templated":true}]}}