{"id":11245,"date":"2017-03-07T15:41:59","date_gmt":"2017-03-07T15:41:59","guid":{"rendered":"https:\/\/twsites.com.br\/novomigcenter\/?product=cesta-s700-supercron"},"modified":"2017-03-07T15:41:59","modified_gmt":"2017-03-07T15:41:59","slug":"cesta-s700-supercron","status":"publish","type":"product","link":"https:\/\/twsites.com.br\/novomigcenter\/?product=cesta-s700-supercron","title":{"rendered":"Cesta S-700"},"content":{"rendered":"<p><span style=\"color: rgb(0, 0, 0); font-family: Verdana, Geneva, sans-serif; text-align: justify;\">Criadas para atender os mais diversos estabelecimentos, as CESTAS SUPERCRON S-700 possuem grande \u00e1rea \u00fatil, aumentando o tamanho da compra do seu cliente! Podem ser personalizadas e s\u00e3o a op\u00e7\u00e3o segura para supermercados, lojas de conveni\u00eancia, de departamento, varej\u00f5es, horti-fruti etc.&nbsp;<\/span><br style=\"margin: 0px; padding: 0px; font-family: Verdana, Geneva, sans-serif; color: rgb(0, 0, 0); text-align: justify;\"><span style=\"color: rgb(0, 0, 0); font-family: Verdana, Geneva, sans-serif; text-align: justify;\">Com al\u00e7as pl\u00e1sticas refor\u00e7adas, s\u00e3o leves, resistentes e de f\u00e1cil empilhamento e f\u00e1cil higieniza\u00e7\u00e3o.&nbsp;<\/span><br style=\"margin: 0px; padding: 0px; font-family: Verdana, Geneva, sans-serif; color: rgb(0, 0, 0); text-align: justify;\"><br style=\"margin: 0px; padding: 0px; font-family: Verdana, Geneva, sans-serif; color: rgb(0, 0, 0); text-align: justify;\"><b style=\"margin: 0px; padding: 0px; font-family: Verdana, Geneva, sans-serif; color: rgb(0, 0, 0); text-align: justify;\">Dispon\u00edveis nas cores:<\/b><br style=\"margin: 0px; padding: 0px; font-family: Verdana, Geneva, sans-serif; color: rgb(0, 0, 0); text-align: justify;\"><span style=\"color: rgb(0, 0, 0); font-family: Verdana, Geneva, sans-serif; text-align: justify;\">\u2022 AZUL&nbsp;<\/span><br style=\"margin: 0px; padding: 0px; font-family: Verdana, Geneva, sans-serif; color: rgb(0, 0, 0); text-align: justify;\"><span style=\"color: rgb(0, 0, 0); font-family: Verdana, Geneva, sans-serif; text-align: justify;\">\u2022 VERMELHO&nbsp;<\/span><br style=\"margin: 0px; padding: 0px; font-family: Verdana, Geneva, sans-serif; color: rgb(0, 0, 0); text-align: justify;\"><span style=\"color: rgb(0, 0, 0); font-family: Verdana, Geneva, sans-serif; text-align: justify;\">\u2022 AMARELO&nbsp;<\/span><br style=\"margin: 0px; padding: 0px; font-family: Verdana, Geneva, sans-serif; color: rgb(0, 0, 0); text-align: justify;\"><span style=\"color: rgb(0, 0, 0); font-family: Verdana, Geneva, sans-serif; text-align: justify;\">\u2022 VERDE<\/span><\/p>\n<p><span style=\"color: rgb(0, 0, 0); font-family: Verdana, Geneva, sans-serif; text-align: justify;\"><br \/><\/span><\/p>\n<p><b style=\"margin: 0px; padding: 0px; font-family: Verdana, Geneva, sans-serif; color: rgb(0, 0, 0); text-align: justify;\">Medidas:&nbsp;<\/b><br style=\"margin: 0px; padding: 0px; font-family: Verdana, Geneva, sans-serif; color: rgb(0, 0, 0); text-align: justify;\"><span style=\"color: rgb(0, 0, 0); font-family: Verdana, Geneva, sans-serif; text-align: justify;\">Comprimento 45cm&nbsp;<\/span><br style=\"margin: 0px; padding: 0px; font-family: Verdana, Geneva, sans-serif; color: rgb(0, 0, 0); text-align: justify;\"><span style=\"color: rgb(0, 0, 0); font-family: Verdana, Geneva, sans-serif; text-align: justify;\">Largura 29cm&nbsp;<\/span><br style=\"margin: 0px; padding: 0px; font-family: Verdana, Geneva, sans-serif; color: rgb(0, 0, 0); text-align: justify;\"><span style=\"color: rgb(0, 0, 0); font-family: Verdana, Geneva, sans-serif; text-align: justify;\">Altura 20cm<\/span><\/p>\n<p><span style=\"color: rgb(0, 0, 0); font-family: Verdana, Geneva, sans-serif; text-align: justify;\"><br \/><\/span><\/p>\n<p><span style=\"color: rgb(0, 0, 0); font-family: Verdana, Geneva, sans-serif; text-align: justify;\">\u2022&nbsp;<\/span><b style=\"margin: 0px; padding: 0px; font-family: Verdana, Geneva, sans-serif; color: rgb(0, 0, 0); text-align: justify;\">Nossas cestas podem ser personalizadas com o logotipo em silk-screen.<\/b><span style=\"color: rgb(0, 0, 0); font-family: Verdana, Geneva, sans-serif; text-align: justify;\"><br \/><\/span><span style=\"color: rgb(0, 0, 0); font-family: Verdana, Geneva, sans-serif; text-align: justify;\"><br \/><\/span><\/p>\n","protected":false},"excerpt":{"rendered":"<p>Criadas para atender os mais diversos estabelecimentos, as CESTAS SUPERCRON S-700 possuem grande \u00e1rea \u00fatil, aumentando o tamanho da compra do seu cliente! Podem ser personalizadas e s\u00e3o a op\u00e7\u00e3o segura para supermercados, lojas de conveni\u00eancia, de departamento, varej\u00f5es, horti-fruti etc.&nbsp;Com al\u00e7as pl\u00e1sticas refor\u00e7adas, s\u00e3o leves, resistentes e de f\u00e1cil empilhamento e f\u00e1cil higieniza\u00e7\u00e3o.&nbsp;Dispon\u00edveis nas [&hellip;]<\/p>\n","protected":false},"featured_media":11244,"comment_status":"open","ping_status":"closed","template":"","meta":[],"product_brand":[],"product_cat":[365,443],"product_tag":[],"class_list":{"0":"post-11245","1":"product","2":"type-product","3":"status-publish","4":"has-post-thumbnail","6":"product_cat-cesta","7":"product_cat-supermercado","9":"first","10":"instock","11":"shipping-taxable","12":"purchasable","13":"product-type-simple"},"_links":{"self":[{"href":"https:\/\/twsites.com.br\/novomigcenter\/index.php?rest_route=\/wp\/v2\/product\/11245","targetHints":{"allow":["GET"]}}],"collection":[{"href":"https:\/\/twsites.com.br\/novomigcenter\/index.php?rest_route=\/wp\/v2\/product"}],"about":[{"href":"https:\/\/twsites.com.br\/novomigcenter\/index.php?rest_route=\/wp\/v2\/types\/product"}],"replies":[{"embeddable":true,"href":"https:\/\/twsites.com.br\/novomigcenter\/index.php?rest_route=%2Fwp%2Fv2%2Fcomments&post=11245"}],"wp:featuredmedia":[{"embeddable":true,"href":"https:\/\/twsites.com.br\/novomigcenter\/index.php?rest_route=\/wp\/v2\/media\/11244"}],"wp:attachment":[{"href":"https:\/\/twsites.com.br\/novomigcenter\/index.php?rest_route=%2Fwp%2Fv2%2Fmedia&parent=11245"}],"wp:term":[{"taxonomy":"product_brand","embeddable":true,"href":"https:\/\/twsites.com.br\/novomigcenter\/index.php?rest_route=%2Fwp%2Fv2%2Fproduct_brand&post=11245"},{"taxonomy":"product_cat","embeddable":true,"href":"https:\/\/twsites.com.br\/novomigcenter\/index.php?rest_route=%2Fwp%2Fv2%2Fproduct_cat&post=11245"},{"taxonomy":"product_tag","embeddable":true,"href":"https:\/\/twsites.com.br\/novomigcenter\/index.php?rest_route=%2Fwp%2Fv2%2Fproduct_tag&post=11245"}],"curies":[{"name":"wp","href":"https:\/\/api.w.org\/{rel}","templated":true}]}}