{"id":11263,"date":"2017-03-07T16:15:06","date_gmt":"2017-03-07T16:15:06","guid":{"rendered":"https:\/\/twsites.com.br\/novomigcenter\/?product=gondola-central-1-60-m-amapa"},"modified":"2017-03-07T16:15:06","modified_gmt":"2017-03-07T16:15:06","slug":"gondola-central-1-60-m-amapa","status":"publish","type":"product","link":"https:\/\/twsites.com.br\/novomigcenter\/?product=gondola-central-1-60-m-amapa","title":{"rendered":"G\u00d4NDOLA CENTRAL 1,60M"},"content":{"rendered":"<h3 style=\"font-family: &quot;Helvetica Neue&quot;, Helvetica, Arial, sans-serif; color: rgb(51, 51, 51); margin-top: 20px; margin-bottom: 10px; font-size: 23px;\">Bandeja 30\/40<\/h3>\n<ul style=\"margin-bottom: 10px; color: rgb(51, 51, 51); font-family: &quot;Helvetica Neue&quot;, Helvetica, Arial, sans-serif; font-size: 14px;\">\n<li>Utilizada em supermercados, mercearias, farm\u00e1cias,&nbsp;lojas, padarias e lanchonetes para exposi\u00e7\u00e3o e&nbsp;armazenamento de produtos.<\/li>\n<li>Fabricada em chapas de aco 1010<\/li>\n<li>Desengraxe e fosfatiza\u00e7\u00e3o a quente<\/li>\n<li>Pintura eletrost\u00e1tica<\/li>\n<li>Prateleiras regul\u00e1veis<\/li>\n<li>P\u00e9s regul\u00e1veis<\/li>\n<li>Suportam at\u00e9 800kg\/m linear<\/li>\n<\/ul>\n<p><span style=\"color: rgb(51, 51, 51); font-family: &quot;Helvetica Neue&quot;, Helvetica, Arial, sans-serif; font-size: 14px;\">&nbsp;<\/span><\/p>\n<h4 style=\"font-family: &quot;Helvetica Neue&quot;, Helvetica, Arial, sans-serif; color: rgb(51, 51, 51); margin-top: 10px; margin-bottom: 10px; font-size: 18px;\">Op\u00e7\u00e3o:<\/h4>\n<ul style=\"margin-bottom: 10px; color: rgb(51, 51, 51); font-family: &quot;Helvetica Neue&quot;, Helvetica, Arial, sans-serif; font-size: 14px;\">\n<li>Ganchos simples<\/li>\n<li>Ganhos duplos<\/li>\n<li>Prateleiras aramadas<\/li>\n<li>Rodap\u00e9s<\/li>\n<li>Cestos<\/li>\n<li>Porta-etiquetas &#8211; v\u00e1rias op\u00e7\u00f5es de cores<\/li>\n<\/ul>\n<p><span style=\"color: rgb(51, 51, 51); font-family: &quot;Helvetica Neue&quot;, Helvetica, Arial, sans-serif; font-size: 14px;\">&nbsp;<\/span><\/p>\n<h4 style=\"font-family: &quot;Helvetica Neue&quot;, Helvetica, Arial, sans-serif; color: rgb(51, 51, 51); margin-top: 10px; margin-bottom: 10px; font-size: 18px;\">Dimens\u00f5es dispon\u00edveis:<\/h4>\n<ul style=\"margin-bottom: 10px; color: rgb(51, 51, 51); font-family: &quot;Helvetica Neue&quot;, Helvetica, Arial, sans-serif; font-size: 14px;\">\n<li>Coluna (altura em mm): 1200, 1400, 1600, 1700 e 1900;<\/li>\n<li>Prateleiras (profundidade&nbsp;em mm): 200, 300, 400 e 500;<\/li>\n<li>Prateleiras (largura em mm): 760 e 970.<\/li>\n<\/ul>\n<h3 style=\"font-family: &quot;Helvetica Neue&quot;, Helvetica, Arial, sans-serif; color: rgb(51, 51, 51); margin-top: 20px; margin-bottom: 10px; font-size: 23px;\">Cores<\/h3>\n<p><img decoding=\"async\" src=\"http:\/\/polofrio.ind.br\/imagem\/cores\/amarelo.jpg\" style=\"color: rgb(51, 51, 51); font-family: &quot;Helvetica Neue&quot;, Helvetica, Arial, sans-serif; font-size: 14px; max-width: 100%;\"><span style=\"color: rgb(51, 51, 51); font-family: &quot;Helvetica Neue&quot;, Helvetica, Arial, sans-serif; font-size: 14px;\">&nbsp;<\/span><img decoding=\"async\" src=\"http:\/\/polofrio.ind.br\/imagem\/cores\/azul.jpg\" style=\"color: rgb(51, 51, 51); font-family: &quot;Helvetica Neue&quot;, Helvetica, Arial, sans-serif; font-size: 14px; max-width: 100%;\"><span style=\"color: rgb(51, 51, 51); font-family: &quot;Helvetica Neue&quot;, Helvetica, Arial, sans-serif; font-size: 14px;\">&nbsp;<\/span><img decoding=\"async\" src=\"http:\/\/polofrio.ind.br\/imagem\/cores\/cinza.jpg\" style=\"color: rgb(51, 51, 51); font-family: &quot;Helvetica Neue&quot;, Helvetica, Arial, sans-serif; font-size: 14px; max-width: 100%;\"><span style=\"color: rgb(51, 51, 51); font-family: &quot;Helvetica Neue&quot;, Helvetica, Arial, sans-serif; font-size: 14px;\">&nbsp;<\/span><img decoding=\"async\" src=\"http:\/\/polofrio.ind.br\/imagem\/cores\/laranja.jpg\" style=\"color: rgb(51, 51, 51); font-family: &quot;Helvetica Neue&quot;, Helvetica, Arial, sans-serif; font-size: 14px; max-width: 100%;\"><span style=\"color: rgb(51, 51, 51); font-family: &quot;Helvetica Neue&quot;, Helvetica, Arial, sans-serif; font-size: 14px;\">&nbsp;<\/span><img decoding=\"async\" src=\"http:\/\/polofrio.ind.br\/imagem\/cores\/verde-2.jpg\" style=\"color: rgb(51, 51, 51); font-family: &quot;Helvetica Neue&quot;, Helvetica, Arial, sans-serif; font-size: 14px; max-width: 100%;\"><span style=\"color: rgb(51, 51, 51); font-family: &quot;Helvetica Neue&quot;, Helvetica, Arial, sans-serif; font-size: 14px;\">&nbsp;<\/span><img decoding=\"async\" src=\"http:\/\/polofrio.ind.br\/imagem\/cores\/vermelho-2.jpg\" style=\"color: rgb(51, 51, 51); font-family: &quot;Helvetica Neue&quot;, Helvetica, Arial, sans-serif; font-size: 14px; max-width: 100%;\"><\/p>\n","protected":false},"excerpt":{"rendered":"<p>Bandeja 30\/40 Utilizada em supermercados, mercearias, farm\u00e1cias,&nbsp;lojas, padarias e lanchonetes para exposi\u00e7\u00e3o e&nbsp;armazenamento de produtos. Fabricada em chapas de aco 1010 Desengraxe e fosfatiza\u00e7\u00e3o a quente Pintura eletrost\u00e1tica Prateleiras regul\u00e1veis P\u00e9s regul\u00e1veis Suportam at\u00e9 800kg\/m linear &nbsp; Op\u00e7\u00e3o: Ganchos simples Ganhos duplos Prateleiras aramadas Rodap\u00e9s Cestos Porta-etiquetas &#8211; v\u00e1rias op\u00e7\u00f5es de cores &nbsp; Dimens\u00f5es dispon\u00edveis: [&hellip;]<\/p>\n","protected":false},"featured_media":11262,"comment_status":"open","ping_status":"closed","template":"","meta":[],"product_brand":[],"product_cat":[367],"product_tag":[],"class_list":{"0":"post-11263","1":"product","2":"type-product","3":"status-publish","4":"has-post-thumbnail","6":"product_cat-gondola","8":"first","9":"instock","10":"shipping-taxable","11":"purchasable","12":"product-type-simple"},"_links":{"self":[{"href":"https:\/\/twsites.com.br\/novomigcenter\/index.php?rest_route=\/wp\/v2\/product\/11263","targetHints":{"allow":["GET"]}}],"collection":[{"href":"https:\/\/twsites.com.br\/novomigcenter\/index.php?rest_route=\/wp\/v2\/product"}],"about":[{"href":"https:\/\/twsites.com.br\/novomigcenter\/index.php?rest_route=\/wp\/v2\/types\/product"}],"replies":[{"embeddable":true,"href":"https:\/\/twsites.com.br\/novomigcenter\/index.php?rest_route=%2Fwp%2Fv2%2Fcomments&post=11263"}],"wp:featuredmedia":[{"embeddable":true,"href":"https:\/\/twsites.com.br\/novomigcenter\/index.php?rest_route=\/wp\/v2\/media\/11262"}],"wp:attachment":[{"href":"https:\/\/twsites.com.br\/novomigcenter\/index.php?rest_route=%2Fwp%2Fv2%2Fmedia&parent=11263"}],"wp:term":[{"taxonomy":"product_brand","embeddable":true,"href":"https:\/\/twsites.com.br\/novomigcenter\/index.php?rest_route=%2Fwp%2Fv2%2Fproduct_brand&post=11263"},{"taxonomy":"product_cat","embeddable":true,"href":"https:\/\/twsites.com.br\/novomigcenter\/index.php?rest_route=%2Fwp%2Fv2%2Fproduct_cat&post=11263"},{"taxonomy":"product_tag","embeddable":true,"href":"https:\/\/twsites.com.br\/novomigcenter\/index.php?rest_route=%2Fwp%2Fv2%2Fproduct_tag&post=11263"}],"curies":[{"name":"wp","href":"https:\/\/api.w.org\/{rel}","templated":true}]}}