{"id":11486,"date":"2017-07-28T15:05:19","date_gmt":"2017-07-28T15:05:19","guid":{"rendered":"https:\/\/twsites.com.br\/novomigcenter\/?product=buffet-de-mesa-ibet"},"modified":"2017-07-28T15:05:19","modified_gmt":"2017-07-28T15:05:19","slug":"buffet-de-mesa-ibet","status":"publish","type":"product","link":"https:\/\/twsites.com.br\/novomigcenter\/?product=buffet-de-mesa-ibet","title":{"rendered":"Buffet de Mesa &#8211; Ibet"},"content":{"rendered":"<p><font face=\"Arial\"><span style=\"font-size: 14px;\">Constru\u00eddo em a\u00e7o inox brilhante AISI430 e cubas gastron\u00f4micas (GNs) em a\u00e7o inox AISI304. <\/span><br \/><span style=\"font-size: 14px;\"> Buffet de Mesa IBET Voltagem 110V ou 220V. <\/span><\/p>\n<p><span style=\"font-size: 14px;\"> <\/span><b><span style=\"font-size: 14px;\">Modelo T\u00e9rmico<\/span><\/b><span style=\"font-size: 14px;\"> <\/span><br \/><span style=\"font-size: 14px;\"> Resist\u00eancia de 2.000W a 2.500W <\/span><br \/><span style=\"font-size: 14px;\"> Termostato do tipo capilar de bulbo (20 a 120\u00baC) <\/span><br \/><span style=\"font-size: 14px;\"> L\u00e2mpada piloto <\/span><\/p>\n<p><span style=\"font-size: 14px;\"> <\/span><b><span style=\"font-size: 14px;\">Modelo Salada<\/span><\/b><br \/><span style=\"font-size: 14px;\"> Gelo-x.<\/span><\/font><\/p>\n","protected":false},"excerpt":{"rendered":"<p>Constru\u00eddo em a\u00e7o inox brilhante AISI430 e cubas gastron\u00f4micas (GNs) em a\u00e7o inox AISI304. Buffet de Mesa IBET Voltagem 110V ou 220V. Modelo T\u00e9rmico Resist\u00eancia de 2.000W a 2.500W Termostato do tipo capilar de bulbo (20 a 120\u00baC) L\u00e2mpada piloto Modelo Salada Gelo-x.<\/p>\n","protected":false},"featured_media":11485,"comment_status":"open","ping_status":"closed","template":"","meta":[],"product_brand":[],"product_cat":[349],"product_tag":[],"class_list":{"0":"post-11486","1":"product","2":"type-product","3":"status-publish","4":"has-post-thumbnail","6":"product_cat-buffet-refrigerado","8":"first","9":"instock","10":"shipping-taxable","11":"purchasable","12":"product-type-simple"},"_links":{"self":[{"href":"https:\/\/twsites.com.br\/novomigcenter\/index.php?rest_route=\/wp\/v2\/product\/11486","targetHints":{"allow":["GET"]}}],"collection":[{"href":"https:\/\/twsites.com.br\/novomigcenter\/index.php?rest_route=\/wp\/v2\/product"}],"about":[{"href":"https:\/\/twsites.com.br\/novomigcenter\/index.php?rest_route=\/wp\/v2\/types\/product"}],"replies":[{"embeddable":true,"href":"https:\/\/twsites.com.br\/novomigcenter\/index.php?rest_route=%2Fwp%2Fv2%2Fcomments&post=11486"}],"wp:featuredmedia":[{"embeddable":true,"href":"https:\/\/twsites.com.br\/novomigcenter\/index.php?rest_route=\/wp\/v2\/media\/11485"}],"wp:attachment":[{"href":"https:\/\/twsites.com.br\/novomigcenter\/index.php?rest_route=%2Fwp%2Fv2%2Fmedia&parent=11486"}],"wp:term":[{"taxonomy":"product_brand","embeddable":true,"href":"https:\/\/twsites.com.br\/novomigcenter\/index.php?rest_route=%2Fwp%2Fv2%2Fproduct_brand&post=11486"},{"taxonomy":"product_cat","embeddable":true,"href":"https:\/\/twsites.com.br\/novomigcenter\/index.php?rest_route=%2Fwp%2Fv2%2Fproduct_cat&post=11486"},{"taxonomy":"product_tag","embeddable":true,"href":"https:\/\/twsites.com.br\/novomigcenter\/index.php?rest_route=%2Fwp%2Fv2%2Fproduct_tag&post=11486"}],"curies":[{"name":"wp","href":"https:\/\/api.w.org\/{rel}","templated":true}]}}