{"id":11534,"date":"2017-07-28T15:59:07","date_gmt":"2017-07-28T15:59:07","guid":{"rendered":"https:\/\/twsites.com.br\/novomigcenter\/?product=churrasqueira-eletrica-ce04-2t"},"modified":"2017-07-28T15:59:07","modified_gmt":"2017-07-28T15:59:07","slug":"churrasqueira-eletrica-ce04-2t","status":"publish","type":"product","link":"https:\/\/twsites.com.br\/novomigcenter\/?product=churrasqueira-eletrica-ce04-2t","title":{"rendered":"Churrasqueira El\u00e9trica (45 cm c\/ Prensa ) &#8211; Croydon"},"content":{"rendered":"<div class=\"col-md-7\">\n<div class=\"box-descricao-tecnica\">\n<h3><font face=\"Arial\">Dados T\u00e9cnicos<\/font><\/h3>\n<p><font face=\"Arial\">\u00c1rea \u00datil de Trabalho(cm x cm):45 x 40<br \/><b> Pot\u00eancia <\/b>(220v):3700W<br \/><b> Corrente: <\/b>(220v):16,1A<br \/><b> Altura:<\/b> 42cm<br \/><b> Largura:<\/b> 54cm<br \/><b> Profundidade: <\/b>61cm<br \/><b> Peso L\u00edquido: <\/b>35kg<br \/><b> Peso Bruto:&nbsp;<\/b>39,1kg<br \/><b> Consumo:<\/b> (220v):1,5kw\/h<\/font><\/p>\n<\/p><\/div>\n<\/p><\/div>\n","protected":false},"excerpt":{"rendered":"<p>Dados T\u00e9cnicos \u00c1rea \u00datil de Trabalho(cm x cm):45 x 40 Pot\u00eancia (220v):3700W Corrente: (220v):16,1A Altura: 42cm Largura: 54cm Profundidade: 61cm Peso L\u00edquido: 35kg Peso Bruto:&nbsp;39,1kg Consumo: (220v):1,5kw\/h<\/p>\n","protected":false},"featured_media":11533,"comment_status":"open","ping_status":"closed","template":"","meta":[],"product_brand":[],"product_cat":[300],"product_tag":[],"class_list":{"0":"post-11534","1":"product","2":"type-product","3":"status-publish","4":"has-post-thumbnail","6":"product_cat-chapa-char-broiler","8":"first","9":"instock","10":"shipping-taxable","11":"purchasable","12":"product-type-simple"},"_links":{"self":[{"href":"https:\/\/twsites.com.br\/novomigcenter\/index.php?rest_route=\/wp\/v2\/product\/11534","targetHints":{"allow":["GET"]}}],"collection":[{"href":"https:\/\/twsites.com.br\/novomigcenter\/index.php?rest_route=\/wp\/v2\/product"}],"about":[{"href":"https:\/\/twsites.com.br\/novomigcenter\/index.php?rest_route=\/wp\/v2\/types\/product"}],"replies":[{"embeddable":true,"href":"https:\/\/twsites.com.br\/novomigcenter\/index.php?rest_route=%2Fwp%2Fv2%2Fcomments&post=11534"}],"wp:featuredmedia":[{"embeddable":true,"href":"https:\/\/twsites.com.br\/novomigcenter\/index.php?rest_route=\/wp\/v2\/media\/11533"}],"wp:attachment":[{"href":"https:\/\/twsites.com.br\/novomigcenter\/index.php?rest_route=%2Fwp%2Fv2%2Fmedia&parent=11534"}],"wp:term":[{"taxonomy":"product_brand","embeddable":true,"href":"https:\/\/twsites.com.br\/novomigcenter\/index.php?rest_route=%2Fwp%2Fv2%2Fproduct_brand&post=11534"},{"taxonomy":"product_cat","embeddable":true,"href":"https:\/\/twsites.com.br\/novomigcenter\/index.php?rest_route=%2Fwp%2Fv2%2Fproduct_cat&post=11534"},{"taxonomy":"product_tag","embeddable":true,"href":"https:\/\/twsites.com.br\/novomigcenter\/index.php?rest_route=%2Fwp%2Fv2%2Fproduct_tag&post=11534"}],"curies":[{"name":"wp","href":"https:\/\/api.w.org\/{rel}","templated":true}]}}