{"id":11566,"date":"2017-07-28T16:37:34","date_gmt":"2017-07-28T16:37:34","guid":{"rendered":"https:\/\/twsites.com.br\/novomigcenter\/?product=fritadeira-eletrica-2x3-litros-fc2a-croydon"},"modified":"2017-07-28T16:37:34","modified_gmt":"2017-07-28T16:37:34","slug":"fritadeira-eletrica-2x3-litros-fc2a-croydon","status":"publish","type":"product","link":"https:\/\/twsites.com.br\/novomigcenter\/?product=fritadeira-eletrica-2x3-litros-fc2a-croydon","title":{"rendered":"Fritadeira El\u00e9trica (2&#215;3 litros) &#8211; Croydon"},"content":{"rendered":"<h3><font face=\"Arial\"><span style=\"font-size: 18px;\"><b>Dados T\u00e9cnicos<\/b><\/span><\/font><\/h3>\n<p><font face=\"Arial\"><span style=\"font-size: 14px;\"><b>                                 Capacidade Nominal \u00d3leo:<\/b> 2 x 3,0 litros<\/span><br \/><span style=\"font-weight: bold; font-size: 14px;\"> Produ\u00e7\u00e3o M\u00e9dia:<\/span><span style=\"font-size: 14px;\"> 24kg\/h<\/span><br \/><span style=\"font-weight: bold; font-size: 14px;\"> Pot\u00eancia(220v): <\/span><span style=\"font-size: 14px;\">2x2000W<\/span><br \/><span style=\"font-weight: bold; font-size: 14px;\"> Pot\u00eancia(127v): <\/span><span style=\"font-size: 14px;\">2x1600W<\/span><br \/><span style=\"font-weight: bold; font-size: 14px;\"> Corrente(220v): <\/span><span style=\"font-size: 14px;\">2&#215;9,1 A<\/span><br \/><span style=\"font-weight: bold; font-size: 14px;\"> Corrente(127v): <\/span><span style=\"font-size: 14px;\">2&#215;12,6 A<\/span><br \/><span style=\"font-weight: bold; font-size: 14px;\"> Altura: <\/span><span style=\"font-size: 14px;\">34cm<\/span><br \/><span style=\"font-weight: bold; font-size: 14px;\"> Largura: <\/span><span style=\"font-size: 14px;\">36cm<\/span><br \/><span style=\"font-weight: bold; font-size: 14px;\"> Profundidade: <\/span><span style=\"font-size: 14px;\">45cm<\/span><br \/><span style=\"font-weight: bold; font-size: 14px;\"> Peso L\u00edquido: <\/span><span style=\"font-size: 14px;\">6,6kg<\/span><br \/><span style=\"font-weight: bold; font-size: 14px;\"> Peso Bruto: <\/span><span style=\"font-size: 14px;\">8,1kg<\/span><br \/><span style=\"font-weight: bold; font-size: 14px;\"> Consumo(220v): <\/span><span style=\"font-size: 14px;\">2,0kw\/h<\/span><br \/><span style=\"font-weight: bold; font-size: 14px;\"> Consumo(127v): <\/span><span style=\"font-size: 14px;\">1,6kw\/h<\/span><\/font><\/p>\n","protected":false},"excerpt":{"rendered":"<p>Dados T\u00e9cnicos Capacidade Nominal \u00d3leo: 2 x 3,0 litros Produ\u00e7\u00e3o M\u00e9dia: 24kg\/h Pot\u00eancia(220v): 2x2000W Pot\u00eancia(127v): 2x1600W Corrente(220v): 2&#215;9,1 A Corrente(127v): 2&#215;12,6 A Altura: 34cm Largura: 36cm Profundidade: 45cm Peso L\u00edquido: 6,6kg Peso Bruto: 8,1kg Consumo(220v): 2,0kw\/h Consumo(127v): 1,6kw\/h<\/p>\n","protected":false},"featured_media":11565,"comment_status":"open","ping_status":"closed","template":"","meta":[],"product_brand":[],"product_cat":[310],"product_tag":[],"class_list":{"0":"post-11566","1":"product","2":"type-product","3":"status-publish","4":"has-post-thumbnail","6":"product_cat-fritadeira","8":"first","9":"instock","10":"shipping-taxable","11":"purchasable","12":"product-type-simple"},"_links":{"self":[{"href":"https:\/\/twsites.com.br\/novomigcenter\/index.php?rest_route=\/wp\/v2\/product\/11566","targetHints":{"allow":["GET"]}}],"collection":[{"href":"https:\/\/twsites.com.br\/novomigcenter\/index.php?rest_route=\/wp\/v2\/product"}],"about":[{"href":"https:\/\/twsites.com.br\/novomigcenter\/index.php?rest_route=\/wp\/v2\/types\/product"}],"replies":[{"embeddable":true,"href":"https:\/\/twsites.com.br\/novomigcenter\/index.php?rest_route=%2Fwp%2Fv2%2Fcomments&post=11566"}],"wp:featuredmedia":[{"embeddable":true,"href":"https:\/\/twsites.com.br\/novomigcenter\/index.php?rest_route=\/wp\/v2\/media\/11565"}],"wp:attachment":[{"href":"https:\/\/twsites.com.br\/novomigcenter\/index.php?rest_route=%2Fwp%2Fv2%2Fmedia&parent=11566"}],"wp:term":[{"taxonomy":"product_brand","embeddable":true,"href":"https:\/\/twsites.com.br\/novomigcenter\/index.php?rest_route=%2Fwp%2Fv2%2Fproduct_brand&post=11566"},{"taxonomy":"product_cat","embeddable":true,"href":"https:\/\/twsites.com.br\/novomigcenter\/index.php?rest_route=%2Fwp%2Fv2%2Fproduct_cat&post=11566"},{"taxonomy":"product_tag","embeddable":true,"href":"https:\/\/twsites.com.br\/novomigcenter\/index.php?rest_route=%2Fwp%2Fv2%2Fproduct_tag&post=11566"}],"curies":[{"name":"wp","href":"https:\/\/api.w.org\/{rel}","templated":true}]}}