{"id":11568,"date":"2017-07-28T16:38:55","date_gmt":"2017-07-28T16:38:55","guid":{"rendered":"https:\/\/twsites.com.br\/novomigcenter\/?product=fritadeira-eletrica-3x3-litros-fc3a-croydon"},"modified":"2017-07-28T16:38:55","modified_gmt":"2017-07-28T16:38:55","slug":"fritadeira-eletrica-3x3-litros-fc3a-croydon","status":"publish","type":"product","link":"https:\/\/twsites.com.br\/novomigcenter\/?product=fritadeira-eletrica-3x3-litros-fc3a-croydon","title":{"rendered":"Fritadeira El\u00e9trica (3&#215;3 litros) &#8211; Croydon"},"content":{"rendered":"<h3><font face=\"Arial\"><span style=\"font-size: 18px;\"><b>Dados T\u00e9cnicos<\/b><\/span><\/font><\/h3>\n<p><font face=\"Arial\"><span style=\"font-size: 14px;\"><b>                                 Capacidade Nominal \u00d3leo:<\/b> 3 x 3,0 litros<\/span><br \/><span style=\"font-size: 14px;\"><b> Produ\u00e7\u00e3o M\u00e9dia:<\/b> 36kg\/h<\/span><br \/><span style=\"font-size: 14px;\"><b> Pot\u00eancia(220v):<\/b> 3x2000W<\/span><br \/><span style=\"font-size: 14px;\"><b> Pot\u00eancia(127v):<\/b> 3x1600W<\/span><br \/><span style=\"font-size: 14px;\"><b> Corrente(220v):<\/b> 3&#215;9,1A<\/span><br \/><span style=\"font-size: 14px;\"><b> Corrente(127v):<\/b> 3&#215;12,6A<\/span><br \/><span style=\"font-size: 14px;\"><b> Altura: <\/b>34cm<\/span><br \/><span style=\"font-size: 14px;\"><b> Largura:<\/b> 54cm<\/span><br \/><span style=\"font-size: 14px;\"><b> Profundidade:<\/b> 45cm<\/span><br \/><span style=\"font-size: 14px;\"><b> Peso L\u00edquido: <\/b>9,5kg<\/span><br \/><span style=\"font-size: 14px;\"><b> Peso Bruto:<\/b>11,5kg<\/span><br \/><span style=\"font-size: 14px;\"><b> Consumo(220v): <\/b>3,0kw\/h<\/span><br \/><span style=\"font-size: 14px;\"><b> Consumo (127v): <\/b>2,4kw\/h<\/span><\/font><\/p>\n","protected":false},"excerpt":{"rendered":"<p>Dados T\u00e9cnicos Capacidade Nominal \u00d3leo: 3 x 3,0 litros Produ\u00e7\u00e3o M\u00e9dia: 36kg\/h Pot\u00eancia(220v): 3x2000W Pot\u00eancia(127v): 3x1600W Corrente(220v): 3&#215;9,1A Corrente(127v): 3&#215;12,6A Altura: 34cm Largura: 54cm Profundidade: 45cm Peso L\u00edquido: 9,5kg Peso Bruto:11,5kg Consumo(220v): 3,0kw\/h Consumo (127v): 2,4kw\/h<\/p>\n","protected":false},"featured_media":11567,"comment_status":"open","ping_status":"closed","template":"","meta":[],"product_brand":[],"product_cat":[310],"product_tag":[],"class_list":{"0":"post-11568","1":"product","2":"type-product","3":"status-publish","4":"has-post-thumbnail","6":"product_cat-fritadeira","8":"first","9":"instock","10":"shipping-taxable","11":"purchasable","12":"product-type-simple"},"_links":{"self":[{"href":"https:\/\/twsites.com.br\/novomigcenter\/index.php?rest_route=\/wp\/v2\/product\/11568","targetHints":{"allow":["GET"]}}],"collection":[{"href":"https:\/\/twsites.com.br\/novomigcenter\/index.php?rest_route=\/wp\/v2\/product"}],"about":[{"href":"https:\/\/twsites.com.br\/novomigcenter\/index.php?rest_route=\/wp\/v2\/types\/product"}],"replies":[{"embeddable":true,"href":"https:\/\/twsites.com.br\/novomigcenter\/index.php?rest_route=%2Fwp%2Fv2%2Fcomments&post=11568"}],"wp:featuredmedia":[{"embeddable":true,"href":"https:\/\/twsites.com.br\/novomigcenter\/index.php?rest_route=\/wp\/v2\/media\/11567"}],"wp:attachment":[{"href":"https:\/\/twsites.com.br\/novomigcenter\/index.php?rest_route=%2Fwp%2Fv2%2Fmedia&parent=11568"}],"wp:term":[{"taxonomy":"product_brand","embeddable":true,"href":"https:\/\/twsites.com.br\/novomigcenter\/index.php?rest_route=%2Fwp%2Fv2%2Fproduct_brand&post=11568"},{"taxonomy":"product_cat","embeddable":true,"href":"https:\/\/twsites.com.br\/novomigcenter\/index.php?rest_route=%2Fwp%2Fv2%2Fproduct_cat&post=11568"},{"taxonomy":"product_tag","embeddable":true,"href":"https:\/\/twsites.com.br\/novomigcenter\/index.php?rest_route=%2Fwp%2Fv2%2Fproduct_tag&post=11568"}],"curies":[{"name":"wp","href":"https:\/\/api.w.org\/{rel}","templated":true}]}}