{"id":11584,"date":"2017-07-31T15:29:30","date_gmt":"2017-07-31T15:29:30","guid":{"rendered":"https:\/\/twsites.com.br\/novomigcenter\/?product=wafleira-redonda-simples-mwrs-croydon"},"modified":"2017-07-31T15:29:30","modified_gmt":"2017-07-31T15:29:30","slug":"wafleira-redonda-simples-mwrs-croydon","status":"publish","type":"product","link":"https:\/\/twsites.com.br\/novomigcenter\/?product=wafleira-redonda-simples-mwrs-croydon","title":{"rendered":"Wafleira Redonda Simples &#8211; Croydon"},"content":{"rendered":"<h3 style=\"color: rgb(102, 102, 102); margin-top: 20px; margin-bottom: 10px; font-size: 24px;\"><font face=\"Arial\">Dados T\u00e9cnicos<\/font><\/h3>\n<p style=\"margin-bottom: 0px; font-size: 14px;\">\n<p style=\"margin-bottom: 0px; font-size: 14px;\"><font face=\"Arial\"><b>Capacidade Nominal :<\/b>1 waffle (redondo)<br \/><b>Produ\u00e7\u00e3o M\u00e9dia:<\/b>30\/h<br \/><b>Pot\u00eancia(220v):<\/b>1800W<br \/><b>Pot\u00eancia(127v):<\/b>1800W<br \/><b>Corrente(220v):<\/b>8,2A<br \/><b>Corrente(127v):<\/b>14,2A<br \/><b>Altura:<\/b>20cm<br \/><b>Largura:<\/b>35cm<br \/><b>Profundidade:<\/b>53cm<br \/><b>Peso L\u00edquido:<\/b>5,5kg<br \/><b>Peso Bruto:<\/b>6,2kg<br \/><b>Consumo:<\/b> (127v &#8211; 220v): 0,9 kw h<\/font><\/p>\n","protected":false},"excerpt":{"rendered":"<p>Dados T\u00e9cnicos Capacidade Nominal :1 waffle (redondo)Produ\u00e7\u00e3o M\u00e9dia:30\/hPot\u00eancia(220v):1800WPot\u00eancia(127v):1800WCorrente(220v):8,2ACorrente(127v):14,2AAltura:20cmLargura:35cmProfundidade:53cmPeso L\u00edquido:5,5kgPeso Bruto:6,2kgConsumo: (127v &#8211; 220v): 0,9 kw h<\/p>\n","protected":false},"featured_media":11583,"comment_status":"open","ping_status":"closed","template":"","meta":[],"product_brand":[],"product_cat":[404],"product_tag":[],"class_list":{"0":"post-11584","1":"product","2":"type-product","3":"status-publish","4":"has-post-thumbnail","6":"product_cat-wafleira-casquinha-para-sorvete-crepito","8":"first","9":"instock","10":"shipping-taxable","11":"purchasable","12":"product-type-simple"},"_links":{"self":[{"href":"https:\/\/twsites.com.br\/novomigcenter\/index.php?rest_route=\/wp\/v2\/product\/11584","targetHints":{"allow":["GET"]}}],"collection":[{"href":"https:\/\/twsites.com.br\/novomigcenter\/index.php?rest_route=\/wp\/v2\/product"}],"about":[{"href":"https:\/\/twsites.com.br\/novomigcenter\/index.php?rest_route=\/wp\/v2\/types\/product"}],"replies":[{"embeddable":true,"href":"https:\/\/twsites.com.br\/novomigcenter\/index.php?rest_route=%2Fwp%2Fv2%2Fcomments&post=11584"}],"wp:featuredmedia":[{"embeddable":true,"href":"https:\/\/twsites.com.br\/novomigcenter\/index.php?rest_route=\/wp\/v2\/media\/11583"}],"wp:attachment":[{"href":"https:\/\/twsites.com.br\/novomigcenter\/index.php?rest_route=%2Fwp%2Fv2%2Fmedia&parent=11584"}],"wp:term":[{"taxonomy":"product_brand","embeddable":true,"href":"https:\/\/twsites.com.br\/novomigcenter\/index.php?rest_route=%2Fwp%2Fv2%2Fproduct_brand&post=11584"},{"taxonomy":"product_cat","embeddable":true,"href":"https:\/\/twsites.com.br\/novomigcenter\/index.php?rest_route=%2Fwp%2Fv2%2Fproduct_cat&post=11584"},{"taxonomy":"product_tag","embeddable":true,"href":"https:\/\/twsites.com.br\/novomigcenter\/index.php?rest_route=%2Fwp%2Fv2%2Fproduct_tag&post=11584"}],"curies":[{"name":"wp","href":"https:\/\/api.w.org\/{rel}","templated":true}]}}