{"id":11586,"date":"2017-07-31T15:31:19","date_gmt":"2017-07-31T15:31:19","guid":{"rendered":"https:\/\/twsites.com.br\/novomigcenter\/?product=wafleira-redonda-dupla-mwrd-croydon"},"modified":"2017-07-31T15:31:19","modified_gmt":"2017-07-31T15:31:19","slug":"wafleira-redonda-dupla-mwrd-croydon","status":"publish","type":"product","link":"https:\/\/twsites.com.br\/novomigcenter\/?product=wafleira-redonda-dupla-mwrd-croydon","title":{"rendered":"Wafleira Redonda Dupla &#8211; Croydon"},"content":{"rendered":"<h3 style=\"color: rgb(102, 102, 102); margin-top: 20px; margin-bottom: 10px; font-size: 24px;\"><font face=\"Arial\"><span style=\"font-size: 14px;\"><b>Dados T\u00e9cnicos<\/b><\/span><\/font><\/h3>\n<p style=\"margin-bottom: 0px; font-size: 14px;\">\n<p style=\"margin-bottom: 0px; font-size: 14px;\"><font face=\"Arial\"><b><span style=\"font-size: 14px;\">Capacidade Nominal :<\/span><\/b><span style=\"font-size: 14px;\"> 2 waffles (redondos)<\/span><br \/><b><span style=\"font-size: 14px;\">Produ\u00e7\u00e3o M\u00e9dia:<\/span><\/b><span style=\"font-size: 14px;\"> 60\/h<\/span><br \/><b><span style=\"font-size: 14px;\">Pot\u00eancia(220v): <\/span><\/b><span style=\"font-size: 14px;\">3600W<\/span><br \/><b><span style=\"font-size: 14px;\">Pot\u00eancia(127v):<\/span><\/b><span style=\"font-size: 14px;\"> 3600W<\/span><br \/><b><span style=\"font-size: 14px;\">Corrente(220v):<\/span><\/b><span style=\"font-size: 14px;\"> 16,4A<\/span><br \/><b><span style=\"font-size: 14px;\">Corrente(127v): <\/span><\/b><span style=\"font-size: 14px;\">28,3A<\/span><br \/><b><span style=\"font-size: 14px;\">Altura:<\/span><\/b><span style=\"font-size: 14px;\"> 20cm<\/span><br \/><b><span style=\"font-size: 14px;\">Largura: <\/span><\/b><span style=\"font-size: 14px;\">66cm<\/span><br \/><b><span style=\"font-size: 14px;\">Profundidade: <\/span><\/b><span style=\"font-size: 14px;\">53cm<\/span><br \/><b><span style=\"font-size: 14px;\">Peso L\u00edquido: <\/span><\/b><span style=\"font-size: 14px;\">10,7kg<\/span><br \/><b><span style=\"font-size: 14px;\">Peso Bruto:<\/span><\/b><span style=\"font-size: 14px;\"> 11,9kg<\/span><br \/><b><span style=\"font-size: 14px;\">Consumo <\/span><\/b><span style=\"font-size: 14px;\">(127v &#8211; 220v): 1,8 kw h<\/span><\/font><\/p>\n","protected":false},"excerpt":{"rendered":"<p>Dados T\u00e9cnicos Capacidade Nominal : 2 waffles (redondos)Produ\u00e7\u00e3o M\u00e9dia: 60\/hPot\u00eancia(220v): 3600WPot\u00eancia(127v): 3600WCorrente(220v): 16,4ACorrente(127v): 28,3AAltura: 20cmLargura: 66cmProfundidade: 53cmPeso L\u00edquido: 10,7kgPeso Bruto: 11,9kgConsumo (127v &#8211; 220v): 1,8 kw h<\/p>\n","protected":false},"featured_media":11585,"comment_status":"open","ping_status":"closed","template":"","meta":[],"product_brand":[],"product_cat":[404],"product_tag":[],"class_list":{"0":"post-11586","1":"product","2":"type-product","3":"status-publish","4":"has-post-thumbnail","6":"product_cat-wafleira-casquinha-para-sorvete-crepito","8":"first","9":"instock","10":"shipping-taxable","11":"purchasable","12":"product-type-simple"},"_links":{"self":[{"href":"https:\/\/twsites.com.br\/novomigcenter\/index.php?rest_route=\/wp\/v2\/product\/11586","targetHints":{"allow":["GET"]}}],"collection":[{"href":"https:\/\/twsites.com.br\/novomigcenter\/index.php?rest_route=\/wp\/v2\/product"}],"about":[{"href":"https:\/\/twsites.com.br\/novomigcenter\/index.php?rest_route=\/wp\/v2\/types\/product"}],"replies":[{"embeddable":true,"href":"https:\/\/twsites.com.br\/novomigcenter\/index.php?rest_route=%2Fwp%2Fv2%2Fcomments&post=11586"}],"wp:featuredmedia":[{"embeddable":true,"href":"https:\/\/twsites.com.br\/novomigcenter\/index.php?rest_route=\/wp\/v2\/media\/11585"}],"wp:attachment":[{"href":"https:\/\/twsites.com.br\/novomigcenter\/index.php?rest_route=%2Fwp%2Fv2%2Fmedia&parent=11586"}],"wp:term":[{"taxonomy":"product_brand","embeddable":true,"href":"https:\/\/twsites.com.br\/novomigcenter\/index.php?rest_route=%2Fwp%2Fv2%2Fproduct_brand&post=11586"},{"taxonomy":"product_cat","embeddable":true,"href":"https:\/\/twsites.com.br\/novomigcenter\/index.php?rest_route=%2Fwp%2Fv2%2Fproduct_cat&post=11586"},{"taxonomy":"product_tag","embeddable":true,"href":"https:\/\/twsites.com.br\/novomigcenter\/index.php?rest_route=%2Fwp%2Fv2%2Fproduct_tag&post=11586"}],"curies":[{"name":"wp","href":"https:\/\/api.w.org\/{rel}","templated":true}]}}