{"id":11606,"date":"2017-07-31T15:51:02","date_gmt":"2017-07-31T15:51:02","guid":{"rendered":"https:\/\/twsites.com.br\/novomigcenter\/?product=sanduicheira-eletrica-conjugada-chapa-lisa-croydon"},"modified":"2017-07-31T15:51:02","modified_gmt":"2017-07-31T15:51:02","slug":"sanduicheira-eletrica-conjugada-chapa-lisa-croydon","status":"publish","type":"product","link":"https:\/\/twsites.com.br\/novomigcenter\/?product=sanduicheira-eletrica-conjugada-chapa-lisa-croydon","title":{"rendered":"Sanduicheira El\u00e9trica. Conjugada (Chapa Lisa) &#8211; Croydon"},"content":{"rendered":"<h3 style=\"color: rgb(0, 0, 0); margin: 15pt 0cm 7.5pt;\"><span style=\"font-size: 14pt;\"><font face=\"Arial\"><span style=\"font-size: 18px;\"><b>Dados T\u00e9cnicos<\/b><\/span><o:p><\/o:p><\/font><\/span><\/h3>\n<h3 style=\"color: rgb(102, 102, 102); margin-top: 20px; margin-bottom: 10px; font-size: 24px;\"><span style=\"font-size: 14pt; line-height: 19.9733px; color: black;\"><font face=\"Arial\"><span style=\"font-size: 14px;\"><b>Capacidade Nominal: <\/b>18 sanduiches<\/span><br \/><span style=\"font-size: 14px;\"><b>Pot\u00eancia (220v): <\/b>4100W<\/span><br \/><span style=\"font-size: 14px;\"><b>Pot\u00eancia (127v):<\/b> 2550W<\/span><br \/><span style=\"font-size: 14px;\"><b>Corrente (220v):<\/b> 18,6A<\/span><br \/><span style=\"font-size: 14px;\"><b>Corrente (127v):<\/b> 20,1A<\/span><br \/><span style=\"font-size: 14px;\"><b>Altura:<\/b> 30cm<\/span><br \/><span style=\"font-size: 14px;\"><b>Largura: <\/b>78cm<\/span><br \/><span style=\"font-size: 14px;\"><b>Profundidade: <\/b>50cm<\/span><br \/><span style=\"font-size: 14px;\"><b>Peso L\u00edquido:<\/b> 19,9kg<\/span><br \/><span style=\"font-size: 14px;\"><b>Peso Bruto: <\/b>21,8kg<\/span><br \/><span style=\"font-size: 14px;\"><b>Consumo (220v):<\/b> 2,1kw\/h<\/span><br \/><span style=\"font-size: 14px;\"><b>Consumo(127v): <\/b>1,3kw\/h<\/span><\/font><\/span><\/h3>\n","protected":false},"excerpt":{"rendered":"<p>Dados T\u00e9cnicos Capacidade Nominal: 18 sanduichesPot\u00eancia (220v): 4100WPot\u00eancia (127v): 2550WCorrente (220v): 18,6ACorrente (127v): 20,1AAltura: 30cmLargura: 78cmProfundidade: 50cmPeso L\u00edquido: 19,9kgPeso Bruto: 21,8kgConsumo (220v): 2,1kw\/hConsumo(127v): 1,3kw\/h<\/p>\n","protected":false},"featured_media":11605,"comment_status":"open","ping_status":"closed","template":"","meta":[],"product_brand":[],"product_cat":[400],"product_tag":[],"class_list":{"0":"post-11606","1":"product","2":"type-product","3":"status-publish","4":"has-post-thumbnail","6":"product_cat-sanduicheira","8":"first","9":"instock","10":"shipping-taxable","11":"purchasable","12":"product-type-simple"},"_links":{"self":[{"href":"https:\/\/twsites.com.br\/novomigcenter\/index.php?rest_route=\/wp\/v2\/product\/11606","targetHints":{"allow":["GET"]}}],"collection":[{"href":"https:\/\/twsites.com.br\/novomigcenter\/index.php?rest_route=\/wp\/v2\/product"}],"about":[{"href":"https:\/\/twsites.com.br\/novomigcenter\/index.php?rest_route=\/wp\/v2\/types\/product"}],"replies":[{"embeddable":true,"href":"https:\/\/twsites.com.br\/novomigcenter\/index.php?rest_route=%2Fwp%2Fv2%2Fcomments&post=11606"}],"wp:featuredmedia":[{"embeddable":true,"href":"https:\/\/twsites.com.br\/novomigcenter\/index.php?rest_route=\/wp\/v2\/media\/11605"}],"wp:attachment":[{"href":"https:\/\/twsites.com.br\/novomigcenter\/index.php?rest_route=%2Fwp%2Fv2%2Fmedia&parent=11606"}],"wp:term":[{"taxonomy":"product_brand","embeddable":true,"href":"https:\/\/twsites.com.br\/novomigcenter\/index.php?rest_route=%2Fwp%2Fv2%2Fproduct_brand&post=11606"},{"taxonomy":"product_cat","embeddable":true,"href":"https:\/\/twsites.com.br\/novomigcenter\/index.php?rest_route=%2Fwp%2Fv2%2Fproduct_cat&post=11606"},{"taxonomy":"product_tag","embeddable":true,"href":"https:\/\/twsites.com.br\/novomigcenter\/index.php?rest_route=%2Fwp%2Fv2%2Fproduct_tag&post=11606"}],"curies":[{"name":"wp","href":"https:\/\/api.w.org\/{rel}","templated":true}]}}