{"id":11734,"date":"2018-03-23T16:51:04","date_gmt":"2018-03-23T16:51:04","guid":{"rendered":"https:\/\/twsites.com.br\/novomigcenter\/?product=expositor-vertical-auto-servico-12-portas-gelopar-geas-12p"},"modified":"2018-03-23T16:51:04","modified_gmt":"2018-03-23T16:51:04","slug":"expositor-vertical-auto-servico-12-portas-gelopar-geas-12p","status":"publish","type":"product","link":"https:\/\/twsites.com.br\/novomigcenter\/?product=expositor-vertical-auto-servico-12-portas-gelopar-geas-12p","title":{"rendered":"Refrigerador Vertical Auto Servi\u00e7o 12 Portas &#8211; 5 N\u00edveis de prateleiras regul\u00e1veis GEAS-12P"},"content":{"rendered":"<p><\/p>\n<section id=\"product-description\" style=\"outline: none; margin: 0px; padding: 0px; border: 0px; font-variant-numeric: inherit; font-variant-east-asian: inherit; font-variant-alternates: inherit; font-variant-position: inherit; font-stretch: inherit; font-size: 15px; line-height: inherit; font-family: &quot;Noto Sans&quot;, sans-serif; font-optical-sizing: inherit; font-kerning: inherit; font-feature-settings: inherit; font-variation-settings: inherit; vertical-align: baseline; color: rgb(51, 51, 51);\">\n<div class=\"container md-pd bordered\" style=\"outline: none; margin-top: 0px; margin-bottom: 0px; padding: 40px 20px; border: 1px solid rgb(255, 255, 255); font: inherit; vertical-align: baseline; width: unset !important; max-width: 1240px !important;\">\n<h2 class=\"styled-title mb-40\" style=\"outline: none; font-weight: bold; line-height: inherit; margin-right: 0px; margin-bottom: 40px; margin-left: 0px; font-size: 1.8em; padding: 0px; border: 0px; font-style: inherit; font-variant: inherit; font-stretch: inherit; font-optical-sizing: inherit; font-kerning: inherit; font-feature-settings: inherit; font-variation-settings: inherit; vertical-align: baseline; text-transform: uppercase; display: flex; align-items: center; justify-content: center; text-align: center;\">DESCRI\u00c7\u00c3O DO PRODUTO<\/h2>\n<div class=\"cont-description grid col-12\" style=\"outline: none; margin: 0px; padding: 0px; border: 0px; font: inherit; vertical-align: baseline; display: grid; gap: 20px; grid-template-columns: repeat(12, 1fr);\">\n<div class=\"desc span-12\" style=\"outline: none; margin: 0px; padding: 0px; border: 0px; font-style: inherit; font-variant: inherit; font-weight: inherit; font-stretch: inherit; font-size: inherit; line-height: 24px; font-family: inherit; font-optical-sizing: inherit; font-kerning: inherit; font-feature-settings: inherit; font-variation-settings: inherit; vertical-align: baseline; grid-column: span 12;\">Refrigerador Vertical Auto Servi\u00e7o<br style=\"outline: none;\">Conserva\u00e7\u00e3o e Exposi\u00e7\u00e3o de bebidas, frios e latic\u00ednios<br style=\"outline: none;\">Refrigera\u00e7\u00e3o: Ar for\u00e7ado com evaporador aletado<br style=\"outline: none;\">Temperatura: -2 a +10C<br style=\"outline: none;\">Degelo: Autom\u00e1tico<br style=\"outline: none;\">Controlador eletr\u00f4nico com indicador de temperatura<br style=\"outline: none;\">Revestimento Interno: A\u00e7o pr\u00e9-pintado branco<br style=\"outline: none;\">Ilumina\u00e7\u00e3o LED (interna), com interruptor<br style=\"outline: none;\">Portas: Medindo 520x1470mm; Vidro temperado, duplo, com g\u00e1s arg\u00f4nio<br style=\"outline: none;\">Prateleiras aramadas<br style=\"outline: none;\">4 n\u00edveis regul\u00e1veis e inclin\u00e1veis<br style=\"outline: none;\">P\u00e9s niveladores<br style=\"outline: none;\">Os m\u00f3dulos da linha Gemini (GEAS-8, 10 e 12) recebem a configura\u00e7\u00e3o das cabeceiras diferente dos m\u00f3dulos padr\u00e3o de linha A gemina\u00e7\u00e3o \u00e9 simples; Atrav\u00e9s de parafusos \u00e9 feita a uni\u00e3o e alinhamento dos m\u00f3dulos<br style=\"outline: none;\">Opcional: Kit Hortifruti (Anteparo aramado + cesto pl\u00e1stico)<br style=\"outline: none;\">Vidros sujeitos a condensa\u00e7\u00e3o da umidade do ar<br style=\"outline: none;\">Porta etiquetas acompanham o produto<br style=\"outline: none;\">Equipamento certificado conforme Portaria Inmetro n\u00ba 371\/2009<br style=\"outline: none;\">Produto destinado para uso comercial<br style=\"outline: none;\">* Imagens meramente ilustrativas. Imagens e informa\u00e7\u00f5es sujeitas a altera\u00e7\u00f5es sem aviso pr\u00e9vio.<br style=\"outline: none;\">** Cores de acabamento e materiais sujeitos a varia\u00e7\u00e3o de acordo com o lote de produ\u00e7\u00e3o e\/ou entre os materiais que comp\u00f5em o produto (ex.: chapa, pl\u00e1stico,madeiras e etc.)<br style=\"outline: none;\"><\/div>\n<\/div>\n<\/div>\n<\/section>\n<section id=\"product-description\" class=\"pt-40\" style=\"outline: none; margin: 0px; padding: 40px 0px 0px; border: 0px; font-variant-numeric: inherit; font-variant-east-asian: inherit; font-variant-alternates: inherit; font-variant-position: inherit; font-stretch: inherit; font-size: 15px; line-height: inherit; font-family: &quot;Noto Sans&quot;, sans-serif; font-optical-sizing: inherit; font-kerning: inherit; font-feature-settings: inherit; font-variation-settings: inherit; vertical-align: baseline; color: rgb(51, 51, 51);\">\n<div class=\"container md-pd bordered\" style=\"outline: none; margin-top: 0px; margin-bottom: 0px; padding: 40px 20px; border: 1px solid rgb(255, 255, 255); font: inherit; vertical-align: baseline; width: unset !important; max-width: 1240px !important;\">\n<h2 class=\"styled-title mb-40\" style=\"outline: none; font-weight: bold; line-height: inherit; margin-right: 0px; margin-bottom: 40px; margin-left: 0px; font-size: 1.8em; padding: 0px; border: 0px; font-style: inherit; font-variant: inherit; font-stretch: inherit; font-optical-sizing: inherit; font-kerning: inherit; font-feature-settings: inherit; font-variation-settings: inherit; vertical-align: baseline; text-transform: uppercase; display: flex; align-items: center; justify-content: center; text-align: center;\">INFORMA\u00c7\u00d5ES T\u00c9CNICAS<\/h2>\n<div class=\"cont-description grid col-12\" style=\"outline: none; margin: 0px; padding: 0px; border: 0px; font: inherit; vertical-align: baseline; display: grid; gap: 20px; grid-template-columns: repeat(12, 1fr);\">\n<div class=\"desc span-8\" style=\"outline: none; margin: 0px; padding: 0px; border: 0px; font-style: inherit; font-variant: inherit; font-weight: inherit; font-stretch: inherit; font-size: inherit; line-height: 24px; font-family: inherit; font-optical-sizing: inherit; font-kerning: inherit; font-feature-settings: inherit; font-variation-settings: inherit; vertical-align: baseline; grid-column: span 8;\">\n<div clas=\"grid col-12 sm-gap\" style=\"outline: none; margin: 0px; padding: 0px; border: 0px; font: inherit; vertical-align: baseline;\">\n<div class=\"span-8\" style=\"outline: none; margin: 0px; padding: 0px; border: 0px; font: inherit; vertical-align: baseline; grid-column: span 8;\"><\/div>\n<div class=\"table-info span-4\" style=\"outline: none; margin: 0px; padding: 0px; border: 0px; font: inherit; vertical-align: baseline; grid-column: span 4;\">\n<table style=\"outline: none; margin: 25px 0px 0px; padding: 0px; border: 0px; font: inherit; vertical-align: baseline; width: 350px; min-width: 350px;\">\n<tbody style=\"outline: none; margin: 0px; padding: 0px; border-width: 0px 1px 1px; border-top-style: initial; border-right-style: solid; border-bottom-style: solid; border-left-style: solid; border-top-color: initial; border-right-color: rgb(204, 204, 204); border-bottom-color: rgb(204, 204, 204); border-left-color: rgb(204, 204, 204); border-image: initial; font: inherit; vertical-align: baseline;\">\n<tr style=\"outline: none; margin: 0px; padding: 0px; border: 0px; font: inherit; vertical-align: baseline;\">\n<td class=\"bold text-right\" style=\"outline: none; padding: 10px; margin: 0px; border-width: 0px 1px 0px 0px; border-top-style: initial; border-right-style: solid; border-bottom-style: initial; border-left-style: initial; border-top-color: initial; border-right-color: rgb(204, 204, 204); border-bottom-color: initial; border-left-color: initial; border-image: initial; font-style: inherit; font-variant: inherit; font-weight: bold; font-stretch: inherit; font-size: inherit; line-height: inherit; font-family: inherit; font-optical-sizing: inherit; font-kerning: inherit; font-feature-settings: inherit; font-variation-settings: inherit; vertical-align: baseline; width: 209.391px;\">Altura<\/td>\n<td class=\"bold\" style=\"outline: none; padding: 10px; margin: 0px; border: 0px; font-style: inherit; font-variant: inherit; font-weight: bold; font-stretch: inherit; font-size: inherit; line-height: inherit; font-family: inherit; font-optical-sizing: inherit; font-kerning: inherit; font-feature-settings: inherit; font-variation-settings: inherit; vertical-align: baseline;\">2097mm<\/td>\n<\/tr>\n<tr style=\"outline: none; margin: 0px; padding: 0px; border: 0px; font: inherit; vertical-align: baseline; background-color: rgb(226, 226, 226);\">\n<td class=\"bold text-right\" style=\"outline: none; padding: 10px; margin: 0px; border-width: 0px 1px 0px 0px; border-top-style: initial; border-right-style: solid; border-bottom-style: initial; border-left-style: initial; border-top-color: initial; border-right-color: rgb(204, 204, 204); border-bottom-color: initial; border-left-color: initial; border-image: initial; font-style: inherit; font-variant: inherit; font-weight: bold; font-stretch: inherit; font-size: inherit; line-height: inherit; font-family: inherit; font-optical-sizing: inherit; font-kerning: inherit; font-feature-settings: inherit; font-variation-settings: inherit; vertical-align: baseline; width: 209.391px;\">Profundidade<\/td>\n<td class=\"bold\" style=\"outline: none; padding: 10px; margin: 0px; border: 0px; font-style: inherit; font-variant: inherit; font-weight: bold; font-stretch: inherit; font-size: inherit; line-height: inherit; font-family: inherit; font-optical-sizing: inherit; font-kerning: inherit; font-feature-settings: inherit; font-variation-settings: inherit; vertical-align: baseline;\">588mm<\/td>\n<\/tr>\n<tr style=\"outline: none; margin: 0px; padding: 0px; border: 0px; font: inherit; vertical-align: baseline;\">\n<td class=\"bold text-right\" style=\"outline: none; padding: 10px; margin: 0px; border-width: 0px 1px 0px 0px; border-top-style: initial; border-right-style: solid; border-bottom-style: initial; border-left-style: initial; border-top-color: initial; border-right-color: rgb(204, 204, 204); border-bottom-color: initial; border-left-color: initial; border-image: initial; font-style: inherit; font-variant: inherit; font-weight: bold; font-stretch: inherit; font-size: inherit; line-height: inherit; font-family: inherit; font-optical-sizing: inherit; font-kerning: inherit; font-feature-settings: inherit; font-variation-settings: inherit; vertical-align: baseline; width: 209.391px;\">Frente<\/td>\n<td class=\"bold\" style=\"outline: none; padding: 10px; margin: 0px; border: 0px; font-style: inherit; font-variant: inherit; font-weight: bold; font-stretch: inherit; font-size: inherit; line-height: inherit; font-family: inherit; font-optical-sizing: inherit; font-kerning: inherit; font-feature-settings: inherit; font-variation-settings: inherit; vertical-align: baseline;\">6946mm<\/td>\n<\/tr>\n<tr style=\"outline: none; margin: 0px; padding: 0px; border: 0px; font: inherit; vertical-align: baseline; background-color: rgb(226, 226, 226);\">\n<td class=\"bold text-right\" style=\"outline: none; padding: 10px; margin: 0px; border-width: 0px 1px 0px 0px; border-top-style: initial; border-right-style: solid; border-bottom-style: initial; border-left-style: initial; border-top-color: initial; border-right-color: rgb(204, 204, 204); border-bottom-color: initial; border-left-color: initial; border-image: initial; font-style: inherit; font-variant: inherit; font-weight: bold; font-stretch: inherit; font-size: inherit; line-height: inherit; font-family: inherit; font-optical-sizing: inherit; font-kerning: inherit; font-feature-settings: inherit; font-variation-settings: inherit; vertical-align: baseline; width: 209.391px;\">Consumo<\/td>\n<td class=\"bold\" style=\"outline: none; padding: 10px; margin: 0px; border: 0px; font-style: inherit; font-variant: inherit; font-weight: bold; font-stretch: inherit; font-size: inherit; line-height: inherit; font-family: inherit; font-optical-sizing: inherit; font-kerning: inherit; font-feature-settings: inherit; font-variation-settings: inherit; vertical-align: baseline;\">47kW\/dia<\/td>\n<\/tr>\n<tr style=\"outline: none; margin: 0px; padding: 0px; border: 0px; font: inherit; vertical-align: baseline;\">\n<td class=\"bold text-right\" style=\"outline: none; padding: 10px; margin: 0px; border-width: 0px 1px 0px 0px; border-top-style: initial; border-right-style: solid; border-bottom-style: initial; border-left-style: initial; border-top-color: initial; border-right-color: rgb(204, 204, 204); border-bottom-color: initial; border-left-color: initial; border-image: initial; font-style: inherit; font-variant: inherit; font-weight: bold; font-stretch: inherit; font-size: inherit; line-height: inherit; font-family: inherit; font-optical-sizing: inherit; font-kerning: inherit; font-feature-settings: inherit; font-variation-settings: inherit; vertical-align: baseline; width: 209.391px;\">Peso L\u00edquido<\/td>\n<td class=\"bold\" style=\"outline: none; padding: 10px; margin: 0px; border: 0px; font-style: inherit; font-variant: inherit; font-weight: bold; font-stretch: inherit; font-size: inherit; line-height: inherit; font-family: inherit; font-optical-sizing: inherit; font-kerning: inherit; font-feature-settings: inherit; font-variation-settings: inherit; vertical-align: baseline;\">656kg<\/td>\n<\/tr>\n<tr style=\"outline: none; margin: 0px; padding: 0px; border: 0px; font: inherit; vertical-align: baseline; background-color: rgb(226, 226, 226);\">\n<td class=\"bold text-right\" style=\"outline: none; padding: 10px; margin: 0px; border-width: 0px 1px 0px 0px; border-top-style: initial; border-right-style: solid; border-bottom-style: initial; border-left-style: initial; border-top-color: initial; border-right-color: rgb(204, 204, 204); border-bottom-color: initial; border-left-color: initial; border-image: initial; font-style: inherit; font-variant: inherit; font-weight: bold; font-stretch: inherit; font-size: inherit; line-height: inherit; font-family: inherit; font-optical-sizing: inherit; font-kerning: inherit; font-feature-settings: inherit; font-variation-settings: inherit; vertical-align: baseline; width: 209.391px;\">Classe<\/td>\n<td class=\"bold\" style=\"outline: none; padding: 10px; margin: 0px; border: 0px; font-style: inherit; font-variant: inherit; font-weight: bold; font-stretch: inherit; font-size: inherit; line-height: inherit; font-family: inherit; font-optical-sizing: inherit; font-kerning: inherit; font-feature-settings: inherit; font-variation-settings: inherit; vertical-align: baseline;\">( 4 )<\/td>\n<\/tr>\n<tr style=\"outline: none; margin: 0px; padding: 0px; border: 0px; font: inherit; vertical-align: baseline;\">\n<td class=\"bold text-right\" style=\"outline: none; padding: 10px; margin: 0px; border-width: 0px 1px 0px 0px; border-top-style: initial; border-right-style: solid; border-bottom-style: initial; border-left-style: initial; border-top-color: initial; border-right-color: rgb(204, 204, 204); border-bottom-color: initial; border-left-color: initial; border-image: initial; font-style: inherit; font-variant: inherit; font-weight: bold; font-stretch: inherit; font-size: inherit; line-height: inherit; font-family: inherit; font-optical-sizing: inherit; font-kerning: inherit; font-feature-settings: inherit; font-variation-settings: inherit; vertical-align: baseline; width: 209.391px;\">Capacidade L\u00edquida<\/td>\n<td class=\"bold\" style=\"outline: none; padding: 10px; margin: 0px; border: 0px; font-style: inherit; font-variant: inherit; font-weight: bold; font-stretch: inherit; font-size: inherit; line-height: inherit; font-family: inherit; font-optical-sizing: inherit; font-kerning: inherit; font-feature-settings: inherit; font-variation-settings: inherit; vertical-align: baseline;\">4680 litros<\/td>\n<\/tr>\n<\/tbody>\n<\/table>\n<\/div>\n<\/div>\n<\/div>\n<\/div>\n<\/div>\n<\/section>\n","protected":false},"excerpt":{"rendered":"<p>DESCRI\u00c7\u00c3O DO PRODUTO Refrigerador Vertical Auto Servi\u00e7oConserva\u00e7\u00e3o e Exposi\u00e7\u00e3o de bebidas, frios e latic\u00edniosRefrigera\u00e7\u00e3o: Ar for\u00e7ado com evaporador aletadoTemperatura: -2 a +10CDegelo: Autom\u00e1ticoControlador eletr\u00f4nico com indicador de temperaturaRevestimento Interno: A\u00e7o pr\u00e9-pintado brancoIlumina\u00e7\u00e3o LED (interna), com interruptorPortas: Medindo 520x1470mm; Vidro temperado, duplo, com g\u00e1s arg\u00f4nioPrateleiras aramadas4 n\u00edveis regul\u00e1veis e inclin\u00e1veisP\u00e9s niveladoresOs m\u00f3dulos da linha Gemini (GEAS-8, [&hellip;]<\/p>\n","protected":false},"featured_media":11732,"comment_status":"open","ping_status":"closed","template":"","meta":[],"product_brand":[],"product_cat":[324,419,442],"product_tag":[],"class_list":{"0":"post-11734","1":"product","2":"type-product","3":"status-publish","4":"has-post-thumbnail","6":"product_cat-expositor-vertical","7":"product_cat-linha-gelopar","8":"product_cat-refrigeracao","10":"first","11":"instock","12":"shipping-taxable","13":"purchasable","14":"product-type-simple"},"_links":{"self":[{"href":"https:\/\/twsites.com.br\/novomigcenter\/index.php?rest_route=\/wp\/v2\/product\/11734","targetHints":{"allow":["GET"]}}],"collection":[{"href":"https:\/\/twsites.com.br\/novomigcenter\/index.php?rest_route=\/wp\/v2\/product"}],"about":[{"href":"https:\/\/twsites.com.br\/novomigcenter\/index.php?rest_route=\/wp\/v2\/types\/product"}],"replies":[{"embeddable":true,"href":"https:\/\/twsites.com.br\/novomigcenter\/index.php?rest_route=%2Fwp%2Fv2%2Fcomments&post=11734"}],"wp:featuredmedia":[{"embeddable":true,"href":"https:\/\/twsites.com.br\/novomigcenter\/index.php?rest_route=\/wp\/v2\/media\/11732"}],"wp:attachment":[{"href":"https:\/\/twsites.com.br\/novomigcenter\/index.php?rest_route=%2Fwp%2Fv2%2Fmedia&parent=11734"}],"wp:term":[{"taxonomy":"product_brand","embeddable":true,"href":"https:\/\/twsites.com.br\/novomigcenter\/index.php?rest_route=%2Fwp%2Fv2%2Fproduct_brand&post=11734"},{"taxonomy":"product_cat","embeddable":true,"href":"https:\/\/twsites.com.br\/novomigcenter\/index.php?rest_route=%2Fwp%2Fv2%2Fproduct_cat&post=11734"},{"taxonomy":"product_tag","embeddable":true,"href":"https:\/\/twsites.com.br\/novomigcenter\/index.php?rest_route=%2Fwp%2Fv2%2Fproduct_tag&post=11734"}],"curies":[{"name":"wp","href":"https:\/\/api.w.org\/{rel}","templated":true}]}}