{"id":11818,"date":"2018-04-25T15:14:01","date_gmt":"2018-04-25T15:14:01","guid":{"rendered":"https:\/\/twsites.com.br\/novomigcenter\/?product=lixeira-com-pedal-retangular-50-litros-marfinite"},"modified":"2018-04-25T15:14:01","modified_gmt":"2018-04-25T15:14:01","slug":"lixeira-com-pedal-retangular-50-litros-marfinite","status":"publish","type":"product","link":"https:\/\/twsites.com.br\/novomigcenter\/?product=lixeira-com-pedal-retangular-50-litros-marfinite","title":{"rendered":"Lixeira com Pedal Retangular 50 Litros Marfinite"},"content":{"rendered":"<div class=\"heading-content\">\n<h3 class=\"product-description-heading\"><font face=\"Arial\">Descri\u00e7\u00e3o do produto                             <\/font><\/h3>\n<\/p><\/div>\n<\/p>\n<div class=\"product-description-text-content product-tab-content\">\n<p><font face=\"Arial\"><b>Carater\u00edsticas:<\/b><\/font><\/p>\n<p><font face=\"Arial\"><b>Capacidade<\/b>:&nbsp;<\/font><span style=\"font-family: Arial;\">50 Litros<\/span><\/p>\n<p><font face=\"Arial\"><b>Cor:<\/b><\/font><span style=\"font-family: Arial;\">Branco<\/span><\/p>\n<p><font face=\"Arial\"><b>Mat\u00e9ria prima:<\/b>&nbsp;<\/font><span style=\"font-family: Arial;\">PP &#8211; Polipropileno<\/span><\/p>\n<p><font face=\"Arial\"><b>Dimens\u00f5es:&nbsp;<\/b><\/font><span style=\"font-family: Arial;\">Peso: 4,185 Kg<\/span><\/p>\n<p><font face=\"Arial\"><b>Altura:<\/b> 67,5 cm<\/font><\/p>\n<p><font face=\"Arial\"><b>Largura:<\/b> 43 cm<\/font><\/p>\n<p><font face=\"Arial\"><b>Profundidade: <\/b>34 cm<\/font><\/p>\n<\/div>\n","protected":false},"excerpt":{"rendered":"<p>Descri\u00e7\u00e3o do produto Carater\u00edsticas: Capacidade:&nbsp;50 Litros Cor:Branco Mat\u00e9ria prima:&nbsp;PP &#8211; Polipropileno Dimens\u00f5es:&nbsp;Peso: 4,185 Kg Altura: 67,5 cm Largura: 43 cm Profundidade: 34 cm<\/p>\n","protected":false},"featured_media":11817,"comment_status":"open","ping_status":"closed","template":"","meta":[],"product_brand":[],"product_cat":[373,444],"product_tag":[455],"class_list":{"0":"post-11818","1":"product","2":"type-product","3":"status-publish","4":"has-post-thumbnail","6":"product_cat-lixeira","7":"product_cat-utensilios","8":"product_tag-lixeira-com-pedal-retangular-50-litros-marfinite","10":"first","11":"instock","12":"shipping-taxable","13":"purchasable","14":"product-type-simple"},"_links":{"self":[{"href":"https:\/\/twsites.com.br\/novomigcenter\/index.php?rest_route=\/wp\/v2\/product\/11818","targetHints":{"allow":["GET"]}}],"collection":[{"href":"https:\/\/twsites.com.br\/novomigcenter\/index.php?rest_route=\/wp\/v2\/product"}],"about":[{"href":"https:\/\/twsites.com.br\/novomigcenter\/index.php?rest_route=\/wp\/v2\/types\/product"}],"replies":[{"embeddable":true,"href":"https:\/\/twsites.com.br\/novomigcenter\/index.php?rest_route=%2Fwp%2Fv2%2Fcomments&post=11818"}],"wp:featuredmedia":[{"embeddable":true,"href":"https:\/\/twsites.com.br\/novomigcenter\/index.php?rest_route=\/wp\/v2\/media\/11817"}],"wp:attachment":[{"href":"https:\/\/twsites.com.br\/novomigcenter\/index.php?rest_route=%2Fwp%2Fv2%2Fmedia&parent=11818"}],"wp:term":[{"taxonomy":"product_brand","embeddable":true,"href":"https:\/\/twsites.com.br\/novomigcenter\/index.php?rest_route=%2Fwp%2Fv2%2Fproduct_brand&post=11818"},{"taxonomy":"product_cat","embeddable":true,"href":"https:\/\/twsites.com.br\/novomigcenter\/index.php?rest_route=%2Fwp%2Fv2%2Fproduct_cat&post=11818"},{"taxonomy":"product_tag","embeddable":true,"href":"https:\/\/twsites.com.br\/novomigcenter\/index.php?rest_route=%2Fwp%2Fv2%2Fproduct_tag&post=11818"}],"curies":[{"name":"wp","href":"https:\/\/api.w.org\/{rel}","templated":true}]}}