{"id":12006,"date":"2018-04-27T17:02:56","date_gmt":"2018-04-27T17:02:56","guid":{"rendered":"https:\/\/twsites.com.br\/novomigcenter\/?product=caldeirao-panela-127-litros-aluminio-hotel-60-abc"},"modified":"2018-04-27T17:02:56","modified_gmt":"2018-04-27T17:02:56","slug":"caldeirao-panela-127-litros-aluminio-hotel-60-abc","status":"publish","type":"product","link":"https:\/\/twsites.com.br\/novomigcenter\/?product=caldeirao-panela-127-litros-aluminio-hotel-60-abc","title":{"rendered":"Caldeir\u00e3o Panela 127 Litros Alum\u00ednio Hotel 60 &#8211; ABC"},"content":{"rendered":"<p>DESCRI\u00c7\u00c3O DO PRODUTO<\/p>\n<p>Caracter\u00edsticas:<\/p>\n<p>Caldeir\u00e3o Panela 127 Litros Alum\u00ednio Hotel 60 &#8211; ABC<\/p>\n<p>Dimens\u00f5es:<\/p>\n<p>Peso: 11,796 Kg<\/p>\n<p>Altura: 45 cm<\/p>\n<p>Largura: 60 cm<\/p>\n<p>Profundidade: 60 cm<\/p>\n","protected":false},"excerpt":{"rendered":"<p>DESCRI\u00c7\u00c3O DO PRODUTO Caracter\u00edsticas: Caldeir\u00e3o Panela 127 Litros Alum\u00ednio Hotel 60 &#8211; ABC Dimens\u00f5es: Peso: 11,796 Kg Altura: 45 cm Largura: 60 cm Profundidade: 60 cm<\/p>\n","protected":false},"featured_media":12005,"comment_status":"open","ping_status":"closed","template":"","meta":[],"product_brand":[],"product_cat":[374,444],"product_tag":[581],"class_list":{"0":"post-12006","1":"product","2":"type-product","3":"status-publish","4":"has-post-thumbnail","6":"product_cat-panela","7":"product_cat-utensilios","8":"product_tag-caldeirao-panela-127-litros-aluminio-hotel-60-abc","10":"first","11":"instock","12":"shipping-taxable","13":"purchasable","14":"product-type-simple"},"_links":{"self":[{"href":"https:\/\/twsites.com.br\/novomigcenter\/index.php?rest_route=\/wp\/v2\/product\/12006","targetHints":{"allow":["GET"]}}],"collection":[{"href":"https:\/\/twsites.com.br\/novomigcenter\/index.php?rest_route=\/wp\/v2\/product"}],"about":[{"href":"https:\/\/twsites.com.br\/novomigcenter\/index.php?rest_route=\/wp\/v2\/types\/product"}],"replies":[{"embeddable":true,"href":"https:\/\/twsites.com.br\/novomigcenter\/index.php?rest_route=%2Fwp%2Fv2%2Fcomments&post=12006"}],"wp:featuredmedia":[{"embeddable":true,"href":"https:\/\/twsites.com.br\/novomigcenter\/index.php?rest_route=\/wp\/v2\/media\/12005"}],"wp:attachment":[{"href":"https:\/\/twsites.com.br\/novomigcenter\/index.php?rest_route=%2Fwp%2Fv2%2Fmedia&parent=12006"}],"wp:term":[{"taxonomy":"product_brand","embeddable":true,"href":"https:\/\/twsites.com.br\/novomigcenter\/index.php?rest_route=%2Fwp%2Fv2%2Fproduct_brand&post=12006"},{"taxonomy":"product_cat","embeddable":true,"href":"https:\/\/twsites.com.br\/novomigcenter\/index.php?rest_route=%2Fwp%2Fv2%2Fproduct_cat&post=12006"},{"taxonomy":"product_tag","embeddable":true,"href":"https:\/\/twsites.com.br\/novomigcenter\/index.php?rest_route=%2Fwp%2Fv2%2Fproduct_tag&post=12006"}],"curies":[{"name":"wp","href":"https:\/\/api.w.org\/{rel}","templated":true}]}}