{"id":12078,"date":"2018-05-02T12:56:14","date_gmt":"2018-05-02T12:56:14","guid":{"rendered":"https:\/\/twsites.com.br\/novomigcenter\/?product=tampa-de-policarbonato-cristal-1-2-para-cuba-de-policarbonato"},"modified":"2018-05-02T12:56:14","modified_gmt":"2018-05-02T12:56:14","slug":"tampa-de-policarbonato-cristal-1-2-para-cuba-de-policarbonato","status":"publish","type":"product","link":"https:\/\/twsites.com.br\/novomigcenter\/?product=tampa-de-policarbonato-cristal-1-2-para-cuba-de-policarbonato","title":{"rendered":"Tampa de Policarbonato Cristal 1\/2 para Cuba de Policarbonato"},"content":{"rendered":"<div class=\"heading-content\">\n<h3 class=\"product-description-heading\">\n<p style=\"text-align: justify; line-height: 17.55pt; background-image: initial; background-position: initial; background-size: initial; background-repeat: initial; background-attachment: initial; background-origin: initial; background-clip: initial;\"><span style=\"font-size: 14pt; color: rgb(68, 68, 68);\"><font face=\"Arial\"><span style=\"font-size: 14px;\">As GNs Gourmet Mix em&nbsp;<\/span><strong style=\"\"><span style=\"font-weight: normal;\"><a href=\"https:\/\/www.atacadogourmet.com.br\/pesquisa\/?p=Policarbonato\" target=\"_blank\"><span style=\"color: rgb(51, 51, 51); font-size: 14px;\">Policarbonato<\/span><\/a><\/span><\/strong><span style=\"font-size: 14px;\">&nbsp;foram desenvolvidas para suportar temperaturas altas (at\u00e9 100\u00baC) e baixas (at\u00e9 -40\u00baC) sem deformar. \u00c9 super resistente, praticamente inquebr\u00e1vel, podendo ir \u00e0 m\u00e1quina de lavar lou\u00e7as, no freezer e no micro-ondas. Possuem um \u00f3timo custo benef\u00edcio em rela\u00e7\u00e3o ao a\u00e7o inox. As pe\u00e7as s\u00e3o empilh\u00e1veis, o que facilita na organiza\u00e7\u00e3o e armazenamento. A linha est\u00e1 dispon\u00edvel em duas cores:&nbsp;<\/span><strong style=\"\"><span style=\"font-weight: normal;\"><a href=\"https:\/\/www.atacadogourmet.com.br\/pesquisa\/?p=Cristal\" target=\"_blank\"><span style=\"color: rgb(51, 51, 51); font-size: 14px;\">Cristal<\/span><\/a><\/span><\/strong><span style=\"font-size: 14px;\">, que \u00e9 transparente, e Branca, que \u00e9 muito parecida com a porcelana.<\/span><o:p><\/o:p><\/font><\/span><\/p>\n<p><span style=\"font-size: 14px;\">  <\/span><\/h3>\n<h4 style=\"margin-top: 0cm; background-image: initial; background-position: initial; background-size: initial; background-repeat: initial; background-attachment: initial; background-origin: initial; background-clip: initial;\"><b><span style=\"font-size: 14pt; line-height: 107%; color: rgb(68, 68, 68);\"><font face=\"Arial\"><span style=\"font-size: 14px;\">ESPECIFICA\u00c7\u00d5ES<\/span><o:p><\/o:p><\/font><\/span><\/b><\/h4>\n<h4 style=\"margin-top: 0cm; background-image: initial; background-position: initial; background-size: initial; background-repeat: initial; background-attachment: initial; background-origin: initial; background-clip: initial;\"><b><span style=\"font-size: 14px; line-height: 107%; color: rgb(68, 68, 68);\"><o:p><font face=\"Arial\">&nbsp;<\/font><\/o:p><\/span><\/b><\/h4>\n<h4 style=\"margin-top: 0cm; background-image: initial; background-position: initial; background-size: initial; background-repeat: initial; background-attachment: initial; background-origin: initial; background-clip: initial;\"><font face=\"Arial\"><span style=\"font-size: 14px; line-height: 107%; color: rgb(68, 68, 68);\">Ref.: GX0523<\/span><b><span style=\"font-size: 14pt; line-height: 107%; color: rgb(68, 68, 68);\"><o:p><\/o:p><\/span><\/b><\/font><\/h4>\n<h3 class=\"product-description-heading\"><span style=\"font-size: 14px;\">      <\/span><\/p>\n<p class=\"MsoNormal\" style=\"background-image: initial; background-position: initial; background-size: initial; background-repeat: initial; background-attachment: initial; background-origin: initial; background-clip: initial;\"><span style=\"font-size: 14pt; line-height: 107%; color: rgb(68, 68, 68);\"><font face=\"Arial\"><span style=\"font-size: 14px;\">Material: Policarbonato<\/span><o:p><\/o:p><\/font><\/span><\/p>\n<p><span style=\"font-size: 14px;\">  <\/span><\/p>\n<p class=\"MsoNormal\" style=\"background-image: initial; background-position: initial; background-size: initial; background-repeat: initial; background-attachment: initial; background-origin: initial; background-clip: initial;\"><span style=\"font-size: 14pt; line-height: 107%; color: rgb(68, 68, 68);\"><font face=\"Arial\"><span style=\"font-size: 14px;\">Medidas do Produto &#8211; dimens\u00f5es aproximadas: Peso (Kg) 0,272 (CxLxA): 32,5 x 25,6 x 2 cm<\/span><o:p><\/o:p><\/font><\/span><\/p>\n<p><span style=\"font-size: 14px;\">  <\/span><\/p>\n<p class=\"MsoNormal\" style=\"background-image: initial; background-position: initial; background-size: initial; background-repeat: initial; background-attachment: initial; background-origin: initial; background-clip: initial;\"><span style=\"font-size: 14pt; line-height: 107%; color: rgb(68, 68, 68);\"><font face=\"Arial\"><span style=\"font-size: 14px;\">Formato de GN: 1\/2<\/span><o:p><\/o:p><\/font><\/span><\/p>\n<p><span style=\"font-size: 14px;\">  <\/span><\/p>\n<p class=\"MsoNormal\" style=\"background-image: initial; background-position: initial; background-size: initial; background-repeat: initial; background-attachment: initial; background-origin: initial; background-clip: initial;\"><span style=\"font-size: 14pt; line-height: 107%; color: rgb(68, 68, 68);\"><font face=\"Arial\"><span style=\"font-size: 14px;\">Marca: Gourmet Mix<\/span><o:p><\/o:p><\/font><\/span><\/p>\n<p><span style=\"font-size: 14px;\">  <\/span><\/p>\n<p class=\"MsoNormal\" style=\"background-image: initial; background-position: initial; background-size: initial; background-repeat: initial; background-attachment: initial; background-origin: initial; background-clip: initial;\"><span style=\"font-size: 14pt; line-height: 107%; color: rgb(68, 68, 68);\"><font face=\"Arial\"><span style=\"font-size: 14px;\">Fabricante: Marcamix &#8211; Utilidades Gourmet<\/span><o:p><\/o:p><\/font><\/span><\/p>\n<p><span style=\"font-size: 14px;\">  <\/span><\/h3>\n<h4 style=\"margin-top: 0cm; background-image: initial; background-position: initial; background-size: initial; background-repeat: initial; background-attachment: initial; background-origin: initial; background-clip: initial;\"><font face=\"Arial\"><span style=\"font-size: 14pt; line-height: 107%; color: rgb(68, 68, 68);\"><br \/><span style=\"font-size: 14px;\"> <\/span><\/span><b><span style=\"font-size: 14pt; line-height: 107%; color: rgb(68, 68, 68);\"><span style=\"font-size: 14px;\">RECOMENDA\u00c7\u00d5ES<\/span><o:p><\/o:p><\/span><\/b><\/font><\/h4>\n<h3 class=\"product-description-heading\"><span style=\"font-size: 14px;\">  <\/span><\/p>\n<p class=\"MsoNormal\" style=\"background-image: initial; background-position: initial; background-size: initial; background-repeat: initial; background-attachment: initial; background-origin: initial; background-clip: initial;\"><span style=\"font-size: 14pt; line-height: 107%; color: rgb(68, 68, 68);\"><font face=\"Arial\"><span style=\"font-size: 14px;\">Principais Caracter\u00edsticas:<\/span><o:p><\/o:p><\/font><\/span><\/p>\n<p><span style=\"font-size: 14px;\">  <\/span><\/p>\n<p class=\"MsoNormal\" style=\"background-image: initial; background-position: initial; background-size: initial; background-repeat: initial; background-attachment: initial; background-origin: initial; background-clip: initial;\"><span style=\"font-size: 14pt; line-height: 107%; color: rgb(68, 68, 68);\"><font face=\"Arial\"><span style=\"font-size: 14px;\">Empilh\u00e1veis para facilitar a armazenagem<\/span><o:p><\/o:p><\/font><\/span><\/p>\n<p><span style=\"font-size: 14px;\">  <\/span><\/p>\n<p class=\"MsoNormal\" style=\"background-image: initial; background-position: initial; background-size: initial; background-repeat: initial; background-attachment: initial; background-origin: initial; background-clip: initial;\"><span style=\"font-size: 14pt; line-height: 107%; color: rgb(68, 68, 68);\"><font face=\"Arial\"><span style=\"font-size: 14px;\">Resistentes \u00e0 acidez e oleosidade dos alimentos<\/span><o:p><\/o:p><\/font><\/span><\/p>\n<p><span style=\"font-size: 14px;\">  <\/span><\/p>\n<p class=\"MsoNormal\" style=\"background-image: initial; background-position: initial; background-size: initial; background-repeat: initial; background-attachment: initial; background-origin: initial; background-clip: initial;\"><span style=\"font-size: 14pt; line-height: 107%; color: rgb(68, 68, 68);\"><font face=\"Arial\"><span style=\"font-size: 14px;\">Suportam temperaturas de -40 \u00baC a 100\u00baC<\/span><o:p><\/o:p><\/font><\/span><\/p>\n<p><span style=\"font-size: 14px;\">  <\/span><\/p>\n<p class=\"MsoNormal\" style=\"background-image: initial; background-position: initial; background-size: initial; background-repeat: initial; background-attachment: initial; background-origin: initial; background-clip: initial;\"><span style=\"font-size: 14pt; line-height: 107%; color: rgb(68, 68, 68);\"><font face=\"Arial\"><span style=\"font-size: 14px;\">Mant\u00e9m o conte\u00fado t\u00e3o frio quanto os recipientes de A\u00e7o Inoxid\u00e1vel<\/span><o:p><\/o:p><\/font><\/span><\/p>\n<p><span style=\"font-size: 14px;\">  <\/span><\/p>\n<p class=\"MsoNormal\" style=\"background-image: initial; background-position: initial; background-size: initial; background-repeat: initial; background-attachment: initial; background-origin: initial; background-clip: initial;\"><span style=\"font-size: 14pt; line-height: 107%; color: rgb(68, 68, 68);\"><font face=\"Arial\"><span style=\"font-size: 14px;\">Pr\u00f3prias para o uso em fornos de microondas ou banho-maria<\/span><o:p><\/o:p><\/font><\/span><\/p>\n<p><span style=\"font-size: 14px;\">  <\/span><\/p>\n<p class=\"MsoNormal\" style=\"background-image: initial; background-position: initial; background-size: initial; background-repeat: initial; background-attachment: initial; background-origin: initial; background-clip: initial;\"><span style=\"font-size: 14pt; line-height: 107%; color: rgb(68, 68, 68);\"><font face=\"Arial\"><span style=\"font-size: 14px;\">Ideal para o congelamento, cozimento ou aquecimento<\/span><o:p><\/o:p><\/font><\/span><\/p>\n<p><span style=\"font-size: 14px;\">  <\/span><\/p>\n<p class=\"MsoNormal\" style=\"background-image: initial; background-position: initial; background-size: initial; background-repeat: initial; background-attachment: initial; background-origin: initial; background-clip: initial;\"><span style=\"font-size: 14pt; line-height: 107%; color: rgb(68, 68, 68);\"><font face=\"Arial\"><span style=\"font-size: 14px;\">Sua superf\u00edcie lisa e antiaderente, aumenta o rendimento e promove uma f\u00e1cil limpeza<\/span><o:p><\/o:p><\/font><\/span><\/p>\n<p><span style=\"font-size: 14px;\">  <\/span><\/p>\n<p class=\"MsoNormal\" style=\"background-image: initial; background-position: initial; background-size: initial; background-repeat: initial; background-attachment: initial; background-origin: initial; background-clip: initial;\"><span style=\"font-size: 14pt; line-height: 107%; color: rgb(68, 68, 68);\"><font face=\"Arial\"><span style=\"font-size: 14px;\">Padr\u00e3o GN, compat\u00edvel com Rechauds e Buffets<\/span><\/font><font face=\"Arial Narrow, sans-serif\"><o:p><\/o:p><\/font><\/span><\/p>\n<\/h3>\n<\/div>\n","protected":false},"excerpt":{"rendered":"<p>As GNs Gourmet Mix em&nbsp;Policarbonato&nbsp;foram desenvolvidas para suportar temperaturas altas (at\u00e9 100\u00baC) e baixas (at\u00e9 -40\u00baC) sem deformar. \u00c9 super resistente, praticamente inquebr\u00e1vel, podendo ir \u00e0 m\u00e1quina de lavar lou\u00e7as, no freezer e no micro-ondas. Possuem um \u00f3timo custo benef\u00edcio em rela\u00e7\u00e3o ao a\u00e7o inox. As pe\u00e7as s\u00e3o empilh\u00e1veis, o que facilita na organiza\u00e7\u00e3o e [&hellip;]<\/p>\n","protected":false},"featured_media":12077,"comment_status":"open","ping_status":"closed","template":"","meta":[],"product_brand":[],"product_cat":[351,436],"product_tag":[617],"class_list":{"0":"post-12078","1":"product","2":"type-product","3":"status-publish","4":"has-post-thumbnail","6":"product_cat-cuba","7":"product_cat-cozinha","8":"product_tag-tampa-de-policarbonato-cristal-1-2-para-cuba-de-policarbonato","10":"first","11":"instock","12":"shipping-taxable","13":"purchasable","14":"product-type-simple"},"_links":{"self":[{"href":"https:\/\/twsites.com.br\/novomigcenter\/index.php?rest_route=\/wp\/v2\/product\/12078","targetHints":{"allow":["GET"]}}],"collection":[{"href":"https:\/\/twsites.com.br\/novomigcenter\/index.php?rest_route=\/wp\/v2\/product"}],"about":[{"href":"https:\/\/twsites.com.br\/novomigcenter\/index.php?rest_route=\/wp\/v2\/types\/product"}],"replies":[{"embeddable":true,"href":"https:\/\/twsites.com.br\/novomigcenter\/index.php?rest_route=%2Fwp%2Fv2%2Fcomments&post=12078"}],"wp:featuredmedia":[{"embeddable":true,"href":"https:\/\/twsites.com.br\/novomigcenter\/index.php?rest_route=\/wp\/v2\/media\/12077"}],"wp:attachment":[{"href":"https:\/\/twsites.com.br\/novomigcenter\/index.php?rest_route=%2Fwp%2Fv2%2Fmedia&parent=12078"}],"wp:term":[{"taxonomy":"product_brand","embeddable":true,"href":"https:\/\/twsites.com.br\/novomigcenter\/index.php?rest_route=%2Fwp%2Fv2%2Fproduct_brand&post=12078"},{"taxonomy":"product_cat","embeddable":true,"href":"https:\/\/twsites.com.br\/novomigcenter\/index.php?rest_route=%2Fwp%2Fv2%2Fproduct_cat&post=12078"},{"taxonomy":"product_tag","embeddable":true,"href":"https:\/\/twsites.com.br\/novomigcenter\/index.php?rest_route=%2Fwp%2Fv2%2Fproduct_tag&post=12078"}],"curies":[{"name":"wp","href":"https:\/\/api.w.org\/{rel}","templated":true}]}}