{"id":12146,"date":"2018-05-07T15:36:01","date_gmt":"2018-05-07T15:36:01","guid":{"rendered":"https:\/\/twsites.com.br\/novomigcenter\/?product=rechaud-mil-duplo-fumil"},"modified":"2018-05-07T15:36:01","modified_gmt":"2018-05-07T15:36:01","slug":"rechaud-mil-duplo-fumil","status":"publish","type":"product","link":"https:\/\/twsites.com.br\/novomigcenter\/?product=rechaud-mil-duplo-fumil","title":{"rendered":"Rechaud Mil Duplo 2 Fogareiros 460x250mm Fumil"},"content":{"rendered":"<p class=\"MsoNormal\"><b>Rechaud Mil Duplo 2 Fogareiros 460x250mm<o:p><\/o:p><\/b><\/p>\n<p class=\"MsoNormal\" style=\"text-align:justify\">O rechaud Mil Duplo com 2 fogareiros da Fumil \u00e9 perfeito para quem precisa de mais espa\u00e7o, sem perder o charme de um bom rechaud. Com ele \u00e9 poss\u00edvel servir in\u00fameras receitas, matendo a temperatura do alimento. Suas al\u00e7as permitem total mobilidade e versatilidade. Pode ser usado em praticamente qualquer situa\u00e7\u00e3o ou evento. \u00c9 um utens\u00edlio bastante requisitado pelos melhores restaurantes.<o:p><\/o:p><\/p>\n<p class=\"MsoNormal\"><b>Panelas Fumil<o:p><\/o:p><\/b><\/p>\n<p class=\"MsoNormal\" style=\"text-align:justify\">O rechaud da Fumil \u00e9 especialmente dur\u00e1vel, j\u00e1 que a empresa se dedica a fabricar todo tipo de panelas em ferro fundido e \u00e9 especializada nesse tipo de utens\u00edlio. O ferro fundido \u00e9 um dos \u00fanicos materiais que s\u00f3 melhoram conforme o uso. Isso porque a parte interna fica cada vez mais lisa e anti aderente.<\/p>\n<p class=\"MsoNormal\"><b>Dimens\u00f5es<o:p><\/o:p><\/b><\/p>\n<p class=\"MsoNormal\">46 x 25 cm<o:p><\/o:p><\/p>\n<p class=\"MsoNormal\"><b>Suporte<o:p><\/o:p><\/b><\/p>\n<p class=\"MsoNormal\">Para mais informa\u00e7\u00f5es sobre as panelas Fumil, entre em contato pelo n\u00famero (37)3214-1144<o:p><\/o:p><\/p>\n","protected":false},"excerpt":{"rendered":"<p>Rechaud Mil Duplo 2 Fogareiros 460x250mm O rechaud Mil Duplo com 2 fogareiros da Fumil \u00e9 perfeito para quem precisa de mais espa\u00e7o, sem perder o charme de um bom rechaud. Com ele \u00e9 poss\u00edvel servir in\u00fameras receitas, matendo a temperatura do alimento. Suas al\u00e7as permitem total mobilidade e versatilidade. Pode ser usado em praticamente [&hellip;]<\/p>\n","protected":false},"featured_media":12145,"comment_status":"open","ping_status":"closed","template":"","meta":[],"product_brand":[],"product_cat":[357,436],"product_tag":[],"class_list":{"0":"post-12146","1":"product","2":"type-product","3":"status-publish","4":"has-post-thumbnail","6":"product_cat-rechaud","7":"product_cat-cozinha","9":"first","10":"instock","11":"shipping-taxable","12":"purchasable","13":"product-type-simple"},"_links":{"self":[{"href":"https:\/\/twsites.com.br\/novomigcenter\/index.php?rest_route=\/wp\/v2\/product\/12146","targetHints":{"allow":["GET"]}}],"collection":[{"href":"https:\/\/twsites.com.br\/novomigcenter\/index.php?rest_route=\/wp\/v2\/product"}],"about":[{"href":"https:\/\/twsites.com.br\/novomigcenter\/index.php?rest_route=\/wp\/v2\/types\/product"}],"replies":[{"embeddable":true,"href":"https:\/\/twsites.com.br\/novomigcenter\/index.php?rest_route=%2Fwp%2Fv2%2Fcomments&post=12146"}],"wp:featuredmedia":[{"embeddable":true,"href":"https:\/\/twsites.com.br\/novomigcenter\/index.php?rest_route=\/wp\/v2\/media\/12145"}],"wp:attachment":[{"href":"https:\/\/twsites.com.br\/novomigcenter\/index.php?rest_route=%2Fwp%2Fv2%2Fmedia&parent=12146"}],"wp:term":[{"taxonomy":"product_brand","embeddable":true,"href":"https:\/\/twsites.com.br\/novomigcenter\/index.php?rest_route=%2Fwp%2Fv2%2Fproduct_brand&post=12146"},{"taxonomy":"product_cat","embeddable":true,"href":"https:\/\/twsites.com.br\/novomigcenter\/index.php?rest_route=%2Fwp%2Fv2%2Fproduct_cat&post=12146"},{"taxonomy":"product_tag","embeddable":true,"href":"https:\/\/twsites.com.br\/novomigcenter\/index.php?rest_route=%2Fwp%2Fv2%2Fproduct_tag&post=12146"}],"curies":[{"name":"wp","href":"https:\/\/api.w.org\/{rel}","templated":true}]}}