{"id":12161,"date":"2018-05-07T16:36:28","date_gmt":"2018-05-07T16:36:28","guid":{"rendered":"https:\/\/twsites.com.br\/novomigcenter\/?product=rechaud-8-litros-brinox"},"modified":"2018-05-07T16:36:28","modified_gmt":"2018-05-07T16:36:28","slug":"rechaud-8-litros-brinox","status":"publish","type":"product","link":"https:\/\/twsites.com.br\/novomigcenter\/?product=rechaud-8-litros-brinox","title":{"rendered":"Rechaud Inox Banho Maria Redondo Linha Savoy  8 Litros &#8211; Brinox"},"content":{"rendered":"<p class=\"MsoNormal\" style=\"text-align:justify\"><b>Rechaud Inox Banho Maria Savoy Redondo 8 Litros \u2013 Brinox<o:p><\/o:p><\/b><\/p>\n<p class=\"MsoNormal\" style=\"text-align:justify\">O rechaud \u00e9 bastante utilizado em buffet por manter a temperatura do alimento enquanto est\u00e1 exposto aos clientes. Este modelo com tampa transparente permite ver o alimento sem ter que abrir o recipiente. Por ser fabricado em a\u00e7o inox, este modelo \u00e9 bastante resistente e n\u00e3o solta residuos no alimento. Al\u00e9m disso, seu design \u00e9 pensado para se encaixar em qualquer ambiente e suas al\u00e7as permitem mobilidade.<o:p><\/o:p><\/p>\n<p class=\"MsoNormal\" style=\"text-align:justify\"><b>&nbsp;<o:p><\/o:p><\/b><\/p>\n<p class=\"MsoNormal\" style=\"text-align:justify\"><b>Brinox<o:p><\/o:p><\/b><\/p>\n<p class=\"MsoNormal\" style=\"text-align:justify\">A Brinox \u00e9 uma marca bastante conhecida no mercado e possui muita credibilidade. Isso porque est\u00e1 sempre preocupada em desenvolver produtos eficientes e dur\u00e1veis. \u00c9 um investimento confi\u00e1vel e indispens\u00e1vel para o seu neg\u00f3cio.<o:p><\/o:p><\/p>\n<p class=\"MsoNormal\" style=\"text-align:justify\"><b>&nbsp;<o:p><\/o:p><\/b><\/p>\n<p class=\"MsoNormal\" style=\"text-align:justify\"><b>Caracter\u00edsticas<o:p><\/o:p><\/b><\/p>\n<p class=\"MsoNormal\" style=\"text-align:justify\">O Rechaud Redondo 8 Litros Savoy tem a estrutura e o fogareiro em A\u00e7o Inox: altamente dur\u00e1vel, resistente e f\u00e1cil de limpar. Possui a tampa em vidro temperado, com sa\u00edda de vapor. Vem com um pr\u00e1tico apoio para tampa. A substitui\u00e7\u00e3o da cuba \u00e9 muito simples, podendo ser realizada durante o uso do produto, sem prejudicar o servi\u00e7o!<o:p><\/o:p><\/p>\n<p class=\"MsoNormal\" style=\"text-align:justify\"><b>&nbsp;<o:p><\/o:p><\/b><\/p>\n<p class=\"MsoNormal\" style=\"text-align:justify\"><b>Dimens\u00f5es<o:p><\/o:p><\/b><\/p>\n<p class=\"MsoNormal\" style=\"text-align:justify\"><b>Peso:<\/b> 5,30 Kg<o:p><\/o:p><\/p>\n<p class=\"MsoNormal\" style=\"text-align:justify\"><b>Altura: <\/b>31,8 cm<o:p><\/o:p><\/p>\n<p class=\"MsoNormal\" style=\"text-align:justify\"><b>Largura: <\/b>38 cm<o:p><\/o:p><\/p>\n<p class=\"MsoNormal\" style=\"text-align:justify\"><b>Profundidade: <\/b>39 cm<o:p><\/o:p><\/p>\n<p class=\"MsoNormal\" style=\"text-align:justify\"><b>&nbsp;<\/b><\/p>\n<p class=\"MsoNormal\" style=\"text-align:justify\"><b>Ambiente<o:p><\/o:p><\/b><\/p>\n<p class=\"MsoNormal\" style=\"text-align:justify\">Corporativo<o:p><\/o:p><\/p>\n<p class=\"MsoNormal\" style=\"text-align:justify\"><b>Material<o:p><\/o:p><\/b><\/p>\n<p class=\"MsoNormal\" style=\"text-align:justify\">A\u00e7o Inox<o:p><\/o:p><\/p>\n<p class=\"MsoNormal\" style=\"text-align:justify\"><b>Linha<o:p><\/o:p><\/b><\/p>\n<p class=\"MsoNormal\" style=\"text-align:justify\">Savoy<o:p><\/o:p><\/p>\n<p class=\"MsoNormal\" style=\"text-align:justify\"><b>Tipo de Produto<o:p><\/o:p><\/b><\/p>\n<p class=\"MsoNormal\" style=\"text-align:justify\">Servir corporate<o:p><\/o:p><\/p>\n<p class=\"MsoNormal\" style=\"text-align:justify\"><b>Composi\u00e7\u00e3o<o:p><\/o:p><\/b><\/p>\n<p class=\"MsoNormal\" style=\"text-align:justify\">01 Estrutura Inox<o:p><\/o:p><\/p>\n<p class=\"MsoNormal\" style=\"text-align:justify\">01 Tampa Vidro Temperado \u00d8 30 cm<o:p><\/o:p><\/p>\n<p class=\"MsoNormal\" style=\"text-align:justify\">01 Apoio para Tampa<o:p><\/o:p><\/p>\n<p class=\"MsoNormal\" style=\"text-align:justify\">01 Fogareiro A\u00e7o Inox 01 Cuba 8L<o:p><\/o:p><\/p>\n<p class=\"MsoNormal\" style=\"text-align:justify\">01 Cuba para Banho Maria<o:p><\/o:p><\/p>\n<p class=\"MsoNormal\" style=\"text-align:justify\"><b>&nbsp;<o:p><\/o:p><\/b><\/p>\n<p class=\"MsoNormal\" style=\"text-align:justify\"><b>Suporte<o:p><\/o:p><\/b><\/p>\n<p class=\"MsoNormal\" style=\"text-align:justify\">Para mais informa\u00e7\u00f5es entre em contato com a Brinox pelo n\u00famero 54 4009.7000<o:p><\/o:p><\/p>\n","protected":false},"excerpt":{"rendered":"<p>Rechaud Inox Banho Maria Savoy Redondo 8 Litros \u2013 Brinox O rechaud \u00e9 bastante utilizado em buffet por manter a temperatura do alimento enquanto est\u00e1 exposto aos clientes. Este modelo com tampa transparente permite ver o alimento sem ter que abrir o recipiente. Por ser fabricado em a\u00e7o inox, este modelo \u00e9 bastante resistente e [&hellip;]<\/p>\n","protected":false},"featured_media":12159,"comment_status":"open","ping_status":"closed","template":"","meta":[],"product_brand":[],"product_cat":[357,436],"product_tag":[],"class_list":{"0":"post-12161","1":"product","2":"type-product","3":"status-publish","4":"has-post-thumbnail","6":"product_cat-rechaud","7":"product_cat-cozinha","9":"first","10":"instock","11":"shipping-taxable","12":"purchasable","13":"product-type-simple"},"_links":{"self":[{"href":"https:\/\/twsites.com.br\/novomigcenter\/index.php?rest_route=\/wp\/v2\/product\/12161","targetHints":{"allow":["GET"]}}],"collection":[{"href":"https:\/\/twsites.com.br\/novomigcenter\/index.php?rest_route=\/wp\/v2\/product"}],"about":[{"href":"https:\/\/twsites.com.br\/novomigcenter\/index.php?rest_route=\/wp\/v2\/types\/product"}],"replies":[{"embeddable":true,"href":"https:\/\/twsites.com.br\/novomigcenter\/index.php?rest_route=%2Fwp%2Fv2%2Fcomments&post=12161"}],"wp:featuredmedia":[{"embeddable":true,"href":"https:\/\/twsites.com.br\/novomigcenter\/index.php?rest_route=\/wp\/v2\/media\/12159"}],"wp:attachment":[{"href":"https:\/\/twsites.com.br\/novomigcenter\/index.php?rest_route=%2Fwp%2Fv2%2Fmedia&parent=12161"}],"wp:term":[{"taxonomy":"product_brand","embeddable":true,"href":"https:\/\/twsites.com.br\/novomigcenter\/index.php?rest_route=%2Fwp%2Fv2%2Fproduct_brand&post=12161"},{"taxonomy":"product_cat","embeddable":true,"href":"https:\/\/twsites.com.br\/novomigcenter\/index.php?rest_route=%2Fwp%2Fv2%2Fproduct_cat&post=12161"},{"taxonomy":"product_tag","embeddable":true,"href":"https:\/\/twsites.com.br\/novomigcenter\/index.php?rest_route=%2Fwp%2Fv2%2Fproduct_tag&post=12161"}],"curies":[{"name":"wp","href":"https:\/\/api.w.org\/{rel}","templated":true}]}}