{"id":12181,"date":"2018-05-08T16:35:27","date_gmt":"2018-05-08T16:35:27","guid":{"rendered":"https:\/\/twsites.com.br\/novomigcenter\/?product=garrafa-termica-termolar-250-ml-branca-minigarbo"},"modified":"2018-05-08T16:35:27","modified_gmt":"2018-05-08T16:35:27","slug":"garrafa-termica-termolar-250-ml-branca-minigarbo","status":"publish","type":"product","link":"https:\/\/twsites.com.br\/novomigcenter\/?product=garrafa-termica-termolar-250-ml-branca-minigarbo","title":{"rendered":"Garrafa T\u00e9rmica Termolar 250 ml Branca Minigarbo"},"content":{"rendered":"<div class=\"heading-content\">\n<h3 class=\"product-description-heading\">&nbsp; &nbsp; &nbsp; &nbsp; &nbsp; &nbsp; &nbsp; &nbsp; &nbsp; &nbsp; &nbsp; &nbsp; &nbsp; &nbsp; &nbsp; &nbsp; &nbsp;Descri\u00e7\u00e3o do produto                             <\/h3>\n<\/p><\/div>\n<\/p>\n<div class=\"product-description-text-content product-tab-content\">\n<p>Garrafa T\u00e9rmica Termolar 250 ml Branca Minigarbo<\/p>\n<p>Especifica\u00e7\u00f5es:<\/p>\n<p>Peso: 0,289<\/p>\n<p>Altura: 18<\/p>\n<p>Largura: 8<\/p>\n<p>Profundidade: 8<\/p>\n<\/div>\n","protected":false},"excerpt":{"rendered":"<p>&nbsp; &nbsp; &nbsp; &nbsp; &nbsp; &nbsp; &nbsp; &nbsp; &nbsp; &nbsp; &nbsp; &nbsp; &nbsp; &nbsp; &nbsp; &nbsp; &nbsp;Descri\u00e7\u00e3o do produto Garrafa T\u00e9rmica Termolar 250 ml Branca Minigarbo Especifica\u00e7\u00f5es: Peso: 0,289 Altura: 18 Largura: 8 Profundidade: 8<\/p>\n","protected":false},"featured_media":12180,"comment_status":"open","ping_status":"closed","template":"","meta":[],"product_brand":[],"product_cat":[372,444],"product_tag":[643],"class_list":{"0":"post-12181","1":"product","2":"type-product","3":"status-publish","4":"has-post-thumbnail","6":"product_cat-garrafa-termica","7":"product_cat-utensilios","8":"product_tag-garrafa-termica-termolar-250-ml-branca-minigarbo","10":"first","11":"instock","12":"shipping-taxable","13":"purchasable","14":"product-type-simple"},"_links":{"self":[{"href":"https:\/\/twsites.com.br\/novomigcenter\/index.php?rest_route=\/wp\/v2\/product\/12181","targetHints":{"allow":["GET"]}}],"collection":[{"href":"https:\/\/twsites.com.br\/novomigcenter\/index.php?rest_route=\/wp\/v2\/product"}],"about":[{"href":"https:\/\/twsites.com.br\/novomigcenter\/index.php?rest_route=\/wp\/v2\/types\/product"}],"replies":[{"embeddable":true,"href":"https:\/\/twsites.com.br\/novomigcenter\/index.php?rest_route=%2Fwp%2Fv2%2Fcomments&post=12181"}],"wp:featuredmedia":[{"embeddable":true,"href":"https:\/\/twsites.com.br\/novomigcenter\/index.php?rest_route=\/wp\/v2\/media\/12180"}],"wp:attachment":[{"href":"https:\/\/twsites.com.br\/novomigcenter\/index.php?rest_route=%2Fwp%2Fv2%2Fmedia&parent=12181"}],"wp:term":[{"taxonomy":"product_brand","embeddable":true,"href":"https:\/\/twsites.com.br\/novomigcenter\/index.php?rest_route=%2Fwp%2Fv2%2Fproduct_brand&post=12181"},{"taxonomy":"product_cat","embeddable":true,"href":"https:\/\/twsites.com.br\/novomigcenter\/index.php?rest_route=%2Fwp%2Fv2%2Fproduct_cat&post=12181"},{"taxonomy":"product_tag","embeddable":true,"href":"https:\/\/twsites.com.br\/novomigcenter\/index.php?rest_route=%2Fwp%2Fv2%2Fproduct_tag&post=12181"}],"curies":[{"name":"wp","href":"https:\/\/api.w.org\/{rel}","templated":true}]}}