{"id":12262,"date":"2018-05-11T15:45:20","date_gmt":"2018-05-11T15:45:20","guid":{"rendered":"https:\/\/twsites.com.br\/novomigcenter\/?product=colher-de-cha-tramontina-laguna-12-pcs"},"modified":"2018-05-11T15:45:20","modified_gmt":"2018-05-11T15:45:20","slug":"colher-de-cha-tramontina-laguna-12-pcs","status":"publish","type":"product","link":"https:\/\/twsites.com.br\/novomigcenter\/?product=colher-de-cha-tramontina-laguna-12-pcs","title":{"rendered":"Colher de Ch\u00e1 Tramontina Laguna 12 p\u00e7s"},"content":{"rendered":"<div class=\"heading-content\">\n<h3 class=\"product-description-heading\">&nbsp; &nbsp; &nbsp; &nbsp; &nbsp; &nbsp; &nbsp; &nbsp; &nbsp; &nbsp; &nbsp; &nbsp; &nbsp; &nbsp; &nbsp; &nbsp; &nbsp;<span style=\"font-size: 18px;\"><font face=\"Arial\"><b>Descri\u00e7\u00e3o do produto                             <\/b><\/font><\/span><\/h3>\n<p><span style=\"font-size: 18px;\"><font face=\"Arial\">                         <\/font><\/span><\/div>\n<p><span style=\"font-size: 18px;\"><font face=\"Arial\">                           <\/font><\/span><\/p>\n<div class=\"product-description-text-content product-tab-content\"><span style=\"font-size: 18px;\"><font face=\"Arial\">                             <\/font><\/span><\/p>\n<p><span style=\"font-size: 14px;\"><font face=\"Arial\"><b>Caracter\u00edsticas:<\/b><\/font><\/span><\/p>\n<p><span style=\"font-size: 14px;\"><font face=\"Arial\"> <\/font><\/span><\/p>\n<p><span style=\"font-size: 14px;\"><font face=\"Arial\">Colher com bojo em formato sim\u00e9trico e bordas cuidadosamente arredondadas, proporcionando maior conforto no uso.<\/font><\/span><\/p>\n<p><span style=\"font-size: 14px;\"><font face=\"Arial\"> <\/font><\/span><\/p>\n<p><span style=\"font-size: 14px;\"><font face=\"Arial\">Totalmente feita de a\u00e7o inox, mant\u00e9m suas caracter\u00edsticas originais,  preservando a beleza, a higiene e a durabilidade do material.<\/font><\/span><\/p>\n<p><span style=\"font-size: 14px;\"><font face=\"Arial\"> <\/font><\/span><\/p>\n<p><span style=\"font-size: 14px;\"><font face=\"Arial\">Acabamento em brilho, com detalhes no cabo.<\/font><\/span><\/p>\n<p><span style=\"font-size: 14px;\"><font face=\"Arial\"> <\/font><\/span><\/p>\n<p><span style=\"font-size: 14px;\"><font face=\"Arial\">Pr\u00f3pria para uso di\u00e1rio combina com qualquer ambiente.<\/font><\/span><\/p>\n<p><span style=\"font-size: 14px;\"><font face=\"Arial\"> <\/font><\/span><\/p>\n<p><span style=\"font-size: 14px;\"><font face=\"Arial\">Pode ser lavada diariamente na m\u00e1quina de lavar lou\u00e7as.<\/font><\/span><\/p>\n<p><span style=\"font-size: 14px;\"><font face=\"Arial\"> <\/font><\/span><\/p>\n<p><span style=\"font-size: 14px;\"><font face=\"Arial\"><b>Peso:<\/b> 0,140 Kg<\/font><\/span><\/p>\n<p><span style=\"font-size: 14px;\"><font face=\"Arial\"> <\/font><\/span><\/p>\n<p><span style=\"font-size: 14px;\"><font face=\"Arial\"><b>Altura:<\/b> 1,5 cm<\/font><\/span><\/p>\n<p><span style=\"font-size: 14px;\"><font face=\"Arial\"> <\/font><\/span><\/p>\n<p><span style=\"font-size: 14px;\"><font face=\"Arial\"><b>Largura: <\/b>13 cm<\/font><\/span><\/p>\n<p><span style=\"font-size: 14px;\"><font face=\"Arial\"> <\/font><\/span><\/p>\n<p><span style=\"font-size: 14px;\"><font face=\"Arial\"><b>Profundidade: <\/b>3 cm<\/font><\/span><\/p>\n<\/div>\n","protected":false},"excerpt":{"rendered":"<p>&nbsp; &nbsp; &nbsp; &nbsp; &nbsp; &nbsp; &nbsp; &nbsp; &nbsp; &nbsp; &nbsp; &nbsp; &nbsp; &nbsp; &nbsp; &nbsp; &nbsp;Descri\u00e7\u00e3o do produto Caracter\u00edsticas: Colher com bojo em formato sim\u00e9trico e bordas cuidadosamente arredondadas, proporcionando maior conforto no uso. Totalmente feita de a\u00e7o inox, mant\u00e9m suas caracter\u00edsticas originais, preservando a beleza, a higiene e a durabilidade do material. Acabamento [&hellip;]<\/p>\n","protected":false},"featured_media":12236,"comment_status":"open","ping_status":"closed","template":"","meta":[],"product_brand":[],"product_cat":[377,444],"product_tag":[670],"class_list":{"0":"post-12262","1":"product","2":"type-product","3":"status-publish","4":"has-post-thumbnail","6":"product_cat-talheres-e-acessorios","7":"product_cat-utensilios","8":"product_tag-colher-de-cha-tramontina-laguna-12-pcs","10":"first","11":"instock","12":"shipping-taxable","13":"purchasable","14":"product-type-simple"},"_links":{"self":[{"href":"https:\/\/twsites.com.br\/novomigcenter\/index.php?rest_route=\/wp\/v2\/product\/12262","targetHints":{"allow":["GET"]}}],"collection":[{"href":"https:\/\/twsites.com.br\/novomigcenter\/index.php?rest_route=\/wp\/v2\/product"}],"about":[{"href":"https:\/\/twsites.com.br\/novomigcenter\/index.php?rest_route=\/wp\/v2\/types\/product"}],"replies":[{"embeddable":true,"href":"https:\/\/twsites.com.br\/novomigcenter\/index.php?rest_route=%2Fwp%2Fv2%2Fcomments&post=12262"}],"wp:featuredmedia":[{"embeddable":true,"href":"https:\/\/twsites.com.br\/novomigcenter\/index.php?rest_route=\/wp\/v2\/media\/12236"}],"wp:attachment":[{"href":"https:\/\/twsites.com.br\/novomigcenter\/index.php?rest_route=%2Fwp%2Fv2%2Fmedia&parent=12262"}],"wp:term":[{"taxonomy":"product_brand","embeddable":true,"href":"https:\/\/twsites.com.br\/novomigcenter\/index.php?rest_route=%2Fwp%2Fv2%2Fproduct_brand&post=12262"},{"taxonomy":"product_cat","embeddable":true,"href":"https:\/\/twsites.com.br\/novomigcenter\/index.php?rest_route=%2Fwp%2Fv2%2Fproduct_cat&post=12262"},{"taxonomy":"product_tag","embeddable":true,"href":"https:\/\/twsites.com.br\/novomigcenter\/index.php?rest_route=%2Fwp%2Fv2%2Fproduct_tag&post=12262"}],"curies":[{"name":"wp","href":"https:\/\/api.w.org\/{rel}","templated":true}]}}