{"id":12275,"date":"2018-05-11T16:17:27","date_gmt":"2018-05-11T16:17:27","guid":{"rendered":"https:\/\/twsites.com.br\/novomigcenter\/?product=cutelo-inox-profissional-6-brinox"},"modified":"2018-05-11T16:17:27","modified_gmt":"2018-05-11T16:17:27","slug":"cutelo-inox-profissional-6-brinox","status":"publish","type":"product","link":"https:\/\/twsites.com.br\/novomigcenter\/?product=cutelo-inox-profissional-6-brinox","title":{"rendered":"Cutelo Inox Profissional 6 Brinox"},"content":{"rendered":"<div class=\"heading-content\">\n<h3 class=\"product-description-heading\"><b style=\"font-size: 13px;\"><span style=\"font-size: 14pt; line-height: 107%; font-family: &quot;Arial Narrow&quot;, sans-serif;\">Caracter\u00edsticas:<\/span><\/b><\/h3>\n<p class=\"MsoNormal\"><span style=\"font-size: 14pt; line-height: 107%; font-family: &quot;Arial Narrow&quot;, sans-serif;\">Feita em a\u00e7o inox, al\u00e9m de resistente a l\u00e2mina evita o ac\u00famulo de res\u00edduos. O cabo em polipropileno \u00e9 dur\u00e1vel e f\u00e1cil de manusear, o que minimiza os ricos de acidentes indesejados durante a utiliza\u00e7\u00e3o.<o:p><\/o:p><\/span><\/p>\n<p class=\"MsoNormal\"><b><span style=\"font-size: 14pt; line-height: 107%; font-family: &quot;Arial Narrow&quot;, sans-serif;\">Dimens\u00f5es:<\/span><\/b><span style=\"font-size: 14pt; line-height: 107%; font-family: &quot;Arial Narrow&quot;, sans-serif;\"> Peso: 0,500 Kg<o:p><\/o:p><\/span><\/p>\n<p class=\"MsoNormal\"><b><span style=\"font-size: 14pt; line-height: 107%; font-family: &quot;Arial Narrow&quot;, sans-serif;\">Altura:<\/span><\/b><span style=\"font-size: 14pt; line-height: 107%; font-family: &quot;Arial Narrow&quot;, sans-serif;\"> 3 cm<o:p><\/o:p><\/span><\/p>\n<p class=\"MsoNormal\"><b><span style=\"font-size: 14pt; line-height: 107%; font-family: &quot;Arial Narrow&quot;, sans-serif;\">Largura:<\/span><\/b><span style=\"font-size: 14pt; line-height: 107%; font-family: &quot;Arial Narrow&quot;, sans-serif;\"> 29 cm<o:p><\/o:p><\/span><\/p>\n<p class=\"MsoNormal\"><b><span style=\"font-size: 14pt; line-height: 107%; font-family: &quot;Arial Narrow&quot;, sans-serif;\">Profundidade: <\/span><\/b><span style=\"font-size: 14pt; line-height: 107%; font-family: &quot;Arial Narrow&quot;, sans-serif;\">8 cm<\/span><o:p><\/o:p><\/p>\n<\/div>\n","protected":false},"excerpt":{"rendered":"<p>Caracter\u00edsticas: Feita em a\u00e7o inox, al\u00e9m de resistente a l\u00e2mina evita o ac\u00famulo de res\u00edduos. O cabo em polipropileno \u00e9 dur\u00e1vel e f\u00e1cil de manusear, o que minimiza os ricos de acidentes indesejados durante a utiliza\u00e7\u00e3o. Dimens\u00f5es: Peso: 0,500 Kg Altura: 3 cm Largura: 29 cm Profundidade: 8 cm<\/p>\n","protected":false},"featured_media":12274,"comment_status":"open","ping_status":"closed","template":"","meta":[],"product_brand":[],"product_cat":[418,417,377,444],"product_tag":[677],"class_list":{"0":"post-12275","1":"product","2":"type-product","3":"status-publish","4":"has-post-thumbnail","6":"product_cat-produtos-entrega-mig-express-hoje","7":"product_cat-novidades","8":"product_cat-talheres-e-acessorios","9":"product_cat-utensilios","10":"product_tag-cutelo-inox-profissional-6-brinox","12":"first","13":"instock","14":"shipping-taxable","15":"purchasable","16":"product-type-simple"},"_links":{"self":[{"href":"https:\/\/twsites.com.br\/novomigcenter\/index.php?rest_route=\/wp\/v2\/product\/12275","targetHints":{"allow":["GET"]}}],"collection":[{"href":"https:\/\/twsites.com.br\/novomigcenter\/index.php?rest_route=\/wp\/v2\/product"}],"about":[{"href":"https:\/\/twsites.com.br\/novomigcenter\/index.php?rest_route=\/wp\/v2\/types\/product"}],"replies":[{"embeddable":true,"href":"https:\/\/twsites.com.br\/novomigcenter\/index.php?rest_route=%2Fwp%2Fv2%2Fcomments&post=12275"}],"wp:featuredmedia":[{"embeddable":true,"href":"https:\/\/twsites.com.br\/novomigcenter\/index.php?rest_route=\/wp\/v2\/media\/12274"}],"wp:attachment":[{"href":"https:\/\/twsites.com.br\/novomigcenter\/index.php?rest_route=%2Fwp%2Fv2%2Fmedia&parent=12275"}],"wp:term":[{"taxonomy":"product_brand","embeddable":true,"href":"https:\/\/twsites.com.br\/novomigcenter\/index.php?rest_route=%2Fwp%2Fv2%2Fproduct_brand&post=12275"},{"taxonomy":"product_cat","embeddable":true,"href":"https:\/\/twsites.com.br\/novomigcenter\/index.php?rest_route=%2Fwp%2Fv2%2Fproduct_cat&post=12275"},{"taxonomy":"product_tag","embeddable":true,"href":"https:\/\/twsites.com.br\/novomigcenter\/index.php?rest_route=%2Fwp%2Fv2%2Fproduct_tag&post=12275"}],"curies":[{"name":"wp","href":"https:\/\/api.w.org\/{rel}","templated":true}]}}