{"id":12295,"date":"2018-05-11T16:51:19","date_gmt":"2018-05-11T16:51:19","guid":{"rendered":"https:\/\/twsites.com.br\/novomigcenter\/?product=colher-de-mesa-tramontina-polywood-12-pcs"},"modified":"2018-05-11T16:51:19","modified_gmt":"2018-05-11T16:51:19","slug":"colher-de-mesa-tramontina-polywood-12-pcs","status":"publish","type":"product","link":"https:\/\/twsites.com.br\/novomigcenter\/?product=colher-de-mesa-tramontina-polywood-12-pcs","title":{"rendered":"Colher de Mesa Tramontina Polywood 12 p\u00e7s"},"content":{"rendered":"<div class=\"row\">\n<div class=\"product-description col-lg-12 col-md-12\">\n<div class=\"heading-content\">\n<h3 class=\"product-description-heading\" style=\"text-align: justify; \">&nbsp; &nbsp; &nbsp; &nbsp; &nbsp; &nbsp; &nbsp; &nbsp; &nbsp; &nbsp; &nbsp; &nbsp; &nbsp; &nbsp; &nbsp; &nbsp;<font face=\"Arial\"> &nbsp;Descri\u00e7\u00e3o do produto                             <\/font><\/h3>\n<\/p><\/div>\n<div class=\"product-description-text-content product-tab-content\">\n<p style=\"text-align: justify;\"><b><font face=\"Arial\"><span style=\"font-size: 14px;\">Caracter\u00edsticas:<\/span><\/font><\/b><\/p>\n<p><span style=\"font-size: 14px;\"> <\/span><\/p>\n<p style=\"text-align: justify;\"><font face=\"Arial\"><span style=\"font-size: 14px;\">As refei\u00e7\u00f5es informais n\u00e3o dispensam a qualidade dos talheres,  utens\u00edlios e facas. Por isso, a Linha Polywood t\u00eam l\u00e2minas de a\u00e7o inox  em formato e espessura que garantem a resist\u00eancia e evitam deforma\u00e7\u00f5es. O  tratamento t\u00e9rmico d\u00e1 mais durabilidade ao fio e o cabo de madeira  tratada polywood, fixado com rebites de alum\u00ednio, \u00e9 confort\u00e1vel \u00e0 pega.  Com cinco anos de garantia, permanecem bonitos mesmo com uso intenso e  submetidos a impactos e altas temperaturas. Podem ir \u00e0 m\u00e1quina de lavar  lou\u00e7as.<\/span><\/font><\/p>\n<p><span style=\"font-size: 14px;\"> <\/span><\/p>\n<p style=\"text-align: justify;\"><font face=\"Arial\"><span style=\"font-size: 14px;\"><b>Peso:<\/b> 0,385 Kg<\/span><\/font><\/p>\n<p><span style=\"font-size: 14px;\"> <\/span><\/p>\n<p style=\"text-align: justify;\"><font face=\"Arial\"><span style=\"font-size: 14px;\"><b>Altura:<\/b> 1,6 cm<\/span><\/font><\/p>\n<p><span style=\"font-size: 14px;\"> <\/span><\/p>\n<p style=\"text-align: justify;\"><font face=\"Arial\"><span style=\"font-size: 14px;\"><b>Largura:<\/b> 19,4 cm<\/span><\/font><\/p>\n<p><span style=\"font-size: 14px;\"> <\/span><\/p>\n<p style=\"text-align: justify;\"><font face=\"Arial\"><span style=\"font-size: 14px;\">Profundidade: 4 cm<\/span><\/font><\/p>\n<\/p><\/div>\n<\/p><\/div>\n<\/div>\n","protected":false},"excerpt":{"rendered":"<p>&nbsp; &nbsp; &nbsp; &nbsp; &nbsp; &nbsp; &nbsp; &nbsp; &nbsp; &nbsp; &nbsp; &nbsp; &nbsp; &nbsp; &nbsp; &nbsp; &nbsp;Descri\u00e7\u00e3o do produto Caracter\u00edsticas: As refei\u00e7\u00f5es informais n\u00e3o dispensam a qualidade dos talheres, utens\u00edlios e facas. Por isso, a Linha Polywood t\u00eam l\u00e2minas de a\u00e7o inox em formato e espessura que garantem a resist\u00eancia e evitam deforma\u00e7\u00f5es. O tratamento [&hellip;]<\/p>\n","protected":false},"featured_media":12294,"comment_status":"open","ping_status":"closed","template":"","meta":[],"product_brand":[],"product_cat":[377,444],"product_tag":[687],"class_list":{"0":"post-12295","1":"product","2":"type-product","3":"status-publish","4":"has-post-thumbnail","6":"product_cat-talheres-e-acessorios","7":"product_cat-utensilios","8":"product_tag-colher-de-mesa-tramontina-polywood-12-pcs","10":"first","11":"instock","12":"shipping-taxable","13":"purchasable","14":"product-type-simple"},"_links":{"self":[{"href":"https:\/\/twsites.com.br\/novomigcenter\/index.php?rest_route=\/wp\/v2\/product\/12295","targetHints":{"allow":["GET"]}}],"collection":[{"href":"https:\/\/twsites.com.br\/novomigcenter\/index.php?rest_route=\/wp\/v2\/product"}],"about":[{"href":"https:\/\/twsites.com.br\/novomigcenter\/index.php?rest_route=\/wp\/v2\/types\/product"}],"replies":[{"embeddable":true,"href":"https:\/\/twsites.com.br\/novomigcenter\/index.php?rest_route=%2Fwp%2Fv2%2Fcomments&post=12295"}],"wp:featuredmedia":[{"embeddable":true,"href":"https:\/\/twsites.com.br\/novomigcenter\/index.php?rest_route=\/wp\/v2\/media\/12294"}],"wp:attachment":[{"href":"https:\/\/twsites.com.br\/novomigcenter\/index.php?rest_route=%2Fwp%2Fv2%2Fmedia&parent=12295"}],"wp:term":[{"taxonomy":"product_brand","embeddable":true,"href":"https:\/\/twsites.com.br\/novomigcenter\/index.php?rest_route=%2Fwp%2Fv2%2Fproduct_brand&post=12295"},{"taxonomy":"product_cat","embeddable":true,"href":"https:\/\/twsites.com.br\/novomigcenter\/index.php?rest_route=%2Fwp%2Fv2%2Fproduct_cat&post=12295"},{"taxonomy":"product_tag","embeddable":true,"href":"https:\/\/twsites.com.br\/novomigcenter\/index.php?rest_route=%2Fwp%2Fv2%2Fproduct_tag&post=12295"}],"curies":[{"name":"wp","href":"https:\/\/api.w.org\/{rel}","templated":true}]}}