{"id":12355,"date":"2018-05-16T15:40:37","date_gmt":"2018-05-16T15:40:37","guid":{"rendered":"https:\/\/twsites.com.br\/novomigcenter\/?product=cutter-skymsen-cr4l"},"modified":"2018-05-16T15:40:37","modified_gmt":"2018-05-16T15:40:37","slug":"cutter-skymsen-cr4l","status":"publish","type":"product","link":"https:\/\/twsites.com.br\/novomigcenter\/?product=cutter-skymsen-cr4l","title":{"rendered":"Cutter 4L Industrial Skymsen 220V"},"content":{"rendered":"<h3 class=\"title\" style=\"font-family: OpenSans; font-weight: 800; color: rgb(69, 69, 69); margin-right: 0px; margin-bottom: 3px; margin-left: 0px; font-size: 30px; border: 0px; vertical-align: baseline; padding: 0px; text-transform: uppercase; outline: none !important;\">CR-4L<\/h3>\n<h4 class=\"subtitle\" style=\"font-family: OpenSans; font-weight: 800; color: rgb(69, 69, 69); margin-right: 0px; margin-bottom: 17px; margin-left: 0px; font-size: 18px; border: 0px; vertical-align: baseline; padding: 0px; text-transform: uppercase; outline: none !important;\">CUTTER INOX, 4 LITROS<\/h4>\n<div class=\"text\" style=\"border: 0px; margin: 0px 0px 30px; padding: 0px; color: rgb(69, 69, 69); font-size: 18px; font-family: OpenSans; outline: none !important;\">\n<p style=\"margin-bottom: 0px; border: 0px; vertical-align: baseline; padding: 0px 0px 15px; outline: none !important;\">O&nbsp;<span style=\"font-weight: 700; border: 0px; vertical-align: baseline; margin: 0px; padding: 0px; outline: none !important;\">processador de alimentos Cutter<\/span>&nbsp;da&nbsp;<a href=\"https:\/\/www.skymsen.com\/\" style=\"color: rgb(0, 0, 0); border: 0px; vertical-align: baseline; margin: 0px; padding: 0px; outline: none !important;\">Skymsen<\/a>&nbsp;\u00e9 um equipamento de alta performance, ideal para quem deseja ter uma produ\u00e7\u00e3o de alimentos r\u00e1pida, pr\u00e1tica e sem esfor\u00e7o, objetivando otimizar os processos para garantir a qualidade dos pratos de forma \u00e1gil e satisfat\u00f3ria.<\/p>\n<p style=\"margin-bottom: 0px; border: 0px; vertical-align: baseline; padding: 0px 0px 15px; outline: none !important;\">&nbsp;<\/p>\n<p style=\"margin-bottom: 0px; border: 0px; vertical-align: baseline; padding: 0px 0px 15px; outline: none !important;\">Toda a entrega de performance do&nbsp;<span style=\"font-weight: 700; border: 0px; vertical-align: baseline; margin: 0px; padding: 0px; outline: none !important;\">processador de alimentos Cutter<\/span>&nbsp;\u00e9 alcan\u00e7ada atrav\u00e9s do potente motor de 0,5CV, o que o torna um excelente equipamento para quem deseja processar grandes quantidades de ingredientes. E para quem deseja um produto com uma boa capacidade, encontra no&nbsp;<span style=\"font-weight: 700; border: 0px; vertical-align: baseline; margin: 0px; padding: 0px; outline: none !important;\">processador de alimentos<\/span>&nbsp;<span style=\"font-weight: 700; border: 0px; vertical-align: baseline; margin: 0px; padding: 0px; outline: none !important;\">Cutter&nbsp;<\/span>uma tigela com capacidade de 4l, disponibilizada em uma estrutura de a\u00e7o inoxid\u00e1vel, o que garante mais durabilidade para o equipamento.<\/p>\n<p style=\"margin-bottom: 0px; border: 0px; vertical-align: baseline; padding: 0px 0px 15px; outline: none !important;\">&nbsp;<\/p>\n<p style=\"margin-bottom: 0px; border: 0px; vertical-align: baseline; padding: 0px 0px 15px; outline: none !important;\">Al\u00e9m da tigela feita em a\u00e7o inox, toda a estrutura do&nbsp;<span style=\"font-weight: 700; border: 0px; vertical-align: baseline; margin: 0px; padding: 0px; outline: none !important;\">processador de alimentos<\/span>&nbsp;<span style=\"font-weight: 700; border: 0px; vertical-align: baseline; margin: 0px; padding: 0px; outline: none !important;\">Cutter&nbsp;<\/span>\u00e9 desenvolvida em a\u00e7o inoxid\u00e1vel. O processo de triturar, cortar e picar os alimentos \u00e9 feito por meio de l\u00e2minas duplas de a\u00e7o inox em formato de v\u00edrgula que servem para cortar os alimentos mais pesados em poucos segundos.<\/p>\n<p style=\"margin-bottom: 0px; border: 0px; vertical-align: baseline; padding: 0px 0px 15px; outline: none !important;\">&nbsp;<\/p>\n<p style=\"margin-bottom: 0px; border: 0px; vertical-align: baseline; padding: 0px 0px 15px; outline: none !important;\">Leve mais rendimento e performance para o seu estabelecimento comercial com o&nbsp;&nbsp;<span style=\"font-weight: 700; border: 0px; vertical-align: baseline; margin: 0px; padding: 0px; outline: none !important;\">processador de alimentos<\/span>&nbsp;<span style=\"font-weight: 700; border: 0px; vertical-align: baseline; margin: 0px; padding: 0px; outline: none !important;\">Cutter&nbsp;<\/span>da&nbsp;<a href=\"https:\/\/www.skymsen.com\/\" style=\"color: rgb(0, 0, 0); border: 0px; vertical-align: baseline; margin: 0px; padding: 0px; outline: none !important;\">Skymsen<\/a>. Esse equipamento pode ser incrementado com outras pe\u00e7as que entregam preparos mais personalizados.<\/p>\n<p style=\"margin-bottom: 0px; border: 0px; vertical-align: baseline; padding: 0px 0px 15px; outline: none !important;\">&nbsp;<\/p>\n<p style=\"margin-bottom: 0px; border: 0px; vertical-align: baseline; padding: 0px 0px 15px; outline: none !important;\">Opcionais:<\/p>\n<p style=\"margin-bottom: 0px; border: 0px; vertical-align: baseline; padding: 0px 0px 15px; outline: none !important;\">&nbsp;<\/p>\n<p style=\"margin-bottom: 0px; border: 0px; vertical-align: baseline; padding: 0px 0px 15px; outline: none !important;\">LDC-4L&nbsp;&#8211;&nbsp;<span style=\"font-weight: 700; border: 0px; vertical-align: baseline; margin: 0px; padding: 0px; outline: none !important;\">L\u00e2mina Desfiadora<\/span>&nbsp;\u2013 Lamina especial sem fio de corte,&nbsp;usada para desfiar frangos e carnes cozidas.<\/p>\n<p style=\"margin-bottom: 0px; border: 0px; vertical-align: baseline; padding: 0px 0px 15px; outline: none !important;\">RP-4L&nbsp;&#8211;&nbsp;<span style=\"font-weight: 700; border: 0px; vertical-align: baseline; margin: 0px; padding: 0px; outline: none !important;\">Raspador&nbsp;<\/span>\u2013 Bra\u00e7o raspador que pode ser acoplado a tampa.Raspe as laterais do copo, acelerando o&nbsp;preparo e deixando o resultado mais homog\u00eaneo. Ideal para receitas como pasta de amendoim e h\u00fammus.<\/p>\n<p style=\"margin-bottom: 0px; border: 0px; vertical-align: baseline; padding: 0px 0px 15px; outline: none !important;\"><\/p>\n<h3 class=\"title__info\" style=\"font-family: OpenSans; font-weight: 800; line-height: 20px; color: rgb(69, 69, 69); margin-right: 0px; margin-bottom: 20px; margin-left: 0px; font-size: 20px; border: 0px; vertical-align: baseline; padding: 0px; text-transform: uppercase; outline: none !important;\">CARACTER\u00cdSTICAS T\u00c9CNICAS<\/h3>\n<div class=\"box-table\" style=\"border: 0px; margin: 0px; padding: 0px; color: rgb(0, 0, 0); font-size: 15px; outline: none !important;\">\n<div class=\"row\" style=\"border: 0px; margin-top: 0px; margin-bottom: 0px; padding: 0px; outline: none !important;\">\n<div class=\"col-md-12\" style=\"border: 0px; margin: 0px; padding-top: 0px; padding-bottom: 0px; width: 538px; outline: none !important;\">\n<div class=\"item\" style=\"border-width: 1px 0px 0px; border-style: solid; border-color: rgb(187, 187, 187); border-image: initial; margin: 0px; padding: 10px 0px; color: rgb(77, 79, 80); font-size: 13px; min-height: 55px; line-height: 1.2; display: flex; flex-wrap: wrap; align-content: center; outline: none !important;\"><span style=\"font-weight: 700; border: 0px; vertical-align: baseline; margin: 0px 5px 0px 0px; padding: 0px; display: inline-block; outline: none !important;\">C\u00f3digo:<\/span>61453.0<\/div>\n<\/div>\n<div class=\"col-md-12\" style=\"border: 0px; margin: 0px; padding-top: 0px; padding-bottom: 0px; width: 538px; outline: none !important;\">\n<div class=\"item\" style=\"border-width: 1px 0px 0px; border-style: solid; border-color: rgb(187, 187, 187); border-image: initial; margin: 0px; padding: 10px 0px; color: rgb(77, 79, 80); font-size: 13px; min-height: 55px; line-height: 1.2; display: flex; flex-wrap: wrap; align-content: center; outline: none !important;\"><span style=\"font-weight: 700; border: 0px; vertical-align: baseline; margin: 0px 5px 0px 0px; padding: 0px; display: inline-block; outline: none !important;\">Modelo:<\/span>CR-4L<\/div>\n<\/div>\n<div class=\"col-md-12\" style=\"border: 0px; margin: 0px; padding-top: 0px; padding-bottom: 0px; width: 538px; outline: none !important;\">\n<div class=\"item\" style=\"border-width: 1px 0px 0px; border-style: solid; border-color: rgb(187, 187, 187); border-image: initial; margin: 0px; padding: 10px 0px; color: rgb(77, 79, 80); font-size: 13px; min-height: 55px; line-height: 1.2; display: flex; flex-wrap: wrap; align-content: center; outline: none !important;\"><span style=\"font-weight: 700; border: 0px; vertical-align: baseline; margin: 0px 5px 0px 0px; padding: 0px; display: inline-block; outline: none !important;\">Tens\u00e3o el\u00e9trica \/ frequ\u00eancia \/ fases:<\/span>220 V \/ 60 Hz \/ 1<\/div>\n<\/div>\n<div class=\"col-md-12\" style=\"border: 0px; margin: 0px; padding-top: 0px; padding-bottom: 0px; width: 538px; outline: none !important;\">\n<div class=\"item\" style=\"border-width: 1px 0px 0px; border-style: solid; border-color: rgb(187, 187, 187); border-image: initial; margin: 0px; padding: 10px 0px; color: rgb(77, 79, 80); font-size: 13px; min-height: 55px; line-height: 1.2; display: flex; flex-wrap: wrap; align-content: center; outline: none !important;\"><span style=\"font-weight: 700; border: 0px; vertical-align: baseline; margin: 0px 5px 0px 0px; padding: 0px; display: inline-block; outline: none !important;\">Pot\u00eancia nominal:<\/span>800 W<\/div>\n<\/div>\n<div class=\"col-md-12\" style=\"border: 0px; margin: 0px; padding-top: 0px; padding-bottom: 0px; width: 538px; outline: none !important;\">\n<div class=\"item\" style=\"border-width: 1px 0px 0px; border-style: solid; border-color: rgb(187, 187, 187); border-image: initial; margin: 0px; padding: 10px 0px; color: rgb(77, 79, 80); font-size: 13px; min-height: 55px; line-height: 1.2; display: flex; flex-wrap: wrap; align-content: center; outline: none !important;\"><span style=\"font-weight: 700; border: 0px; vertical-align: baseline; margin: 0px 5px 0px 0px; padding: 0px; display: inline-block; outline: none !important;\">Pot\u00eancia do motor:<\/span>0,5 CV<\/div>\n<\/div>\n<div class=\"col-md-12\" style=\"border: 0px; margin: 0px; padding-top: 0px; padding-bottom: 0px; width: 538px; outline: none !important;\">\n<div class=\"item\" style=\"border-width: 1px 0px 0px; border-style: solid; border-color: rgb(187, 187, 187); border-image: initial; margin: 0px; padding: 10px 0px; color: rgb(77, 79, 80); font-size: 13px; min-height: 55px; line-height: 1.2; display: flex; flex-wrap: wrap; align-content: center; outline: none !important;\"><span style=\"font-weight: 700; border: 0px; vertical-align: baseline; margin: 0px 5px 0px 0px; padding: 0px; display: inline-block; outline: none !important;\">Consumo:<\/span>0,8 kW\u00b7h<\/div>\n<\/div>\n<div class=\"col-md-12\" style=\"border: 0px; margin: 0px; padding-top: 0px; padding-bottom: 0px; width: 538px; outline: none !important;\">\n<div class=\"item\" style=\"border-width: 1px 0px 0px; border-style: solid; border-color: rgb(187, 187, 187); border-image: initial; margin: 0px; padding: 10px 0px; color: rgb(77, 79, 80); font-size: 13px; min-height: 55px; line-height: 1.2; display: flex; flex-wrap: wrap; align-content: center; outline: none !important;\"><span style=\"font-weight: 700; border: 0px; vertical-align: baseline; margin: 0px 5px 0px 0px; padding: 0px; display: inline-block; outline: none !important;\">Dimens\u00f5es (AxLxP):<\/span>465 x 265 x 275 mm<\/div>\n<\/div>\n<div class=\"col-md-12\" style=\"border: 0px; margin: 0px; padding-top: 0px; padding-bottom: 0px; width: 538px; outline: none !important;\">\n<div class=\"item\" style=\"border-width: 1px 0px 0px; border-style: solid; border-color: rgb(187, 187, 187); border-image: initial; margin: 0px; padding: 10px 0px; color: rgb(77, 79, 80); font-size: 13px; min-height: 55px; line-height: 1.2; display: flex; flex-wrap: wrap; align-content: center; outline: none !important;\"><span style=\"font-weight: 700; border: 0px; vertical-align: baseline; margin: 0px 5px 0px 0px; padding: 0px; display: inline-block; outline: none !important;\">Dimens\u00f5es da embalagem (AxLxP):<\/span>530 x 320 x 320 mm<\/div>\n<\/div>\n<div class=\"col-md-12\" style=\"border: 0px; margin: 0px; padding-top: 0px; padding-bottom: 0px; width: 538px; outline: none !important;\">\n<div class=\"item\" style=\"border-width: 1px 0px 0px; border-style: solid; border-color: rgb(187, 187, 187); border-image: initial; margin: 0px; padding: 10px 0px; color: rgb(77, 79, 80); font-size: 13px; min-height: 55px; line-height: 1.2; display: flex; flex-wrap: wrap; align-content: center; outline: none !important;\"><span style=\"font-weight: 700; border: 0px; vertical-align: baseline; margin: 0px 5px 0px 0px; padding: 0px; display: inline-block; outline: none !important;\">Peso l\u00edquido \/ bruto:<\/span>15,35 kg \/ 16,60 kg<\/div>\n<\/div>\n<div class=\"col-md-12\" style=\"border: 0px; margin: 0px; padding-top: 0px; padding-bottom: 0px; width: 538px; outline: none !important;\">\n<div class=\"item\" style=\"border-width: 1px 0px 0px; border-style: solid; border-color: rgb(187, 187, 187); border-image: initial; margin: 0px; padding: 10px 0px; color: rgb(77, 79, 80); font-size: 13px; min-height: 55px; line-height: 1.2; display: flex; flex-wrap: wrap; align-content: center; outline: none !important;\"><span style=\"font-weight: 700; border: 0px; vertical-align: baseline; margin: 0px 5px 0px 0px; padding: 0px; display: inline-block; outline: none !important;\">Rota\u00e7\u00e3o:<\/span>1.750 rpm<\/div>\n<\/div>\n<div class=\"col-md-12\" style=\"border: 0px; margin: 0px; padding-top: 0px; padding-bottom: 0px; width: 538px; outline: none !important;\">\n<div class=\"item\" style=\"border-width: 1px 0px 0px; border-style: solid; border-color: rgb(187, 187, 187); border-image: initial; margin: 0px; padding: 10px 0px; color: rgb(77, 79, 80); font-size: 13px; min-height: 55px; line-height: 1.2; display: flex; flex-wrap: wrap; align-content: center; outline: none !important;\"><span style=\"font-weight: 700; border: 0px; vertical-align: baseline; margin: 0px 5px 0px 0px; padding: 0px; display: inline-block; outline: none !important;\">Volume do bojo:<\/span>4 L<\/div>\n<\/div>\n<div class=\"col-md-12\" style=\"border: 0px; margin: 0px; padding-top: 0px; padding-bottom: 0px; width: 538px; outline: none !important;\">\n<div class=\"item\" style=\"border-width: 1px 0px 0px; border-style: solid; border-color: rgb(187, 187, 187); border-image: initial; margin: 0px; padding: 10px 0px; color: rgb(77, 79, 80); font-size: 13px; min-height: 55px; line-height: 1.2; display: flex; flex-wrap: wrap; align-content: center; outline: none !important;\"><span style=\"font-weight: 700; border: 0px; vertical-align: baseline; margin: 0px 5px 0px 0px; padding: 0px; display: inline-block; outline: none !important;\">Classifica\u00e7\u00e3o fiscal (NCM):<\/span>84386000<\/div>\n<\/div>\n<div class=\"col-md-12\" style=\"border: 0px; margin: 0px; padding-top: 0px; padding-bottom: 0px; width: 538px; outline: none !important;\">\n<div class=\"item\" style=\"border-width: 1px 0px 0px; border-style: solid; border-color: rgb(187, 187, 187); border-image: initial; margin: 0px; padding: 10px 0px; color: rgb(77, 79, 80); font-size: 13px; min-height: 55px; line-height: 1.2; display: flex; flex-wrap: wrap; align-content: center; outline: none !important;\"><span style=\"font-weight: 700; border: 0px; vertical-align: baseline; margin: 0px 5px 0px 0px; padding: 0px; display: inline-block; outline: none !important;\">EAN-13:<\/span>7895707614536<\/div>\n<\/div>\n<\/div>\n<\/div>\n<\/div>\n","protected":false},"excerpt":{"rendered":"<p>CR-4L CUTTER INOX, 4 LITROS O&nbsp;processador de alimentos Cutter&nbsp;da&nbsp;Skymsen&nbsp;\u00e9 um equipamento de alta performance, ideal para quem deseja ter uma produ\u00e7\u00e3o de alimentos r\u00e1pida, pr\u00e1tica e sem esfor\u00e7o, objetivando otimizar os processos para garantir a qualidade dos pratos de forma \u00e1gil e satisfat\u00f3ria. &nbsp; Toda a entrega de performance do&nbsp;processador de alimentos Cutter&nbsp;\u00e9 alcan\u00e7ada atrav\u00e9s [&hellip;]<\/p>\n","protected":false},"featured_media":12354,"comment_status":"open","ping_status":"closed","template":"","meta":[],"product_brand":[],"product_cat":[302,440],"product_tag":[715],"class_list":{"0":"post-12355","1":"product","2":"type-product","3":"status-publish","4":"has-post-thumbnail","6":"product_cat-cutter","7":"product_cat-maquinas","8":"product_tag-cutter-4l-industrial-skymsen-220v","10":"first","11":"instock","12":"shipping-taxable","13":"purchasable","14":"product-type-simple"},"_links":{"self":[{"href":"https:\/\/twsites.com.br\/novomigcenter\/index.php?rest_route=\/wp\/v2\/product\/12355","targetHints":{"allow":["GET"]}}],"collection":[{"href":"https:\/\/twsites.com.br\/novomigcenter\/index.php?rest_route=\/wp\/v2\/product"}],"about":[{"href":"https:\/\/twsites.com.br\/novomigcenter\/index.php?rest_route=\/wp\/v2\/types\/product"}],"replies":[{"embeddable":true,"href":"https:\/\/twsites.com.br\/novomigcenter\/index.php?rest_route=%2Fwp%2Fv2%2Fcomments&post=12355"}],"wp:featuredmedia":[{"embeddable":true,"href":"https:\/\/twsites.com.br\/novomigcenter\/index.php?rest_route=\/wp\/v2\/media\/12354"}],"wp:attachment":[{"href":"https:\/\/twsites.com.br\/novomigcenter\/index.php?rest_route=%2Fwp%2Fv2%2Fmedia&parent=12355"}],"wp:term":[{"taxonomy":"product_brand","embeddable":true,"href":"https:\/\/twsites.com.br\/novomigcenter\/index.php?rest_route=%2Fwp%2Fv2%2Fproduct_brand&post=12355"},{"taxonomy":"product_cat","embeddable":true,"href":"https:\/\/twsites.com.br\/novomigcenter\/index.php?rest_route=%2Fwp%2Fv2%2Fproduct_cat&post=12355"},{"taxonomy":"product_tag","embeddable":true,"href":"https:\/\/twsites.com.br\/novomigcenter\/index.php?rest_route=%2Fwp%2Fv2%2Fproduct_tag&post=12355"}],"curies":[{"name":"wp","href":"https:\/\/api.w.org\/{rel}","templated":true}]}}