{"id":12357,"date":"2018-05-16T15:52:31","date_gmt":"2018-05-16T15:52:31","guid":{"rendered":"https:\/\/twsites.com.br\/novomigcenter\/?product=frangueira-progas-30-frangos"},"modified":"2018-05-16T15:52:31","modified_gmt":"2018-05-16T15:52:31","slug":"frangueira-progas-30-frangos","status":"publish","type":"product","link":"https:\/\/twsites.com.br\/novomigcenter\/?product=frangueira-progas-30-frangos","title":{"rendered":"Forno Industrial Rotativo 30 Frangos Prog\u00e1s Style PR-631N"},"content":{"rendered":"<p dir=\"ltr\" style=\"line-height:1.38;margin-top:0pt;margin-bottom:0pt;\"><span style=\"font-size: 14px; font-family: Arial; font-weight: 700; vertical-align: baseline; white-space: pre-wrap;\">Forno Industrial 30 Frangos Prog\u00e1s Style PR-631N<\/span><\/p>\n<p dir=\"ltr\" style=\"line-height:1.38;margin-top:0pt;margin-bottom:0pt;\"><span style=\"font-size: 14px; font-family: Arial; vertical-align: baseline; white-space: pre-wrap;\"> <\/span><\/p>\n<p dir=\"ltr\" style=\"line-height:1.38;margin-top:0pt;margin-bottom:0pt;\"><span style=\"font-size: 14px; font-family: Arial; vertical-align: baseline; white-space: pre-wrap;\">O <\/span><span style=\"font-size: 14px; font-family: Arial; font-weight: 700; vertical-align: baseline; white-space: pre-wrap;\">Prog\u00e1s Style PR-631N<\/span><span style=\"font-size: 14px; font-family: Arial; vertical-align: baseline; white-space: pre-wrap;\"> \u00e9 indicado para uso no com\u00e9rcio tem capacidade de assar <\/span><span style=\"font-size: 14px; font-family: Arial; font-weight: 700; vertical-align: baseline; white-space: pre-wrap;\">30 frangos<\/span><span style=\"font-size: 14px; font-family: Arial; vertical-align: baseline; white-space: pre-wrap;\"> com consumo baixo de 0,38 Kw\/h, econ\u00f4mica e um a \u00f3tima op\u00e7\u00e3o para incrementar seu neg\u00f3cio.<\/span><\/p>\n<p dir=\"ltr\" style=\"line-height:1.38;margin-top:0pt;margin-bottom:0pt;\"><span style=\"font-size: 14px;\">&nbsp;<\/span><\/p>\n<p dir=\"ltr\" style=\"line-height:1.38;margin-top:0pt;margin-bottom:0pt;\"><span style=\"font-size: 14px; font-family: Arial; vertical-align: baseline; white-space: pre-wrap;\">Um <\/span><span style=\"font-size: 14px; font-family: Arial; font-weight: 700; vertical-align: baseline; white-space: pre-wrap;\">forno industrial<\/span><span style=\"font-size: 14px; font-family: Arial; vertical-align: baseline; white-space: pre-wrap;\"> com fundo auto limpante e rod\u00edzios.<\/span><\/p>\n<p dir=\"ltr\" style=\"line-height:1.38;margin-top:0pt;margin-bottom:0pt;\"><span style=\"font-size: 14px;\">&nbsp;<\/span><\/p>\n<p dir=\"ltr\" style=\"line-height:1.38;margin-top:0pt;margin-bottom:0pt;\"><span style=\"font-size: 14px; font-family: Arial; font-weight: 700; vertical-align: baseline; white-space: pre-wrap;\">Caracter\u00edsticas<\/span><\/p>\n<p dir=\"ltr\" style=\"line-height:1.38;margin-top:0pt;margin-bottom:0pt;\"><span style=\"font-size: 14px; font-family: Arial; vertical-align: baseline; white-space: pre-wrap;\"><b>Marca: <\/b>Prog\u00e1s<\/span><\/p>\n<p dir=\"ltr\" style=\"line-height:1.38;margin-top:0pt;margin-bottom:0pt;\"><span style=\"font-size: 14px; font-family: Arial; vertical-align: baseline; white-space: pre-wrap;\"><b>Modelo: <\/b>PR-631N<\/span><\/p>\n<p dir=\"ltr\" style=\"line-height:1.38;margin-top:0pt;margin-bottom:0pt;\"><span style=\"font-size: 14px; font-family: Arial; vertical-align: baseline; white-space: pre-wrap;\"><b>Ref.: <\/b>P24421<\/span><\/p>\n<p dir=\"ltr\" style=\"line-height:1.38;margin-top:0pt;margin-bottom:0pt;\"><span style=\"font-size: 14px; font-family: Arial; vertical-align: baseline; white-space: pre-wrap;\"><b>Aplica\u00e7\u00e3o: <\/b>Comercial<\/span><\/p>\n<p dir=\"ltr\" style=\"line-height:1.38;margin-top:0pt;margin-bottom:0pt;\"><span style=\"font-size: 14px; font-family: Arial; vertical-align: baseline; white-space: pre-wrap;\"> <\/span><\/p>\n<p dir=\"ltr\" style=\"line-height:1.38;margin-top:0pt;margin-bottom:0pt;\"><span style=\"font-size: 14px; font-family: Arial; font-weight: 700; vertical-align: baseline; white-space: pre-wrap;\">Especifica\u00e7\u00f5es:<\/span><\/p>\n<p dir=\"ltr\" style=\"line-height:1.38;margin-top:0pt;margin-bottom:0pt;\"><span style=\"font-size: 14px; font-family: Arial; vertical-align: baseline; white-space: pre-wrap;\"><b>N\u00ba de espetos: <\/b>6 (seis)<\/span><\/p>\n<p dir=\"ltr\" style=\"line-height:1.38;margin-top:0pt;margin-bottom:0pt;\"><span style=\"font-size: 14px; font-family: Arial; vertical-align: baseline; white-space: pre-wrap;\"><b>Capacidade: <\/b>30 frangos<\/span><\/p>\n<p dir=\"ltr\" style=\"line-height:1.38;margin-top:0pt;margin-bottom:0pt;\"><span style=\"font-size: 14px; font-family: Arial; vertical-align: baseline; white-space: pre-wrap;\"><b>Peso suportado: <\/b>aproximadamente 60 kg<\/span><\/p>\n<p dir=\"ltr\" style=\"line-height:1.38;margin-top:0pt;margin-bottom:0pt;\"><span style=\"font-size: 14px; font-family: Arial; vertical-align: baseline; white-space: pre-wrap;\">Acendimento manual, de cima para baixo;<\/span><\/p>\n<p dir=\"ltr\" style=\"line-height:1.38;margin-top:0pt;margin-bottom:0pt;\"><span style=\"font-size: 14px; font-family: Arial; vertical-align: baseline; white-space: pre-wrap;\">Estrutura em a\u00e7o inox escovado;<\/span><\/p>\n<p dir=\"ltr\" style=\"line-height:1.38;margin-top:0pt;margin-bottom:0pt;\"><span style=\"font-size: 14px; font-family: Arial; vertical-align: baseline; white-space: pre-wrap;\">Fundo interno esmaltado (auto limpante);<\/span><\/p>\n<p dir=\"ltr\" style=\"line-height:1.38;margin-top:0pt;margin-bottom:0pt;\"><span style=\"font-size: 14px; font-family: Arial; vertical-align: baseline; white-space: pre-wrap;\">Visores frontais;<\/span><\/p>\n<p dir=\"ltr\" style=\"line-height:1.38;margin-top:0pt;margin-bottom:0pt;\"><span style=\"font-size: 14px; font-family: Arial; vertical-align: baseline; white-space: pre-wrap;\">Vidro temperado;<\/span><\/p>\n<p dir=\"ltr\" style=\"line-height:1.38;margin-top:0pt;margin-bottom:0pt;\"><span style=\"font-size: 14px; font-family: Arial; vertical-align: baseline; white-space: pre-wrap;\">Rod\u00edzios para facilitar o deslocamento;<\/span><\/p>\n<p dir=\"ltr\" style=\"line-height:1.38;margin-top:0pt;margin-bottom:0pt;\"><span style=\"font-size: 14px; font-family: Arial; vertical-align: baseline; white-space: pre-wrap;\">Gaveta coletora de gordura;<\/span><\/p>\n<p dir=\"ltr\" style=\"line-height:1.38;margin-top:0pt;margin-bottom:0pt;\"><span style=\"font-size: 14px; font-family: Arial; vertical-align: baseline; white-space: pre-wrap;\">Queimadores infravermelhos;<\/span><\/p>\n<p dir=\"ltr\" style=\"line-height:1.38;margin-top:0pt;margin-bottom:0pt;\"><span style=\"font-size: 14px; font-family: Arial; vertical-align: baseline; white-space: pre-wrap;\">Espetos tipo Garfo.<\/span><\/p>\n<p dir=\"ltr\" style=\"line-height:1.38;margin-top:0pt;margin-bottom:0pt;\"><span style=\"font-size: 14px;\">&nbsp;<\/span><\/p>\n<p dir=\"ltr\" style=\"line-height:1.38;margin-top:0pt;margin-bottom:0pt;\"><span style=\"font-size: 14px; font-family: Arial; font-weight: 700; vertical-align: baseline; white-space: pre-wrap;\">Itens Inclusos<\/span><\/p>\n<p dir=\"ltr\" style=\"line-height:1.38;margin-top:0pt;margin-bottom:0pt;\"><span style=\"font-size: 14px; font-family: Arial; vertical-align: baseline; white-space: pre-wrap;\">1 Forno<\/span><\/p>\n<p dir=\"ltr\" style=\"line-height:1.38;margin-top:0pt;margin-bottom:0pt;\"><span style=\"font-size: 14px;\">&nbsp;<\/span><\/p>\n<p dir=\"ltr\" style=\"line-height:1.38;margin-top:0pt;margin-bottom:0pt;\"><span style=\"font-size: 14px; font-family: Arial; font-weight: 700; vertical-align: baseline; white-space: pre-wrap;\">Alimenta\u00e7\u00e3o<\/span><\/p>\n<p dir=\"ltr\" style=\"line-height:1.38;margin-top:0pt;margin-bottom:0pt;\"><span style=\"font-size: 14px; font-family: Arial; vertical-align: baseline; white-space: pre-wrap;\">Combust\u00edvel: G\u00e1s GLP<\/span><\/p>\n<p dir=\"ltr\" style=\"line-height:1.38;margin-top:0pt;margin-bottom:0pt;\"><span style=\"font-size: 14px; font-family: Arial; vertical-align: baseline; white-space: pre-wrap;\">Voltagem: &nbsp;Bivolt 110 ~ 220 V<\/span><\/p>\n<p dir=\"ltr\" style=\"line-height:1.38;margin-top:0pt;margin-bottom:0pt;\"><span style=\"font-size: 14px; font-family: Arial; vertical-align: baseline; white-space: pre-wrap;\">Motor monof\u00e1sico de \u00bc cv<\/span><\/p>\n<p dir=\"ltr\" style=\"line-height:1.38;margin-top:0pt;margin-bottom:0pt;\"><span style=\"font-size: 14px; font-family: Arial; vertical-align: baseline; white-space: pre-wrap;\">Consumo m\u00e9dio: 0,38 Kw\/h<\/span><\/p>\n<p dir=\"ltr\" style=\"line-height:1.38;margin-top:0pt;margin-bottom:0pt;\"><span style=\"font-size: 14px;\">&nbsp;<\/span><\/p>\n<p dir=\"ltr\" style=\"line-height:1.38;margin-top:0pt;margin-bottom:0pt;\"><span style=\"font-size: 14px; font-family: Arial; font-weight: 700; vertical-align: baseline; white-space: pre-wrap;\">Dimens\u00f5es<\/span><\/p>\n<p dir=\"ltr\" style=\"line-height:1.38;margin-top:0pt;margin-bottom:0pt;\"><span style=\"font-size: 14px; font-family: Arial; vertical-align: baseline; white-space: pre-wrap;\">Tamanho externo (AxLxP): 168 x 113 x 47 cm <\/span><\/p>\n<p dir=\"ltr\" style=\"line-height:1.38;margin-top:0pt;margin-bottom:0pt;\"><span style=\"font-size: 14px; font-family: Arial; vertical-align: baseline; white-space: pre-wrap;\">Tamanho interno (AxLxP): 119 x 85 x 36 cm <\/span><\/p>\n<p dir=\"ltr\" style=\"line-height:1.38;margin-top:0pt;margin-bottom:0pt;\"><span style=\"font-size: 14px; font-family: Arial; vertical-align: baseline; white-space: pre-wrap;\">Peso: 64,8 Kg<\/span><\/p>\n<p dir=\"ltr\" style=\"line-height:1.38;margin-top:0pt;margin-bottom:0pt;\"><span style=\"font-size: 14px; font-family: Arial; vertical-align: baseline; white-space: pre-wrap;\"> <\/span><\/p>\n<p><span id=\"docs-internal-guid-a1f068fe-668f-80ce-af02-4623bfd27102\"><\/span><\/p>\n<p dir=\"ltr\" style=\"line-height:1.38;margin-top:0pt;margin-bottom:0pt;\"><span style=\"font-size: 14px; font-family: Arial; font-weight: 700; vertical-align: baseline; white-space: pre-wrap;\">Garantia:<\/span><span style=\"font-size: 14px; font-family: Arial; vertical-align: baseline; white-space: pre-wrap;\"> 6 meses<\/span><\/p>\n","protected":false},"excerpt":{"rendered":"<p>Forno Industrial 30 Frangos Prog\u00e1s Style PR-631N O Prog\u00e1s Style PR-631N \u00e9 indicado para uso no com\u00e9rcio tem capacidade de assar 30 frangos com consumo baixo de 0,38 Kw\/h, econ\u00f4mica e um a \u00f3tima op\u00e7\u00e3o para incrementar seu neg\u00f3cio. &nbsp; Um forno industrial com fundo auto limpante e rod\u00edzios. &nbsp; Caracter\u00edsticas Marca: Prog\u00e1s Modelo: PR-631N [&hellip;]<\/p>\n","protected":false},"featured_media":12356,"comment_status":"open","ping_status":"closed","template":"","meta":[],"product_brand":[],"product_cat":[309],"product_tag":[716],"class_list":{"0":"post-12357","1":"product","2":"type-product","3":"status-publish","4":"has-post-thumbnail","6":"product_cat-frangueira","7":"product_tag-forno-industrial-rotativo-30-frangos-progas-style-pr-631n","9":"first","10":"instock","11":"shipping-taxable","12":"purchasable","13":"product-type-simple"},"_links":{"self":[{"href":"https:\/\/twsites.com.br\/novomigcenter\/index.php?rest_route=\/wp\/v2\/product\/12357","targetHints":{"allow":["GET"]}}],"collection":[{"href":"https:\/\/twsites.com.br\/novomigcenter\/index.php?rest_route=\/wp\/v2\/product"}],"about":[{"href":"https:\/\/twsites.com.br\/novomigcenter\/index.php?rest_route=\/wp\/v2\/types\/product"}],"replies":[{"embeddable":true,"href":"https:\/\/twsites.com.br\/novomigcenter\/index.php?rest_route=%2Fwp%2Fv2%2Fcomments&post=12357"}],"wp:featuredmedia":[{"embeddable":true,"href":"https:\/\/twsites.com.br\/novomigcenter\/index.php?rest_route=\/wp\/v2\/media\/12356"}],"wp:attachment":[{"href":"https:\/\/twsites.com.br\/novomigcenter\/index.php?rest_route=%2Fwp%2Fv2%2Fmedia&parent=12357"}],"wp:term":[{"taxonomy":"product_brand","embeddable":true,"href":"https:\/\/twsites.com.br\/novomigcenter\/index.php?rest_route=%2Fwp%2Fv2%2Fproduct_brand&post=12357"},{"taxonomy":"product_cat","embeddable":true,"href":"https:\/\/twsites.com.br\/novomigcenter\/index.php?rest_route=%2Fwp%2Fv2%2Fproduct_cat&post=12357"},{"taxonomy":"product_tag","embeddable":true,"href":"https:\/\/twsites.com.br\/novomigcenter\/index.php?rest_route=%2Fwp%2Fv2%2Fproduct_tag&post=12357"}],"curies":[{"name":"wp","href":"https:\/\/api.w.org\/{rel}","templated":true}]}}