{"id":12403,"date":"2018-05-21T13:03:02","date_gmt":"2018-05-21T13:03:02","guid":{"rendered":"https:\/\/twsites.com.br\/novomigcenter\/?product=multi-mix-capacidade-de-ate-5kg-de-massa-arke"},"modified":"2018-05-21T13:03:02","modified_gmt":"2018-05-21T13:03:02","slug":"multi-mix-capacidade-de-ate-5kg-de-massa-arke","status":"publish","type":"product","link":"https:\/\/twsites.com.br\/novomigcenter\/?product=multi-mix-capacidade-de-ate-5kg-de-massa-arke","title":{"rendered":"Multi Mix (capacidade de at\u00e9 5kg de massa) &#8211; Arke"},"content":{"rendered":"<div class=\"title part-title\"><font face=\"Arial\"><span style=\"font-size: 14px;\"><b>Especifica\u00e7\u00f5es T\u00e9cnicas                 <\/b><\/span><\/font><\/div>\n<p><span style=\"font-size: 14px;\">                 <\/span><\/p>\n<div class=\"content\"><span style=\"font-size: 14px;\">                                             <\/span><\/p>\n<div class=\"item\"><span style=\"font-size: 14px;\">                             <\/span><\/p>\n<div class=\"left\"><font face=\"Arial\"><span style=\"font-size: 14px;\"><b>Capacidade <\/b><\/span><\/font><\/div>\n<p><span style=\"font-size: 14px;\">                             <\/span><\/p>\n<div class=\"right\"><font face=\"Arial\"><span style=\"font-size: 14px;\">5kg de massa pronta<\/span><\/font><\/div>\n<p><span style=\"font-size: 14px;\">                         <\/span><\/div>\n<p><span style=\"font-size: 14px;\">                                             <\/span><\/p>\n<div class=\"item\"><span style=\"font-size: 14px;\">                             <\/span><\/p>\n<div class=\"left\"><font face=\"Arial\"><span style=\"font-size: 14px;\"><b>Cilindros laminadores cromados <\/b><\/span><\/font><\/div>\n<p><span style=\"font-size: 14px;\">                             <\/span><\/p>\n<div class=\"right\"><font face=\"Arial\"><span style=\"font-size: 14px;\">Largura: 300mm | Di\u00e2metro: 57mm | Abertura entre cilindros: 8mm<\/span><\/font><\/div>\n<p><span style=\"font-size: 14px;\">                         <\/span><\/div>\n<p><span style=\"font-size: 14px;\">                                             <\/span><\/p>\n<div class=\"item\"><span style=\"font-size: 14px;\">                             <\/span><\/p>\n<div class=\"left\"><font face=\"Arial\"><span style=\"font-size: 14px;\"><b>Frequ\u00eancia <\/b><\/span><\/font><\/div>\n<p><span style=\"font-size: 14px;\">                             <\/span><\/p>\n<div class=\"right\"><font face=\"Arial\"><span style=\"font-size: 14px;\">60 Hz<\/span><\/font><\/div>\n<p><span style=\"font-size: 14px;\">                         <\/span><\/div>\n<p><span style=\"font-size: 14px;\">                                             <\/span><\/p>\n<div class=\"item\"><span style=\"font-size: 14px;\">                             <\/span><\/p>\n<div class=\"left\"><font face=\"Arial\"><span style=\"font-size: 14px;\"><b>Medida da Caixa dos acess\u00f3rios (mm) AxLxP <\/b><\/span><\/font><\/div>\n<p><span style=\"font-size: 14px;\">                             <\/span><\/p>\n<div class=\"right\"><font face=\"Arial\"><span style=\"font-size: 14px;\">345 x 615 x 345<\/span><\/font><\/div>\n<p><span style=\"font-size: 14px;\">                         <\/span><\/div>\n<p><span style=\"font-size: 14px;\">                                             <\/span><\/p>\n<div class=\"item\"><span style=\"font-size: 14px;\">                             <\/span><\/p>\n<div class=\"left\"><font face=\"Arial\"><span style=\"font-size: 14px;\"><b>Medidas da Caixa (mm) AxLxP <\/b><\/span><\/font><\/div>\n<p><span style=\"font-size: 14px;\">                             <\/span><\/p>\n<div class=\"right\"><font face=\"Arial\"><span style=\"font-size: 14px;\">365 x 490 x 410<\/span><\/font><\/div>\n<p><span style=\"font-size: 14px;\">                         <\/span><\/div>\n<p><span style=\"font-size: 14px;\">                                             <\/span><\/p>\n<div class=\"item\"><span style=\"font-size: 14px;\">                             <\/span><\/p>\n<div class=\"left\"><font face=\"Arial\"><span style=\"font-size: 14px;\"><b>Medidas do produto (mm) AxLxP <\/b><\/span><\/font><\/div>\n<p><span style=\"font-size: 14px;\">                             <\/span><\/p>\n<div class=\"right\"><font face=\"Arial\"><span style=\"font-size: 14px;\">320 x 455 x 330<\/span><\/font><\/div>\n<p><span style=\"font-size: 14px;\">                         <\/span><\/div>\n<p><span style=\"font-size: 14px;\">                                             <\/span><\/p>\n<div class=\"item\"><span style=\"font-size: 14px;\">                             <\/span><\/p>\n<div class=\"left\"><font face=\"Arial\"><span style=\"font-size: 14px;\"><b>Motor <\/b><\/span><\/font><\/div>\n<p><span style=\"font-size: 14px;\">                             <\/span><\/p>\n<div class=\"right\"><font face=\"Arial\"><span style=\"font-size: 14px;\">1\/2 cv<\/span><\/font><\/div>\n<p><span style=\"font-size: 14px;\">                         <\/span><\/div>\n<p><span style=\"font-size: 14px;\">                                             <\/span><\/p>\n<div class=\"item\"><span style=\"font-size: 14px;\">                             <\/span><\/p>\n<div class=\"left\"><font face=\"Arial\"><span style=\"font-size: 14px;\"><b>Peso l\u00edquido <\/b><\/span><\/font><\/div>\n<p><span style=\"font-size: 14px;\">                             <\/span><\/p>\n<div class=\"right\"><font face=\"Arial\"><span style=\"font-size: 14px;\">41kg<\/span><\/font><\/div>\n<p><span style=\"font-size: 14px;\">                         <\/span><\/div>\n<p><span style=\"font-size: 14px;\">                                             <\/span><\/p>\n<div class=\"item\"><span style=\"font-size: 14px;\">                             <\/span><\/p>\n<div class=\"left\"><font face=\"Arial\"><span style=\"font-size: 14px;\"><b>Pot\u00eancia do aparelho <\/b><\/span><\/font><\/div>\n<p><span style=\"font-size: 14px;\">                             <\/span><\/p>\n<div class=\"right\"><font face=\"Arial\"><span style=\"font-size: 14px;\">415\/340 W<\/span><\/font><\/div>\n<p><span style=\"font-size: 14px;\">                         <\/span><\/div>\n<p><span style=\"font-size: 14px;\">                                             <\/span><\/p>\n<div class=\"item\"><span style=\"font-size: 14px;\">                             <\/span><\/p>\n<div class=\"left\"><font face=\"Arial\"><span style=\"font-size: 14px;\"><b>Rota\u00e7\u00e3o de trabalho dos acess\u00f3rios <\/b><\/span><\/font><\/div>\n<p><span style=\"font-size: 14px;\">                             <\/span><\/p>\n<div class=\"right\"><font face=\"Arial\"><span style=\"font-size: 14px;\">82 rpm<\/span><\/font><\/div>\n<p><span style=\"font-size: 14px;\">                         <\/span><\/div>\n<p><span style=\"font-size: 14px;\">                                             <\/span><\/p>\n<div class=\"item\"><span style=\"font-size: 14px;\">                             <\/span><\/p>\n<div class=\"left\"><font face=\"Arial\"><span style=\"font-size: 14px;\"><b>Tens\u00e3o <\/b><\/span><\/font><\/div>\n<p><span style=\"font-size: 14px;\">                             <\/span><\/p>\n<div class=\"right\"><font face=\"Arial\"><span style=\"font-size: 14px;\">127\/220 V<\/span><\/font><\/div>\n<\/p><\/div>\n<\/div>\n","protected":false},"excerpt":{"rendered":"<p>Especifica\u00e7\u00f5es T\u00e9cnicas Capacidade 5kg de massa pronta Cilindros laminadores cromados Largura: 300mm | Di\u00e2metro: 57mm | Abertura entre cilindros: 8mm Frequ\u00eancia 60 Hz Medida da Caixa dos acess\u00f3rios (mm) AxLxP 345 x 615 x 345 Medidas da Caixa (mm) AxLxP 365 x 490 x 410 Medidas do produto (mm) AxLxP 320 x 455 x 330 [&hellip;]<\/p>\n","protected":false},"featured_media":12398,"comment_status":"open","ping_status":"closed","template":"","meta":[],"product_brand":[],"product_cat":[317,440],"product_tag":[734],"class_list":{"0":"post-12403","1":"product","2":"type-product","3":"status-publish","4":"has-post-thumbnail","6":"product_cat-sova-facil-massa","7":"product_cat-maquinas","8":"product_tag-multi-mix-capacidade-de-ate-5kg-de-massa-arke","10":"first","11":"instock","12":"shipping-taxable","13":"purchasable","14":"product-type-simple"},"_links":{"self":[{"href":"https:\/\/twsites.com.br\/novomigcenter\/index.php?rest_route=\/wp\/v2\/product\/12403","targetHints":{"allow":["GET"]}}],"collection":[{"href":"https:\/\/twsites.com.br\/novomigcenter\/index.php?rest_route=\/wp\/v2\/product"}],"about":[{"href":"https:\/\/twsites.com.br\/novomigcenter\/index.php?rest_route=\/wp\/v2\/types\/product"}],"replies":[{"embeddable":true,"href":"https:\/\/twsites.com.br\/novomigcenter\/index.php?rest_route=%2Fwp%2Fv2%2Fcomments&post=12403"}],"wp:featuredmedia":[{"embeddable":true,"href":"https:\/\/twsites.com.br\/novomigcenter\/index.php?rest_route=\/wp\/v2\/media\/12398"}],"wp:attachment":[{"href":"https:\/\/twsites.com.br\/novomigcenter\/index.php?rest_route=%2Fwp%2Fv2%2Fmedia&parent=12403"}],"wp:term":[{"taxonomy":"product_brand","embeddable":true,"href":"https:\/\/twsites.com.br\/novomigcenter\/index.php?rest_route=%2Fwp%2Fv2%2Fproduct_brand&post=12403"},{"taxonomy":"product_cat","embeddable":true,"href":"https:\/\/twsites.com.br\/novomigcenter\/index.php?rest_route=%2Fwp%2Fv2%2Fproduct_cat&post=12403"},{"taxonomy":"product_tag","embeddable":true,"href":"https:\/\/twsites.com.br\/novomigcenter\/index.php?rest_route=%2Fwp%2Fv2%2Fproduct_tag&post=12403"}],"curies":[{"name":"wp","href":"https:\/\/api.w.org\/{rel}","templated":true}]}}