{"id":12405,"date":"2018-05-21T15:35:45","date_gmt":"2018-05-21T15:35:45","guid":{"rendered":"https:\/\/twsites.com.br\/novomigcenter\/?product=gira-grill-5-espetos"},"modified":"2018-05-21T15:35:45","modified_gmt":"2018-05-21T15:35:45","slug":"gira-grill-5-espetos","status":"publish","type":"product","link":"https:\/\/twsites.com.br\/novomigcenter\/?product=gira-grill-5-espetos","title":{"rendered":"Assador A G\u00e1s Rotativo 5 Espetos &#8211; VITTA PREMIUM &#8211; Arke"},"content":{"rendered":"<div class=\"content\">\n<div class=\"item\">\n<div class=\"left\">Garantia <\/div>\n<div class=\"right\">6 meses<\/div>\n<\/p><\/div>\n<div class=\"item\">\n<div class=\"left\">Acendimento <\/div>\n<div class=\"right\">Autom\u00e1tico<\/div>\n<\/p><\/div>\n<div class=\"item\">\n<div class=\"left\">Aplica\u00e7\u00e3o do aparelho <\/div>\n<div class=\"right\">Assamento de carnes em geral (salsich\u00e3o, carne de gado, su\u00edna, frango, peixe) <\/div>\n<\/p><\/div>\n<div class=\"item\">\n<div class=\"left\">Consumo de g\u00e1s <\/div>\n<div class=\"right\"> 200 g\/h (por queimador)<\/div>\n<\/p><\/div>\n<div class=\"item\">\n<div class=\"left\">Giro dos espetos <\/div>\n<div class=\"right\"> 6 rpm<\/div>\n<\/p><\/div>\n<div class=\"item\">\n<div class=\"left\">Medida dos espetos <\/div>\n<div class=\"right\"> 450mm de l\u00e2mina + 120mm de cabo = 570mm<\/div>\n<\/p><\/div>\n<div class=\"item\">\n<div class=\"left\">Medidas da Caixa <\/div>\n<div class=\"right\">Altura = 740mm | Largura = 600mm | Profundidade = 400 mm <\/div>\n<\/p><\/div>\n<div class=\"item\">\n<div class=\"left\">Medidas <\/div>\n<div class=\"right\">Altura: 670mm | Largura: 550mm | Profundidade: 370mm <\/div>\n<\/p><\/div>\n<div class=\"item\">\n<div class=\"left\">Peso <\/div>\n<div class=\"right\">23,78kg<\/div>\n<\/p><\/div>\n<div class=\"item\">\n<div class=\"left\">Pot\u00eancia do Motor <\/div>\n<div class=\"right\">30W<\/div>\n<\/p><\/div>\n<div class=\"item\">\n<div class=\"left\">Quantidade de queimadores <\/div>\n<div class=\"right\">2<\/div>\n<\/p><\/div>\n<div class=\"item\">\n<div class=\"left\">Voltagem <\/div>\n<div class=\"right\">Bi-volt<\/div>\n<\/p><\/div>\n<\/div>\n","protected":false},"excerpt":{"rendered":"<p>Garantia 6 meses Acendimento Autom\u00e1tico Aplica\u00e7\u00e3o do aparelho Assamento de carnes em geral (salsich\u00e3o, carne de gado, su\u00edna, frango, peixe) Consumo de g\u00e1s 200 g\/h (por queimador) Giro dos espetos 6 rpm Medida dos espetos 450mm de l\u00e2mina + 120mm de cabo = 570mm Medidas da Caixa Altura = 740mm | Largura = 600mm | [&hellip;]<\/p>\n","protected":false},"featured_media":12404,"comment_status":"open","ping_status":"closed","template":"","meta":[],"product_brand":[],"product_cat":[311,440],"product_tag":[735],"class_list":{"0":"post-12405","1":"product","2":"type-product","3":"status-publish","4":"has-post-thumbnail","6":"product_cat-gira-grill","7":"product_cat-maquinas","8":"product_tag-assador-a-gas-rotativo-5-espetos-vitta-premium-arke","10":"first","11":"instock","12":"shipping-taxable","13":"purchasable","14":"product-type-simple"},"_links":{"self":[{"href":"https:\/\/twsites.com.br\/novomigcenter\/index.php?rest_route=\/wp\/v2\/product\/12405","targetHints":{"allow":["GET"]}}],"collection":[{"href":"https:\/\/twsites.com.br\/novomigcenter\/index.php?rest_route=\/wp\/v2\/product"}],"about":[{"href":"https:\/\/twsites.com.br\/novomigcenter\/index.php?rest_route=\/wp\/v2\/types\/product"}],"replies":[{"embeddable":true,"href":"https:\/\/twsites.com.br\/novomigcenter\/index.php?rest_route=%2Fwp%2Fv2%2Fcomments&post=12405"}],"wp:featuredmedia":[{"embeddable":true,"href":"https:\/\/twsites.com.br\/novomigcenter\/index.php?rest_route=\/wp\/v2\/media\/12404"}],"wp:attachment":[{"href":"https:\/\/twsites.com.br\/novomigcenter\/index.php?rest_route=%2Fwp%2Fv2%2Fmedia&parent=12405"}],"wp:term":[{"taxonomy":"product_brand","embeddable":true,"href":"https:\/\/twsites.com.br\/novomigcenter\/index.php?rest_route=%2Fwp%2Fv2%2Fproduct_brand&post=12405"},{"taxonomy":"product_cat","embeddable":true,"href":"https:\/\/twsites.com.br\/novomigcenter\/index.php?rest_route=%2Fwp%2Fv2%2Fproduct_cat&post=12405"},{"taxonomy":"product_tag","embeddable":true,"href":"https:\/\/twsites.com.br\/novomigcenter\/index.php?rest_route=%2Fwp%2Fv2%2Fproduct_tag&post=12405"}],"curies":[{"name":"wp","href":"https:\/\/api.w.org\/{rel}","templated":true}]}}