{"id":12459,"date":"2018-05-30T11:33:02","date_gmt":"2018-05-30T11:33:02","guid":{"rendered":"https:\/\/twsites.com.br\/novomigcenter\/?product=maquina-de-gelo-em-escama-c-2-depositos-180kg-everest"},"modified":"2018-05-30T11:33:02","modified_gmt":"2018-05-30T11:33:02","slug":"maquina-de-gelo-em-escama-c-2-depositos-180kg-everest","status":"publish","type":"product","link":"https:\/\/twsites.com.br\/novomigcenter\/?product=maquina-de-gelo-em-escama-c-2-depositos-180kg-everest","title":{"rendered":"M\u00e1quina de Gelo em Escama C\/  2 Dep\u00f3sitos 180kg &#8211; Everest"},"content":{"rendered":"<p><span style=\"font-family: -webkit-standard;\">Tipo de Gelo<\/span><span style=\"font-family: -webkit-standard; font-size: medium;\"><\/span><\/p>\n<div style=\"font-family: -webkit-standard;\">Gelo em Escama<\/div>\n<p><span style=\"font-family: -webkit-standard;\">Medida Total<\/span><span style=\"font-family: -webkit-standard; font-size: medium;\"><\/span><\/p>\n<div class=\"tipo_medida\" style=\"font-family: -webkit-standard;\">A<\/div>\n<div class=\"valor_medida\" style=\"font-family: -webkit-standard;\">168 cm<\/div>\n<div class=\"clear\" style=\"font-family: -webkit-standard;\"><\/div>\n<div class=\"tipo_medida\" style=\"font-family: -webkit-standard;\">L<\/div>\n<div class=\"valor_medida\" style=\"font-family: -webkit-standard;\">93 cm<\/div>\n<div class=\"clear\" style=\"font-family: -webkit-standard;\"><\/div>\n<div class=\"tipo_medida\" style=\"font-family: -webkit-standard;\">P<\/div>\n<div class=\"valor_medida\" style=\"font-family: -webkit-standard;\">97 cm<\/div>\n<div class=\"clear\" style=\"font-family: -webkit-standard;\"><\/div>\n<p><span style=\"font-family: -webkit-standard;\">Capacidade do Dep\u00f3sito<\/span><span style=\"font-family: -webkit-standard; font-size: medium;\"><\/span><\/p>\n<div style=\"font-family: -webkit-standard;\">180 KG<\/div>\n<div style=\"font-family: -webkit-standard;\"><\/div>\n<div style=\"font-family: -webkit-standard;\">\n<div class=\"tabs_conteudo\">\n<p><strong>Gabinete<\/strong><br \/>A\u00e7o inox com dep\u00f3sito<\/p>\n<p><strong>Produ\u00e7\u00e3o (KG\/24 horas em temperatura ambiente)<\/strong><br \/>22\u00b0C: 692 KG<br \/>27\u00b0C: 636 KG<br \/>32\u00b0C: 584 KG<br \/>37\u00b0C: 520 KG<\/p>\n<p><strong>Peso da m\u00e1quina sem embalagem<\/strong><br \/>199 KG *<\/p>\n<p><strong>Tens\u00e3o<\/strong><br \/>220V<\/p>\n<p><strong>HP Nominal<\/strong><br \/>2X 1 1\/4<\/p>\n<p><strong>* Para m\u00e1quinas de gelo com tens\u00e3o 127V, adicionar 2KG.<\/strong><\/p>\n<p><strong>Medida<\/strong><br \/>Altura 168 CM |Largura: 93 CM | Profundidade: 97 CM<\/p>\n<p><strong>Gabinete<\/strong><br \/>A\u00e7o inox<\/p>\n<p><strong>Capacidade do dep\u00f3sito<\/strong><br \/>180 KG<\/p>\n<p><strong>Peso da m\u00e1quina sem embalagem<\/strong><br \/>199 KG<\/p>\n<\/div>\n<\/div>\n","protected":false},"excerpt":{"rendered":"<p>Tipo de Gelo Gelo em Escama Medida Total A 168 cm L 93 cm P 97 cm Capacidade do Dep\u00f3sito 180 KG GabineteA\u00e7o inox com dep\u00f3sito Produ\u00e7\u00e3o (KG\/24 horas em temperatura ambiente)22\u00b0C: 692 KG27\u00b0C: 636 KG32\u00b0C: 584 KG37\u00b0C: 520 KG Peso da m\u00e1quina sem embalagem199 KG * Tens\u00e3o220V HP Nominal2X 1 1\/4 * Para m\u00e1quinas [&hellip;]<\/p>\n","protected":false},"featured_media":12458,"comment_status":"open","ping_status":"closed","template":"","meta":[],"product_brand":[],"product_cat":[329,442],"product_tag":[759],"class_list":{"0":"post-12459","1":"product","2":"type-product","3":"status-publish","4":"has-post-thumbnail","6":"product_cat-maquina-de-gelo","7":"product_cat-refrigeracao","8":"product_tag-maquina-de-gelo-em-escama-c-2-depositos-180kg-everest","10":"first","11":"instock","12":"shipping-taxable","13":"purchasable","14":"product-type-simple"},"_links":{"self":[{"href":"https:\/\/twsites.com.br\/novomigcenter\/index.php?rest_route=\/wp\/v2\/product\/12459","targetHints":{"allow":["GET"]}}],"collection":[{"href":"https:\/\/twsites.com.br\/novomigcenter\/index.php?rest_route=\/wp\/v2\/product"}],"about":[{"href":"https:\/\/twsites.com.br\/novomigcenter\/index.php?rest_route=\/wp\/v2\/types\/product"}],"replies":[{"embeddable":true,"href":"https:\/\/twsites.com.br\/novomigcenter\/index.php?rest_route=%2Fwp%2Fv2%2Fcomments&post=12459"}],"wp:featuredmedia":[{"embeddable":true,"href":"https:\/\/twsites.com.br\/novomigcenter\/index.php?rest_route=\/wp\/v2\/media\/12458"}],"wp:attachment":[{"href":"https:\/\/twsites.com.br\/novomigcenter\/index.php?rest_route=%2Fwp%2Fv2%2Fmedia&parent=12459"}],"wp:term":[{"taxonomy":"product_brand","embeddable":true,"href":"https:\/\/twsites.com.br\/novomigcenter\/index.php?rest_route=%2Fwp%2Fv2%2Fproduct_brand&post=12459"},{"taxonomy":"product_cat","embeddable":true,"href":"https:\/\/twsites.com.br\/novomigcenter\/index.php?rest_route=%2Fwp%2Fv2%2Fproduct_cat&post=12459"},{"taxonomy":"product_tag","embeddable":true,"href":"https:\/\/twsites.com.br\/novomigcenter\/index.php?rest_route=%2Fwp%2Fv2%2Fproduct_tag&post=12459"}],"curies":[{"name":"wp","href":"https:\/\/api.w.org\/{rel}","templated":true}]}}