{"id":12555,"date":"2018-07-11T19:21:15","date_gmt":"2018-07-11T19:21:15","guid":{"rendered":"https:\/\/twsites.com.br\/novomigcenter\/?product=expositor-horizontal-pop-3-10m-acougue-popular-gaps-310"},"modified":"2018-07-11T19:21:15","modified_gmt":"2018-07-11T19:21:15","slug":"expositor-horizontal-pop-3-10m-acougue-popular-gaps-310","status":"publish","type":"product","link":"https:\/\/twsites.com.br\/novomigcenter\/?product=expositor-horizontal-pop-3-10m-acougue-popular-gaps-310","title":{"rendered":"Expositor Horizontal \u201cPOP\u201d 3.10m  A\u00e7ougue Popular -Gaps 310"},"content":{"rendered":"<p class=\"MsoNormal\" style=\"margin-bottom:6.75pt;line-height:normal\"><span style=\"font-size: 14pt;\"><font face=\"Arial\"><span style=\"font-size: 14px;\">\u25aa Refrigera\u00e7\u00e3o e exposi\u00e7\u00e3o de carnes (n\u00e3o congeladas)<\/span><o:p><\/o:p><\/font><\/span><\/p>\n<p class=\"MsoNormal\" style=\"margin-bottom:6.75pt;line-height:normal\"><font face=\"Arial\"><b><span style=\"font-size: 14px;\">\u25aa Temperatura:<\/span><\/b><span style=\"font-size: 14pt;\"><span style=\"font-size: 14px;\">&nbsp;+1\u00b0 a +7\u00b0C<\/span><o:p><\/o:p><\/span><\/font><\/p>\n<p class=\"MsoNormal\" style=\"margin-bottom:6.75pt;line-height:normal\"><font face=\"Arial\"><b><span style=\"font-size: 14px;\">\u25aa Refrigera\u00e7\u00e3o:&nbsp;<\/span><\/b><span style=\"font-size: 14pt;\"><span style=\"font-size: 14px;\">Est\u00e1tica com serpentina aletada na parte superior e placa fria embutida na base<\/span><o:p><\/o:p><\/span><\/font><\/p>\n<p class=\"MsoNormal\" style=\"margin-bottom:6.75pt;line-height:normal\"><font face=\"Arial\"><b><span style=\"font-size: 14px;\">\u25aa Controle de Temperatura:&nbsp;<\/span><\/b><span style=\"font-size: 14pt;\"><span style=\"font-size: 14px;\">Termostato<\/span><o:p><\/o:p><\/span><\/font><\/p>\n<p class=\"MsoNormal\" style=\"margin-bottom:6.75pt;line-height:normal\"><span style=\"font-size: 14pt;\"><font face=\"Arial\"><span style=\"font-size: 14px;\">\u25aa Term\u00f4metro anal\u00f3gico<\/span><o:p><\/o:p><\/font><\/span><\/p>\n<p class=\"MsoNormal\" style=\"margin-bottom:6.75pt;line-height:normal\"><span style=\"font-size: 14pt;\"><font face=\"Arial\"><b><span style=\"font-size: 14px;\">\u25aa Degelo: <\/span><\/b><span style=\"font-size: 14px;\">Manual<\/span><o:p><\/o:p><\/font><\/span><\/p>\n<p class=\"MsoNormal\" style=\"margin-bottom:6.75pt;line-height:normal\"><font face=\"Arial\"><b><span style=\"font-size: 14px;\">\u25aa Ilumina\u00e7\u00e3o:<\/span><\/b><span style=\"font-size: 14pt;\"><span style=\"font-size: 14px;\">&nbsp;LED (interna), com interruptor<\/span><o:p><\/o:p><\/span><\/font><\/p>\n<p class=\"MsoNormal\" style=\"margin-bottom:6.75pt;line-height:normal\"><font face=\"Arial\"><b><span style=\"font-size: 14px;\">\u25aa Tendal:<\/span><\/b><span style=\"font-size: 14pt;\"><span style=\"font-size: 14px;\">&nbsp;Simples em alum\u00ednio com ganchos<\/span><o:p><\/o:p><\/span><\/font><\/p>\n<p class=\"MsoNormal\" style=\"margin-bottom:6.75pt;line-height:normal\"><font face=\"Arial\"><b><span style=\"font-size: 14px;\">\u25aa Cabeceira:&nbsp;<\/span><\/b><span style=\"font-size: 14pt;\"><span style=\"font-size: 14px;\">externo em a\u00e7o pr\u00e9-pintado, interno pl\u00e1stico<\/span><o:p><\/o:p><\/span><\/font><\/p>\n<p class=\"MsoNormal\" style=\"margin-bottom:6.75pt;line-height:normal\"><span style=\"font-size: 14pt;\"><font face=\"Arial\"><span style=\"font-size: 14px;\">\u25aa Revestimento externo cinza e interno branco<\/span><o:p><\/o:p><\/font><\/span><\/p>\n<p class=\"MsoNormal\" style=\"margin-bottom:6.75pt;line-height:normal\"><span style=\"font-size: 14pt;\"><font face=\"Arial\"><span style=\"font-size: 14px;\">\u25aa P\u00e9s regul\u00e1veis<\/span><o:p><\/o:p><\/font><\/span><\/p>\n<p class=\"MsoNormal\" style=\"margin-bottom:6.75pt;line-height:normal\"><span style=\"font-size: 14pt;\"><font face=\"Arial\"><span style=\"font-size: 14px;\">\u25aa Vidros temperados sujeitos a condensa\u00e7\u00e3o da umidade do ar<\/span><o:p><\/o:p><\/font><\/span><\/p>\n<p class=\"MsoNormal\" style=\"margin-bottom:6.75pt;line-height:normal\"><font face=\"Arial\"><b><span style=\"font-size: 14px;\">\u25aa Opcional:&nbsp;<\/span><\/b><span style=\"font-size: 14pt;\"><span style=\"font-size: 14px;\">Bandejas em a\u00e7o inox 430<\/span><o:p><\/o:p><\/span><\/font><\/p>\n<p class=\"MsoNormal\" style=\"margin-bottom:6.75pt;line-height:normal;mso-outline-level: 7\"><font face=\"Arial\"><b><span style=\"font-size: 14px;\">Medidas<\/span><\/b><span style=\"font-size: 14pt;\"><o:p><\/o:p><\/span><\/font><\/p>\n<p class=\"MsoNormal\" style=\"margin-bottom:6.75pt;line-height:normal;mso-outline-level: 7\"><span style=\"font-size: 14pt;\"><font face=\"Arial\"><span style=\"font-size: 14px;\">Frente (mm) 3093<\/span><o:p><\/o:p><\/font><\/span><\/p>\n<p class=\"MsoNormal\" style=\"margin-bottom:6.75pt;line-height:normal;mso-outline-level: 7\"><span style=\"font-size: 14pt;\"><font face=\"Arial\"><span style=\"font-size: 14px;\">Profundidade (mm) 929<\/span><o:p><\/o:p><\/font><\/span><\/p>\n<p class=\"MsoNormal\" style=\"margin-bottom:6.75pt;line-height:normal;mso-outline-level: 7\"><span style=\"font-size: 14pt;\"><font face=\"Arial\"><span style=\"font-size: 14px;\">Altura (mm) 1461<\/span><o:p><\/o:p><\/font><\/span><\/p>\n<p class=\"MsoNormal\" style=\"margin-bottom:6.75pt;line-height:normal;mso-outline-level: 7\"><span style=\"font-size: 14pt;\"><font face=\"Arial\"><span style=\"font-size: 14px;\">Peso bruto (kg) 220<\/span><o:p><\/o:p><\/font><\/span><\/p>\n<p class=\"MsoNormal\" style=\"margin-bottom:6.75pt;line-height:normal;mso-outline-level: 7\"><span style=\"font-size: 14pt;\"><font face=\"Arial\"><span style=\"font-size: 14px;\">Tens\u00e3o (V) 127 220<\/span><o:p><\/o:p><\/font><\/span><\/p>\n<p class=\"MsoNormal\" style=\"margin-bottom:6.75pt;line-height:normal;mso-outline-level: 7\"><span style=\"font-size: 14pt;\"><font face=\"Arial\"><span style=\"font-size: 14px;\">Frequ\u00eancia (Hz) 60 50 ou 60<\/span><o:p><\/o:p><\/font><\/span><\/p>\n<p class=\"MsoNormal\" style=\"margin-bottom:6.75pt;line-height:normal;mso-outline-level: 7\"><span style=\"font-size: 14pt;\"><font face=\"Arial\"><span style=\"font-size: 14px;\">Consumo kWh\/dia 17,95<\/span><o:p><\/o:p><\/font><\/span><\/p>\n<p class=\"MsoNormal\" style=\"margin-bottom:6.75pt;line-height:normal;mso-outline-level: 7\"><span style=\"font-size: 14px;\"><font face=\"Arial\">Classe 4<\/font><\/span><span style=\"font-size: 14pt; font-family: &quot;Times New Roman&quot;, serif;\"><o:p><\/o:p><\/span><\/p>\n<\/p>\n<p class=\"MsoNormal\"><o:p>&nbsp;<\/o:p><\/p>\n","protected":false},"excerpt":{"rendered":"<p>\u25aa Refrigera\u00e7\u00e3o e exposi\u00e7\u00e3o de carnes (n\u00e3o congeladas) \u25aa Temperatura:&nbsp;+1\u00b0 a +7\u00b0C \u25aa Refrigera\u00e7\u00e3o:&nbsp;Est\u00e1tica com serpentina aletada na parte superior e placa fria embutida na base \u25aa Controle de Temperatura:&nbsp;Termostato \u25aa Term\u00f4metro anal\u00f3gico \u25aa Degelo: Manual \u25aa Ilumina\u00e7\u00e3o:&nbsp;LED (interna), com interruptor \u25aa Tendal:&nbsp;Simples em alum\u00ednio com ganchos \u25aa Cabeceira:&nbsp;externo em a\u00e7o pr\u00e9-pintado, interno pl\u00e1stico \u25aa [&hellip;]<\/p>\n","protected":false},"featured_media":12554,"comment_status":"open","ping_status":"closed","template":"","meta":[],"product_brand":[],"product_cat":[359,419,435],"product_tag":[],"class_list":{"0":"post-12555","1":"product","2":"type-product","3":"status-publish","4":"has-post-thumbnail","6":"product_cat-balcao-expositor","7":"product_cat-linha-gelopar","8":"product_cat-acougue","10":"first","11":"instock","12":"shipping-taxable","13":"purchasable","14":"product-type-simple"},"_links":{"self":[{"href":"https:\/\/twsites.com.br\/novomigcenter\/index.php?rest_route=\/wp\/v2\/product\/12555","targetHints":{"allow":["GET"]}}],"collection":[{"href":"https:\/\/twsites.com.br\/novomigcenter\/index.php?rest_route=\/wp\/v2\/product"}],"about":[{"href":"https:\/\/twsites.com.br\/novomigcenter\/index.php?rest_route=\/wp\/v2\/types\/product"}],"replies":[{"embeddable":true,"href":"https:\/\/twsites.com.br\/novomigcenter\/index.php?rest_route=%2Fwp%2Fv2%2Fcomments&post=12555"}],"wp:featuredmedia":[{"embeddable":true,"href":"https:\/\/twsites.com.br\/novomigcenter\/index.php?rest_route=\/wp\/v2\/media\/12554"}],"wp:attachment":[{"href":"https:\/\/twsites.com.br\/novomigcenter\/index.php?rest_route=%2Fwp%2Fv2%2Fmedia&parent=12555"}],"wp:term":[{"taxonomy":"product_brand","embeddable":true,"href":"https:\/\/twsites.com.br\/novomigcenter\/index.php?rest_route=%2Fwp%2Fv2%2Fproduct_brand&post=12555"},{"taxonomy":"product_cat","embeddable":true,"href":"https:\/\/twsites.com.br\/novomigcenter\/index.php?rest_route=%2Fwp%2Fv2%2Fproduct_cat&post=12555"},{"taxonomy":"product_tag","embeddable":true,"href":"https:\/\/twsites.com.br\/novomigcenter\/index.php?rest_route=%2Fwp%2Fv2%2Fproduct_tag&post=12555"}],"curies":[{"name":"wp","href":"https:\/\/api.w.org\/{rel}","templated":true}]}}