{"id":12571,"date":"2018-07-17T11:12:00","date_gmt":"2018-07-17T11:12:00","guid":{"rendered":"https:\/\/twsites.com.br\/novomigcenter\/?product=moedor-de-carne-boca-22-gural-mgi-22"},"modified":"2018-07-17T11:12:00","modified_gmt":"2018-07-17T11:12:00","slug":"moedor-de-carne-boca-22-gural-mgi-22","status":"publish","type":"product","link":"https:\/\/twsites.com.br\/novomigcenter\/?product=moedor-de-carne-boca-22-gural-mgi-22","title":{"rendered":"Moedor de Carne boca 22 &#8211; Gural"},"content":{"rendered":"<p class=\"font_7\" style=\"font-family: -webkit-standard; font-size: 14px;\"><span class=\"color_19\" style=\"font-family: arial, &quot;\uff4d\uff53 \uff50\u30b4\u30b7\u30c3\u30af&quot;, &quot;ms pgothic&quot;, \ub3cb\uc6c0, dotum, helvetica, sans-serif; font-weight: bold;\">Especifica\u00e7\u00f5es<\/span><\/p>\n<p class=\"font_7\" style=\"font-family: -webkit-standard; font-size: 14px;\"><span style=\"font-weight: bold;\"><span class=\"color_19\" style=\"font-family: arial, &quot;\uff4d\uff53 \uff50\u30b4\u30b7\u30c3\u30af&quot;, &quot;ms pgothic&quot;, \ub3cb\uc6c0, dotum, helvetica, sans-serif;\"><span class=\"wixGuard\">\u200b<\/span><\/span><\/span><\/p>\n<p class=\"font_8\" style=\"font-family: -webkit-standard; font-size: 14px;\"><span style=\"font-weight: bold;\"><span style=\"color: rgb(7, 59, 112);\">&#8211; Sensor de seguran\u00e7a.<\/span><\/span><\/p>\n<p class=\"font_8\" style=\"font-family: -webkit-standard; font-size: 14px;\"><span style=\"font-weight: bold;\"><span style=\"color: rgb(7, 59, 112);\">&#8211; Bandeja em a\u00e7o inox.<\/span><\/span><\/p>\n<p class=\"font_8\" style=\"font-family: -webkit-standard; font-size: 14px;\"><span style=\"font-weight: bold;\"><span style=\"color: rgb(7, 59, 112);\">&#8211; Gabinete em a\u00e7o inox escovado 430.<\/span><\/span><\/p>\n<p class=\"font_8\" style=\"font-family: -webkit-standard; font-size: 14px;\"><span style=\"font-weight: bold;\"><span style=\"color: rgb(7, 59, 112);\">&#8211; Sistema de seguran\u00e7a conforme NR 12.<\/span><\/span><\/p>\n<p class=\"font_7\" style=\"font-family: -webkit-standard; font-size: 14px;\"><span class=\"wixGuard\">\u200b<\/span><\/p>\n<p class=\"font_7\" style=\"font-family: -webkit-standard; font-size: 14px;\"><span class=\"color_19\"><span style=\"font-family: arial, &quot;\uff4d\uff53 \uff50\u30b4\u30b7\u30c3\u30af&quot;, &quot;ms pgothic&quot;, \ub3cb\uc6c0, dotum, helvetica, sans-serif;\"><span style=\"font-weight: bold;\">Capacidade de moagem:&nbsp;<\/span>300 kg\/hora<br \/><span style=\"font-weight: bold;\">Comprimento com o cabe\u00e7ote:<\/span>690 mm<br \/><span style=\"font-weight: bold;\">Largura:&nbsp;<\/span>420 mm<br \/><span style=\"font-weight: bold;\">Altura:<\/span>495 mm<br \/><span style=\"font-weight: bold;\">Dimens\u00f5es da bandeja (Comprimento, largura e profundidade):&nbsp;<\/span>465 x 314 x 39 mm<br \/><span style=\"font-weight: bold;\">Peso:&nbsp;<\/span>46 kg<br \/><span style=\"font-weight: bold;\">Tens\u00e3o el\u00e9trica:&nbsp;<\/span>220V (Monof\u00e1sico)<br \/><span style=\"font-weight: bold;\">Pot\u00eancia do motor:&nbsp;<\/span>1,25 cv<br \/><span style=\"font-weight: bold;\">Frequ\u00eancia:&nbsp;<\/span>60 Hz&nbsp;<span style=\"font-weight: bold;\">&nbsp;&nbsp;<\/span><\/span><\/span><\/p>\n","protected":false},"excerpt":{"rendered":"<p>Especifica\u00e7\u00f5es \u200b &#8211; Sensor de seguran\u00e7a. &#8211; Bandeja em a\u00e7o inox. &#8211; Gabinete em a\u00e7o inox escovado 430. &#8211; Sistema de seguran\u00e7a conforme NR 12. \u200b Capacidade de moagem:&nbsp;300 kg\/horaComprimento com o cabe\u00e7ote:690 mmLargura:&nbsp;420 mmAltura:495 mmDimens\u00f5es da bandeja (Comprimento, largura e profundidade):&nbsp;465 x 314 x 39 mmPeso:&nbsp;46 kgTens\u00e3o el\u00e9trica:&nbsp;220V (Monof\u00e1sico)Pot\u00eancia do motor:&nbsp;1,25 cvFrequ\u00eancia:&nbsp;60 Hz&nbsp;&nbsp;&nbsp;<\/p>\n","protected":false},"featured_media":12570,"comment_status":"open","ping_status":"closed","template":"","meta":[],"product_brand":[],"product_cat":[362,435],"product_tag":[],"class_list":{"0":"post-12571","1":"product","2":"type-product","3":"status-publish","4":"has-post-thumbnail","6":"product_cat-moedor-de-carne","7":"product_cat-acougue","9":"first","10":"instock","11":"shipping-taxable","12":"purchasable","13":"product-type-simple"},"_links":{"self":[{"href":"https:\/\/twsites.com.br\/novomigcenter\/index.php?rest_route=\/wp\/v2\/product\/12571","targetHints":{"allow":["GET"]}}],"collection":[{"href":"https:\/\/twsites.com.br\/novomigcenter\/index.php?rest_route=\/wp\/v2\/product"}],"about":[{"href":"https:\/\/twsites.com.br\/novomigcenter\/index.php?rest_route=\/wp\/v2\/types\/product"}],"replies":[{"embeddable":true,"href":"https:\/\/twsites.com.br\/novomigcenter\/index.php?rest_route=%2Fwp%2Fv2%2Fcomments&post=12571"}],"wp:featuredmedia":[{"embeddable":true,"href":"https:\/\/twsites.com.br\/novomigcenter\/index.php?rest_route=\/wp\/v2\/media\/12570"}],"wp:attachment":[{"href":"https:\/\/twsites.com.br\/novomigcenter\/index.php?rest_route=%2Fwp%2Fv2%2Fmedia&parent=12571"}],"wp:term":[{"taxonomy":"product_brand","embeddable":true,"href":"https:\/\/twsites.com.br\/novomigcenter\/index.php?rest_route=%2Fwp%2Fv2%2Fproduct_brand&post=12571"},{"taxonomy":"product_cat","embeddable":true,"href":"https:\/\/twsites.com.br\/novomigcenter\/index.php?rest_route=%2Fwp%2Fv2%2Fproduct_cat&post=12571"},{"taxonomy":"product_tag","embeddable":true,"href":"https:\/\/twsites.com.br\/novomigcenter\/index.php?rest_route=%2Fwp%2Fv2%2Fproduct_tag&post=12571"}],"curies":[{"name":"wp","href":"https:\/\/api.w.org\/{rel}","templated":true}]}}