{"id":12643,"date":"2018-12-10T14:45:41","date_gmt":"2018-12-10T14:45:41","guid":{"rendered":"https:\/\/twsites.com.br\/novomigcenter\/?product=tc-32-colorado-sirman"},"modified":"2018-12-10T14:45:41","modified_gmt":"2018-12-10T14:45:41","slug":"tc-32-colorado-sirman","status":"publish","type":"product","link":"https:\/\/twsites.com.br\/novomigcenter\/?product=tc-32-colorado-sirman","title":{"rendered":"Moedor de Carne Sirman Tc32 Colorado"},"content":{"rendered":"<p>\u2022 Estrutura do equipamento totalmente em a\u00e7o inox AISI 304. \u2022 Potente motor IP 55 com ventila\u00e7\u00e3o incorporada para uso cont\u00ednuo. \u2022 Redutor do picador de carne em banho de \u00f3leo com engrenagens retificadas. \u2022 Redutor com duplo sistema de prote\u00e7\u00e3o anti l\u00edquidos. \u2022 R\u00e1pida fixa\u00e7\u00e3o do bocal sem ferramentas. \u2022 Grupo de pe\u00e7as que entram em contato com a carne em a\u00e7o inox totalmente remov\u00edveis e de f\u00e1cil limpeza. \u2022 Cuba remov\u00edvel dotada de sistema de seguran\u00e7a. \u2022 Painel de controle 24 Volts IP 54 com invers\u00e3o. Opcionais: \u2022 Bocal Unger parcial ou total. \u2022 Painel de controle em inox IP 67.<\/p>\n","protected":false},"excerpt":{"rendered":"<p>\u2022 Estrutura do equipamento totalmente em a\u00e7o inox AISI 304. \u2022 Potente motor IP 55 com ventila\u00e7\u00e3o incorporada para uso cont\u00ednuo. \u2022 Redutor do picador de carne em banho de \u00f3leo com engrenagens retificadas. \u2022 Redutor com duplo sistema de prote\u00e7\u00e3o anti l\u00edquidos. \u2022 R\u00e1pida fixa\u00e7\u00e3o do bocal sem ferramentas. \u2022 Grupo de pe\u00e7as que [&hellip;]<\/p>\n","protected":false},"featured_media":12642,"comment_status":"open","ping_status":"closed","template":"","meta":[],"product_brand":[],"product_cat":[362,435],"product_tag":[],"class_list":{"0":"post-12643","1":"product","2":"type-product","3":"status-publish","4":"has-post-thumbnail","6":"product_cat-moedor-de-carne","7":"product_cat-acougue","9":"first","10":"instock","11":"shipping-taxable","12":"purchasable","13":"product-type-simple"},"_links":{"self":[{"href":"https:\/\/twsites.com.br\/novomigcenter\/index.php?rest_route=\/wp\/v2\/product\/12643","targetHints":{"allow":["GET"]}}],"collection":[{"href":"https:\/\/twsites.com.br\/novomigcenter\/index.php?rest_route=\/wp\/v2\/product"}],"about":[{"href":"https:\/\/twsites.com.br\/novomigcenter\/index.php?rest_route=\/wp\/v2\/types\/product"}],"replies":[{"embeddable":true,"href":"https:\/\/twsites.com.br\/novomigcenter\/index.php?rest_route=%2Fwp%2Fv2%2Fcomments&post=12643"}],"wp:featuredmedia":[{"embeddable":true,"href":"https:\/\/twsites.com.br\/novomigcenter\/index.php?rest_route=\/wp\/v2\/media\/12642"}],"wp:attachment":[{"href":"https:\/\/twsites.com.br\/novomigcenter\/index.php?rest_route=%2Fwp%2Fv2%2Fmedia&parent=12643"}],"wp:term":[{"taxonomy":"product_brand","embeddable":true,"href":"https:\/\/twsites.com.br\/novomigcenter\/index.php?rest_route=%2Fwp%2Fv2%2Fproduct_brand&post=12643"},{"taxonomy":"product_cat","embeddable":true,"href":"https:\/\/twsites.com.br\/novomigcenter\/index.php?rest_route=%2Fwp%2Fv2%2Fproduct_cat&post=12643"},{"taxonomy":"product_tag","embeddable":true,"href":"https:\/\/twsites.com.br\/novomigcenter\/index.php?rest_route=%2Fwp%2Fv2%2Fproduct_tag&post=12643"}],"curies":[{"name":"wp","href":"https:\/\/api.w.org\/{rel}","templated":true}]}}