{"id":12780,"date":"2020-03-19T15:47:26","date_gmt":"2020-03-19T15:47:26","guid":{"rendered":"https:\/\/twsites.com.br\/novomigcenter\/?product=balcao-caixa-popluxo-polofrio"},"modified":"2020-03-19T15:47:26","modified_gmt":"2020-03-19T15:47:26","slug":"balcao-caixa-popluxo-polofrio","status":"publish","type":"product","link":"https:\/\/twsites.com.br\/novomigcenter\/?product=balcao-caixa-popluxo-polofrio","title":{"rendered":"Balc\u00e3o Caixa Pop Luxo"},"content":{"rendered":"<p><strong><font face=\"Arial\"><span style=\"font-size: 14px;\">Principais caracter\u00edsticas:<\/span><\/font><\/strong><\/p>\n<\/p>\n<ul>\n<ul>\n<ul><\/ul>\n<\/ul>\n<p><font face=\"Arial\"><span style=\"font-size: 14px;\"> &nbsp;  <\/span><\/font><\/p>\n<ul>\n<ul><\/ul>\n<\/ul>\n<\/ul>\n<p><font face=\"Arial\"><span style=\"font-size: 14px;\">Atendimento e exposi\u00e7\u00e3o de produtos em condi\u00e7\u00e3o ambiente;<\/span><\/font><\/p>\n<p><font face=\"Arial\"><span style=\"font-size: 14px;\">P\u00e9s regul\u00e1veis;<\/span><\/font><\/p>\n<p><font face=\"Arial\"><span style=\"font-size: 14px;\">2 n\u00edveis de prateleiras em grades aramadas;<\/span><\/font><\/p>\n<p><font face=\"Arial\"><span style=\"font-size: 14px;\">Portas de correr em vidro;<\/span><\/font><\/p>\n<p><font face=\"Arial\"><span style=\"font-size: 14px;\">Guinch\u00ea em vidro desmont\u00e1vel;<\/span><\/font><\/p>\n<p><font face=\"Arial\"><span style=\"font-size: 14px;\">Gaveta com divis\u00f3rias para c\u00e9dulas;<\/span><\/font><\/p>\n<p><strong><font face=\"Arial\"><span style=\"font-size: 14px;\">Opcionais:<\/span><\/font><\/strong><\/p>\n<p><font face=\"Arial\"><span style=\"font-size: 14px;\">Vidro frontal reto ou semi curvo;<\/span><\/font><\/p>\n<p><font face=\"Arial\"><span style=\"font-size: 14px;\">Porta Branca linha refrigerada;<\/span><\/font><\/p>\n<p><b><font face=\"Arial\"><span style=\"font-size: 14px;\">Dispon\u00edveis nos Tamanhos 0.60m, 0.80m, 1.25m<\/span> <\/font><\/b><\/p>\n<p><b>CORES DISPON\u00cdVEIS<br \/><\/b><b><img decoding=\"async\" style=\"width: 218px;\" src=\"http:\/\/www.migcenter.com.br\/image\/catalog\/Polo frio\/Scripts\/Captura de Tela 2020-03-19 a\u0300s 15.40.14.png\"><\/b><\/p>\n<p><\/p>\n","protected":false},"excerpt":{"rendered":"<p>Principais caracter\u00edsticas: &nbsp; Atendimento e exposi\u00e7\u00e3o de produtos em condi\u00e7\u00e3o ambiente; P\u00e9s regul\u00e1veis; 2 n\u00edveis de prateleiras em grades aramadas; Portas de correr em vidro; Guinch\u00ea em vidro desmont\u00e1vel; Gaveta com divis\u00f3rias para c\u00e9dulas; Opcionais: Vidro frontal reto ou semi curvo; Porta Branca linha refrigerada; Dispon\u00edveis nos Tamanhos 0.60m, 0.80m, 1.25m CORES DISPON\u00cdVEIS<\/p>\n","protected":false},"featured_media":12778,"comment_status":"open","ping_status":"closed","template":"","meta":[],"product_brand":[],"product_cat":[319],"product_tag":[],"class_list":{"0":"post-12780","1":"product","2":"type-product","3":"status-publish","4":"has-post-thumbnail","6":"product_cat-balcao-de-caixa","8":"first","9":"instock","10":"shipping-taxable","11":"purchasable","12":"product-type-simple"},"_links":{"self":[{"href":"https:\/\/twsites.com.br\/novomigcenter\/index.php?rest_route=\/wp\/v2\/product\/12780","targetHints":{"allow":["GET"]}}],"collection":[{"href":"https:\/\/twsites.com.br\/novomigcenter\/index.php?rest_route=\/wp\/v2\/product"}],"about":[{"href":"https:\/\/twsites.com.br\/novomigcenter\/index.php?rest_route=\/wp\/v2\/types\/product"}],"replies":[{"embeddable":true,"href":"https:\/\/twsites.com.br\/novomigcenter\/index.php?rest_route=%2Fwp%2Fv2%2Fcomments&post=12780"}],"wp:featuredmedia":[{"embeddable":true,"href":"https:\/\/twsites.com.br\/novomigcenter\/index.php?rest_route=\/wp\/v2\/media\/12778"}],"wp:attachment":[{"href":"https:\/\/twsites.com.br\/novomigcenter\/index.php?rest_route=%2Fwp%2Fv2%2Fmedia&parent=12780"}],"wp:term":[{"taxonomy":"product_brand","embeddable":true,"href":"https:\/\/twsites.com.br\/novomigcenter\/index.php?rest_route=%2Fwp%2Fv2%2Fproduct_brand&post=12780"},{"taxonomy":"product_cat","embeddable":true,"href":"https:\/\/twsites.com.br\/novomigcenter\/index.php?rest_route=%2Fwp%2Fv2%2Fproduct_cat&post=12780"},{"taxonomy":"product_tag","embeddable":true,"href":"https:\/\/twsites.com.br\/novomigcenter\/index.php?rest_route=%2Fwp%2Fv2%2Fproduct_tag&post=12780"}],"curies":[{"name":"wp","href":"https:\/\/api.w.org\/{rel}","templated":true}]}}