{"id":12785,"date":"2020-03-19T16:28:52","date_gmt":"2020-03-19T16:28:52","guid":{"rendered":"https:\/\/twsites.com.br\/novomigcenter\/?product=balcao-refrigerado-polofrio-classic"},"modified":"2020-03-19T16:28:52","modified_gmt":"2020-03-19T16:28:52","slug":"balcao-refrigerado-polofrio-classic","status":"publish","type":"product","link":"https:\/\/twsites.com.br\/novomigcenter\/?product=balcao-refrigerado-polofrio-classic","title":{"rendered":"Balc\u00e3o Refrigerado Classic"},"content":{"rendered":"<p align=\"left\"><\/p>\n<p align=\"left\"><strong>Principais caracter\u00edsticas:<\/strong><\/p>\n<p align=\"left\">Refrigera\u00e7\u00e3o e exposi\u00e7\u00e3o de bebidas, frios e latic\u00ednios;<\/p>\n<p align=\"left\">Refrigera\u00e7\u00e3o: Est\u00e1tica com placa fria;<\/p>\n<p align=\"left\">Controle de temperatura: Termostato com degelo manual;<\/p>\n<p align=\"left\">P\u00e9s regul\u00e1veis;<\/p>\n<p align=\"left\">Grades aramadas para modelos de uma placa fria;<\/p>\n<div align=\"left\">\n<ul> &nbsp;  <\/ul>\n<\/div>\n<p align=\"left\"><strong>Opcionais:<\/strong><\/p>\n<p align=\"left\">Vidro frontal reto ou semi curvo;<\/p>\n<p align=\"left\">1 ou 2 placas frias.<\/p>\n<p align=\"left\"><b>Tamanhos Dispon\u00edveis: 1.00m,1.25m,1.50m,1.80m,2.00m<\/b><\/p>\n<p align=\"left\"><\/p>\n","protected":false},"excerpt":{"rendered":"<p>Principais caracter\u00edsticas: Refrigera\u00e7\u00e3o e exposi\u00e7\u00e3o de bebidas, frios e latic\u00ednios; Refrigera\u00e7\u00e3o: Est\u00e1tica com placa fria; Controle de temperatura: Termostato com degelo manual; P\u00e9s regul\u00e1veis; Grades aramadas para modelos de uma placa fria; &nbsp; Opcionais: Vidro frontal reto ou semi curvo; 1 ou 2 placas frias. Tamanhos Dispon\u00edveis: 1.00m,1.25m,1.50m,1.80m,2.00m<\/p>\n","protected":false},"featured_media":12783,"comment_status":"open","ping_status":"closed","template":"","meta":[],"product_brand":[],"product_cat":[322],"product_tag":[],"class_list":{"0":"post-12785","1":"product","2":"type-product","3":"status-publish","4":"has-post-thumbnail","6":"product_cat-balcao-refrigerado","8":"first","9":"instock","10":"shipping-taxable","11":"purchasable","12":"product-type-simple"},"_links":{"self":[{"href":"https:\/\/twsites.com.br\/novomigcenter\/index.php?rest_route=\/wp\/v2\/product\/12785","targetHints":{"allow":["GET"]}}],"collection":[{"href":"https:\/\/twsites.com.br\/novomigcenter\/index.php?rest_route=\/wp\/v2\/product"}],"about":[{"href":"https:\/\/twsites.com.br\/novomigcenter\/index.php?rest_route=\/wp\/v2\/types\/product"}],"replies":[{"embeddable":true,"href":"https:\/\/twsites.com.br\/novomigcenter\/index.php?rest_route=%2Fwp%2Fv2%2Fcomments&post=12785"}],"wp:featuredmedia":[{"embeddable":true,"href":"https:\/\/twsites.com.br\/novomigcenter\/index.php?rest_route=\/wp\/v2\/media\/12783"}],"wp:attachment":[{"href":"https:\/\/twsites.com.br\/novomigcenter\/index.php?rest_route=%2Fwp%2Fv2%2Fmedia&parent=12785"}],"wp:term":[{"taxonomy":"product_brand","embeddable":true,"href":"https:\/\/twsites.com.br\/novomigcenter\/index.php?rest_route=%2Fwp%2Fv2%2Fproduct_brand&post=12785"},{"taxonomy":"product_cat","embeddable":true,"href":"https:\/\/twsites.com.br\/novomigcenter\/index.php?rest_route=%2Fwp%2Fv2%2Fproduct_cat&post=12785"},{"taxonomy":"product_tag","embeddable":true,"href":"https:\/\/twsites.com.br\/novomigcenter\/index.php?rest_route=%2Fwp%2Fv2%2Fproduct_tag&post=12785"}],"curies":[{"name":"wp","href":"https:\/\/api.w.org\/{rel}","templated":true}]}}